Last updated on 2023-12-06 07:50:07 CET.
Flavor | Version | Tinstall | Tcheck | Ttotal | Status | Flags |
---|---|---|---|---|---|---|
r-devel-linux-x86_64-debian-clang | 0.4.0 | 10.43 | 153.03 | 163.46 | OK | |
r-devel-linux-x86_64-debian-gcc | 0.4.0 | 7.04 | 114.26 | 121.30 | OK | |
r-devel-linux-x86_64-fedora-clang | 0.4.0 | 201.89 | NOTE | |||
r-devel-linux-x86_64-fedora-gcc | 0.4.0 | 196.25 | NOTE | |||
r-devel-windows-x86_64 | 0.4.0 | 8.00 | 136.00 | 144.00 | OK | |
r-patched-linux-x86_64 | 0.4.0 | 12.08 | 149.83 | 161.91 | OK | |
r-release-linux-x86_64 | 0.4.0 | 8.62 | 152.13 | 160.75 | OK | |
r-release-macos-arm64 | 0.4.0 | 72.00 | OK | |||
r-release-macos-x86_64 | 0.4.0 | 124.00 | OK | |||
r-release-windows-x86_64 | 0.4.0 | 12.00 | 160.00 | 172.00 | OK | |
r-oldrel-macos-arm64 | 0.4.0 | 70.00 | OK | |||
r-oldrel-macos-x86_64 | 0.4.0 | 86.00 | NOTE | |||
r-oldrel-windows-x86_64 | 0.4.0 | 11.00 | 159.00 | 170.00 | OK |
Version: 0.4.0
Check: dependencies in R code
Result: NOTE
Namespace in Imports field not imported from: ‘mathjaxr’
All declared Imports should be used.
Flavors: r-devel-linux-x86_64-fedora-clang, r-devel-linux-x86_64-fedora-gcc, r-oldrel-macos-x86_64