CRAN Package Check Results for Package agroclim

Last updated on 2021-04-15 01:50:15 CEST.

Flavor Version Tinstall Tcheck Ttotal Status Flags
r-devel-linux-x86_64-debian-clang 0.1.0 14.50 129.68 144.18 OK
r-devel-linux-x86_64-debian-gcc 0.1.0 11.73 95.98 107.71 OK
r-devel-linux-x86_64-fedora-clang 0.1.0 176.28 NOTE
r-devel-linux-x86_64-fedora-gcc 0.1.0 164.94 NOTE
r-devel-windows-ix86+x86_64 0.1.0 34.00 182.00 216.00 OK
r-devel-windows-x86_64-gcc10-UCRT 0.1.0 NOTE
r-patched-linux-x86_64 0.1.0 14.87 119.80 134.67 OK
r-patched-solaris-x86 0.1.0 250.00 NOTE
r-release-linux-x86_64 0.1.0 14.22 120.55 134.77 OK
r-release-macos-x86_64 0.1.0 NOTE
r-release-windows-ix86+x86_64 0.1.0 38.00 174.00 212.00 OK
r-oldrel-macos-x86_64 0.1.0 NOTE
r-oldrel-windows-ix86+x86_64 0.1.0 22.00 126.00 148.00 OK

Check Details

Version: 0.1.0
Check: dependencies in R code
Result: NOTE
    Namespace in Imports field not imported from: ‘plyr’
     All declared Imports should be used.
Flavors: r-devel-linux-x86_64-fedora-clang, r-devel-linux-x86_64-fedora-gcc, r-devel-windows-x86_64-gcc10-UCRT, r-patched-solaris-x86, r-release-macos-x86_64, r-oldrel-macos-x86_64