CRAN Package Check Results for Package agua

Last updated on 2024-02-21 23:11:22 CET.

Flavor Version Tinstall Tcheck Ttotal Status Flags
r-devel-linux-x86_64-debian-clang 0.1.3 NOTE
r-devel-linux-x86_64-debian-gcc 0.1.3 17.00 141.55 158.55 NOTE
r-devel-linux-x86_64-fedora-clang 0.1.3 263.17 NOTE
r-devel-linux-x86_64-fedora-gcc 0.1.3 270.51 NOTE
r-devel-windows-x86_64 0.1.3 17.00 148.00 165.00 OK
r-patched-linux-x86_64 0.1.3 12.54 179.40 191.94 OK
r-release-linux-x86_64 0.1.3 15.48 179.54 195.02 OK
r-release-macos-arm64 0.1.3 83.00 OK
r-release-macos-x86_64 0.1.3 176.00 OK
r-release-windows-x86_64 0.1.3 23.00 209.00 232.00 OK
r-oldrel-macos-arm64 0.1.3 80.00 OK
r-oldrel-windows-x86_64 0.1.3 24.00 199.00 223.00 OK

Check Details

Version: 0.1.3
Check: Rd files
Result: NOTE checkRd: (-1) h2o_train.Rd:108: Lost braces 108 | \item{mtries}{Number of variables randomly sampled as candidates at each split. If set to -1, defaults to sqrt{p} for | ^ Flavors: r-devel-linux-x86_64-debian-clang, r-devel-linux-x86_64-debian-gcc, r-devel-linux-x86_64-fedora-clang, r-devel-linux-x86_64-fedora-gcc