CRAN Package Check Results for Package ahnr

Last updated on 2018-05-26 04:50:36 CEST.

Flavor Version Tinstall Tcheck Ttotal Status Flags
r-devel-linux-x86_64-debian-clang 0.2.0 2.31 71.58 73.89 OK
r-devel-linux-x86_64-debian-gcc 0.2.0 1.91 52.48 54.39 OK
r-devel-linux-x86_64-fedora-clang 0.2.0 89.74 OK
r-devel-linux-x86_64-fedora-gcc 0.2.0 80.37 OK
r-devel-windows-ix86+x86_64 0.2.0 5.00 77.00 82.00 OK
r-patched-linux-x86_64 0.2.0 2.15 65.94 68.09 OK
r-patched-solaris-x86 0.2.0 113.00 WARN
r-release-linux-x86_64 0.2.0 1.99 65.36 67.35 OK
r-release-windows-ix86+x86_64 0.2.0 7.00 106.00 113.00 OK
r-release-osx-x86_64 0.2.0 WARN
r-oldrel-windows-ix86+x86_64 0.2.0 8.00 80.00 88.00 OK
r-oldrel-osx-x86_64 0.2.0 WARN

Check Details

Version: 0.2.0
Check: re-building of vignette outputs
Result: WARN
    Error in re-building vignettes:
     ...
    Warning in engine$weave(file, quiet = quiet, encoding = enc) :
     Pandoc (>= 1.12.3) and/or pandoc-citeproc not available. Falling back to R Markdown v1.
    Quitting from lines 66-67 (ahn.Rmd)
    Error: processing vignette 'ahn.Rmd' failed with diagnostics:
    there is no package called 'webshot'
    Execution halted
Flavor: r-patched-solaris-x86

Version: 0.2.0
Check: re-building of vignette outputs
Result: WARN
    Error in re-building vignettes:
     ...
    Warning in engine$weave(file, quiet = quiet, encoding = enc) :
     Pandoc (>= 1.12.3) and/or pandoc-citeproc not available. Falling back to R Markdown v1.
    Quitting from lines 66-67 (ahn.Rmd)
    Error: processing vignette 'ahn.Rmd' failed with diagnostics:
    cannot open the connection
    Execution halted
Flavors: r-release-osx-x86_64, r-oldrel-osx-x86_64