CRAN Package Check Results for Package ahnr

Last updated on 2018-02-25 13:46:53 CET.

Flavor Version Tinstall Tcheck Ttotal Status Flags
r-devel-linux-x86_64-debian-clang 0.2.0 1.77 67.93 69.70 OK
r-devel-linux-x86_64-debian-gcc 0.2.0 1.83 50.20 52.03 OK
r-devel-linux-x86_64-fedora-clang 0.2.0 79.91 OK
r-devel-linux-x86_64-fedora-gcc 0.2.0 76.59 OK
r-devel-windows-ix86+x86_64 0.2.0 6.00 104.00 110.00 OK
r-patched-linux-x86_64 0.2.0 2.01 69.25 71.26 OK
r-patched-solaris-x86 0.2.0 101.00 WARN
r-release-linux-x86_64 0.2.0 1.89 69.49 71.38 OK
r-release-windows-ix86+x86_64 0.2.0 7.00 118.00 125.00 OK
r-release-osx-x86_64 0.2.0 WARN
r-oldrel-windows-ix86+x86_64 0.2.0 5.00 78.00 83.00 OK
r-oldrel-osx-x86_64 0.2.0 WARN

Check Details

Version: 0.2.0
Check: re-building of vignette outputs
Result: WARN
    Error in re-building vignettes:
     ...
    Warning in engine$weave(file, quiet = quiet, encoding = enc) :
     Pandoc (>= 1.12.3) and/or pandoc-citeproc not available. Falling back to R Markdown v1.
    Quitting from lines 66-67 (ahn.Rmd)
    Error: processing vignette 'ahn.Rmd' failed with diagnostics:
    cannot open the connection
    Execution halted
Flavors: r-patched-solaris-x86, r-release-osx-x86_64, r-oldrel-osx-x86_64