CRAN Package Check Results for Package ahnr

Last updated on 2019-02-16 18:46:08 CET.

Flavor Version Tinstall Tcheck Ttotal Status Flags
r-devel-linux-x86_64-debian-clang 0.3.1 2.83 129.36 132.19 OK
r-devel-linux-x86_64-debian-gcc 0.3.1 2.38 89.40 91.78 OK
r-devel-linux-x86_64-fedora-clang 0.3.1 142.19 OK
r-devel-linux-x86_64-fedora-gcc 0.3.1 132.42 OK
r-devel-windows-ix86+x86_64 0.3.1 8.00 174.00 182.00 OK
r-patched-linux-x86_64 0.3.1 2.41 118.64 121.05 OK
r-patched-solaris-x86 0.3.1 123.20 WARN
r-release-linux-x86_64 0.3.1 OK
r-release-windows-ix86+x86_64 0.3.1 6.00 112.00 118.00 OK
r-release-osx-x86_64 0.3.1 WARN
r-oldrel-windows-ix86+x86_64 0.3.1 11.00 249.00 260.00 OK
r-oldrel-osx-x86_64 0.3.1 WARN

Check Details

Version: 0.3.1
Check: re-building of vignette outputs
Result: WARN
    Error in re-building vignettes:
     ...
    Warning in engine$weave(file, quiet = quiet, encoding = enc) :
     Pandoc (>= 1.12.3) and/or pandoc-citeproc not available. Falling back to R Markdown v1.
    Quitting from lines 66-67 (ahn.Rmd)
    Error: processing vignette 'ahn.Rmd' failed with diagnostics:
    there is no package called 'webshot'
    Execution halted
Flavor: r-patched-solaris-x86

Version: 0.3.1
Check: re-building of vignette outputs
Result: WARN
    Error in re-building vignettes:
     ...
    Warning in engine$weave(file, quiet = quiet, encoding = enc) :
     Pandoc (>= 1.12.3) and/or pandoc-citeproc not available. Falling back to R Markdown v1.
    Quitting from lines 66-67 (ahn.Rmd)
    Error: processing vignette 'ahn.Rmd' failed with diagnostics:
    cannot open the connection
    Execution halted
Flavors: r-release-osx-x86_64, r-oldrel-osx-x86_64