CRAN Package Check Results for Package ahnr

Last updated on 2018-11-19 06:46:42 CET.

Flavor Version Tinstall Tcheck Ttotal Status Flags
r-devel-linux-x86_64-debian-clang OK
r-devel-linux-x86_64-debian-gcc 0.3.1 2.20 87.25 89.45 OK
r-devel-linux-x86_64-fedora-clang 0.3.1 138.70 OK
r-devel-linux-x86_64-fedora-gcc 0.3.1 131.81 OK
r-devel-windows-ix86+x86_64 0.3.1 9.00 166.00 175.00 OK
r-patched-linux-x86_64 0.3.1 2.29 118.29 120.58 OK
r-patched-solaris-x86 0.3.1 120.80 WARN
r-release-linux-x86_64 0.3.1 1.95 118.66 120.61 OK
r-release-windows-ix86+x86_64 0.3.1 9.00 167.00 176.00 OK
r-release-osx-x86_64 0.3.1 WARN
r-oldrel-windows-ix86+x86_64 0.3.1 10.00 152.00 162.00 OK
r-oldrel-osx-x86_64 0.3.1 WARN

Check Details

Version: 0.3.1
Check: re-building of vignette outputs
Result: WARN
    Error in re-building vignettes:
     ...
    Warning in engine$weave(file, quiet = quiet, encoding = enc) :
     Pandoc (>= 1.12.3) and/or pandoc-citeproc not available. Falling back to R Markdown v1.
    Quitting from lines 66-67 (ahn.Rmd)
    Error: processing vignette 'ahn.Rmd' failed with diagnostics:
    there is no package called 'webshot'
    Execution halted
Flavor: r-patched-solaris-x86

Version: 0.3.1
Check: re-building of vignette outputs
Result: WARN
    Error in re-building vignettes:
     ...
    Warning in engine$weave(file, quiet = quiet, encoding = enc) :
     Pandoc (>= 1.12.3) and/or pandoc-citeproc not available. Falling back to R Markdown v1.
    Quitting from lines 66-67 (ahn.Rmd)
    Error: processing vignette 'ahn.Rmd' failed with diagnostics:
    cannot open the connection
    Execution halted
Flavors: r-release-osx-x86_64, r-oldrel-osx-x86_64