CRAN Package Check Results for Package ahnr

Last updated on 2018-08-19 09:47:54 CEST.

Flavor Version Tinstall Tcheck Ttotal Status Flags
r-devel-linux-x86_64-debian-clang 0.3.1 2.60 125.19 127.79 OK
r-devel-linux-x86_64-debian-gcc 0.3.1 2.03 88.22 90.25 OK
r-devel-linux-x86_64-fedora-clang 0.3.1 143.20 OK
r-devel-linux-x86_64-fedora-gcc 0.3.1 138.75 OK
r-devel-windows-ix86+x86_64 0.3.1 12.00 144.00 156.00 OK
r-patched-linux-x86_64 0.3.1 1.90 118.48 120.38 OK
r-patched-solaris-x86 0.3.1 123.60 WARN
r-release-linux-x86_64 0.3.1 2.53 117.99 120.52 OK
r-release-windows-ix86+x86_64 0.3.1 9.00 165.00 174.00 OK
r-release-osx-x86_64 0.3.1 WARN
r-oldrel-windows-ix86+x86_64 0.3.1 6.00 137.00 143.00 OK
r-oldrel-osx-x86_64 0.3.1 WARN

Check Details

Version: 0.3.1
Check: re-building of vignette outputs
Result: WARN
    Error in re-building vignettes:
     ...
    Warning in engine$weave(file, quiet = quiet, encoding = enc) :
     Pandoc (>= 1.12.3) and/or pandoc-citeproc not available. Falling back to R Markdown v1.
    Quitting from lines 66-67 (ahn.Rmd)
    Error: processing vignette 'ahn.Rmd' failed with diagnostics:
    there is no package called 'webshot'
    Execution halted
Flavor: r-patched-solaris-x86

Version: 0.3.1
Check: re-building of vignette outputs
Result: WARN
    Error in re-building vignettes:
     ...
    Warning in engine$weave(file, quiet = quiet, encoding = enc) :
     Pandoc (>= 1.12.3) and/or pandoc-citeproc not available. Falling back to R Markdown v1.
    Quitting from lines 66-67 (ahn.Rmd)
    Error: processing vignette 'ahn.Rmd' failed with diagnostics:
    cannot open the connection
    Execution halted
Flavors: r-release-osx-x86_64, r-oldrel-osx-x86_64