CRAN Package Check Results for Package airGR

Last updated on 2018-08-19 09:47:54 CEST.

Flavor Version Tinstall Tcheck Ttotal Status Flags
r-devel-linux-x86_64-debian-clang 1.0.10.11 8.91 566.00 574.91 WARN
r-devel-linux-x86_64-debian-gcc 1.0.10.11 6.19 407.28 413.47 WARN
r-devel-linux-x86_64-fedora-clang 1.0.10.11 705.58 OK
r-devel-linux-x86_64-fedora-gcc 1.0.10.11 609.00 OK
r-devel-windows-ix86+x86_64 1.0.10.11 31.00 883.00 914.00 OK
r-patched-linux-x86_64 1.0.10.11 8.19 477.59 485.78 WARN
r-patched-solaris-x86 1.0.10.11 1521.40 OK
r-release-linux-x86_64 1.0.10.11 8.22 482.11 490.33 WARN
r-release-windows-ix86+x86_64 1.0.10.11 30.00 900.00 930.00 OK
r-release-osx-x86_64 1.0.10.11 OK
r-oldrel-windows-ix86+x86_64 1.0.10.11 15.00 885.00 900.00 OK
r-oldrel-osx-x86_64 1.0.10.11 OK

Check Details

Version: 1.0.10.11
Check: re-building of vignette outputs
Result: WARN
    Error in re-building vignettes:
     ...
    Warning in CreateRunOptions(FUN_MOD = RunModel_GR4J, InputsModel = InputsModel, :
     Model warm up period not defined -> default configuration used
     The year preceding the run period is used
    
    Grid-Screening in progress (0% 20% 40% 60% 80% 100%)
     Screening completed (81 runs)
     Param = 247.151 , -0.020 , 83.096 , 2.384
     Crit NSE[Q] = 0.7685
    Steepest-descent local search in progress
     Calibration completed (20 iterations, 226 runs)
     Param = 257.238 , 1.012 , 88.235 , 2.208
     Crit NSE[Q] = 0.7985
    Crit. NSE[Q] = 0.7985
    Crit. KGE[Q] = 0.7855
     SubCrit. KGE[Q] cor(sim, obs, "pearson") = 0.8983
     SubCrit. KGE[Q] sd(sim)/sd(obs) = 0.8163
     SubCrit. KGE[Q] mean(sim)/mean(obs) = 1.0439
    
    Warning in airGR::RunModel_GR4J(InputsModel = InputsModel, RunOptions = RunOptions, :
     Param[1] (X1: production store capacity [mm]) < 0.01
     X1 set to 0.01
    Warning in airGR::RunModel_GR4J(InputsModel = InputsModel, RunOptions = RunOptions, :
     Param[1] (X1: production store capacity [mm]) < 0.01
     X1 set to 0.01
    Warning in airGR::RunModel_GR4J(InputsModel = InputsModel, RunOptions = RunOptions, :
     Param[1] (X1: production store capacity [mm]) < 0.01
     X1 set to 0.01
    Warning in airGR::RunModel_GR4J(InputsModel = InputsModel, RunOptions = RunOptions, :
     Param[1] (X1: production store capacity [mm]) < 0.01
     X1 set to 0.01
    Warning in airGR::RunModel_GR4J(InputsModel = InputsModel, RunOptions = RunOptions, :
     Param[1] (X1: production store capacity [mm]) < 0.01
     X1 set to 0.01
    Warning in airGR::RunModel_GR4J(InputsModel = InputsModel, RunOptions = RunOptions, :
     Param[1] (X1: production store capacity [mm]) < 0.01
     X1 set to 0.01
    Warning in airGR::RunModel_GR4J(InputsModel = InputsModel, RunOptions = RunOptions, :
     Param[1] (X1: production store capacity [mm]) < 0.01
     X1 set to 0.01
    Warning in airGR::RunModel_GR4J(InputsModel = InputsModel, RunOptions = RunOptions, :
     Param[1] (X1: production store capacity [mm]) < 0.01
     X1 set to 0.01
    Warning in airGR::RunModel_GR4J(InputsModel = InputsModel, RunOptions = RunOptions, :
     Param[1] (X1: production store capacity [mm]) < 0.01
     X1 set to 0.01
    Warning in airGR::RunModel_GR4J(InputsModel = InputsModel, RunOptions = RunOptions, :
     Param[1] (X1: production store capacity [mm]) < 0.01
     X1 set to 0.01
    Warning in airGR::RunModel_GR4J(InputsModel = InputsModel, RunOptions = RunOptions, :
     Param[1] (X1: production store capacity [mm]) < 0.01
     X1 set to 0.01
    Warning in airGR::RunModel_GR4J(InputsModel = InputsModel, RunOptions = RunOptions, :
     Param[1] (X1: production store capacity [mm]) < 0.01
     X1 set to 0.01
    Warning in airGR::RunModel_GR4J(InputsModel = InputsModel, RunOptions = RunOptions, :
     Param[1] (X1: production store capacity [mm]) < 0.01
     X1 set to 0.01
    Warning in airGR::RunModel_GR4J(InputsModel = InputsModel, RunOptions = RunOptions, :
     Param[1] (X1: production store capacity [mm]) < 0.01
     X1 set to 0.01
    Warning in airGR::RunModel_GR4J(InputsModel = InputsModel, RunOptions = RunOptions, :
     Param[1] (X1: production store capacity [mm]) < 0.01
     X1 set to 0.01
    Warning in airGR::RunModel_GR4J(InputsModel = InputsModel, RunOptions = RunOptions, :
     Param[1] (X1: production store capacity [mm]) < 0.01
     X1 set to 0.01
    Warning in airGR::RunModel_GR4J(InputsModel = InputsModel, RunOptions = RunOptions, :
     Param[1] (X1: production store capacity [mm]) < 0.01
     X1 set to 0.01
    Warning in airGR::RunModel_GR4J(InputsModel = InputsModel, RunOptions = RunOptions, :
     Param[1] (X1: production store capacity [mm]) < 0.01
     X1 set to 0.01
    Warning in airGR::RunModel_GR4J(InputsModel = InputsModel, RunOptions = RunOptions, :
     Param[1] (X1: production store capacity [mm]) < 0.01
     X1 set to 0.01
    Warning in airGR::RunModel_GR4J(InputsModel = InputsModel, RunOptions = RunOptions, :
     Param[1] (X1: production store capacity [mm]) < 0.01
     X1 set to 0.01
    Warning in airGR::RunModel_GR4J(InputsModel = InputsModel, RunOptions = RunOptions, :
     Param[1] (X1: production store capacity [mm]) < 0.01
     X1 set to 0.01
    Warning in airGR::RunModel_GR4J(InputsModel = InputsModel, RunOptions = RunOptions, :
     Param[1] (X1: production store capacity [mm]) < 0.01
     X1 set to 0.01
    Warning in airGR::RunModel_GR4J(InputsModel = InputsModel, RunOptions = RunOptions, :
     Param[1] (X1: production store capacity [mm]) < 0.01
     X1 set to 0.01
    Warning in airGR::RunModel_GR4J(InputsModel = InputsModel, RunOptions = RunOptions, :
     Param[1] (X1: production store capacity [mm]) < 0.01
     X1 set to 0.01
    Warning in airGR::RunModel_GR4J(InputsModel = InputsModel, RunOptions = RunOptions, :
     Param[1] (X1: production store capacity [mm]) < 0.01
     X1 set to 0.01
    Warning in airGR::RunModel_GR4J(InputsModel = InputsModel, RunOptions = RunOptions, :
     Param[1] (X1: production store capacity [mm]) < 0.01
     X1 set to 0.01
    Warning in airGR::RunModel_GR4J(InputsModel = InputsModel, RunOptions = RunOptions, :
     Param[1] (X1: production store capacity [mm]) < 0.01
     X1 set to 0.01
    Warning in airGR::RunModel_GR4J(InputsModel = InputsModel, RunOptions = RunOptions, :
     Param[1] (X1: production store capacity [mm]) < 0.01
     X1 set to 0.01
    Warning in airGR::RunModel_GR4J(InputsModel = InputsModel, RunOptions = RunOptions, :
     Param[1] (X1: production store capacity [mm]) < 0.01
     X1 set to 0.01
    Warning in airGR::RunModel_GR4J(InputsModel = InputsModel, RunOptions = RunOptions, :
     Param[1] (X1: production store capacity [mm]) < 0.01
     X1 set to 0.01
    Warning in airGR::RunModel_GR4J(InputsModel = InputsModel, RunOptions = RunOptions, :
     Param[1] (X1: production store capacity [mm]) < 0.01
     X1 set to 0.01
    Warning in airGR::RunModel_GR4J(InputsModel = InputsModel, RunOptions = RunOptions, :
     Param[1] (X1: production store capacity [mm]) < 0.01
     X1 set to 0.01
    Warning in airGR::RunModel_GR4J(InputsModel = InputsModel, RunOptions = RunOptions, :
     Param[1] (X1: production store capacity [mm]) < 0.01
     X1 set to 0.01
    Warning in airGR::RunModel_GR4J(InputsModel = InputsModel, RunOptions = RunOptions, :
     Param[1] (X1: production store capacity [mm]) < 0.01
     X1 set to 0.01
    Warning in airGR::RunModel_GR4J(InputsModel = InputsModel, RunOptions = RunOptions, :
     Param[1] (X1: production store capacity [mm]) < 0.01
     X1 set to 0.01
    Warning in airGR::RunModel_GR4J(InputsModel = InputsModel, RunOptions = RunOptions, :
     Param[1] (X1: production store capacity [mm]) < 0.01
     X1 set to 0.01
    Warning in airGR::RunModel_GR4J(InputsModel = InputsModel, RunOptions = RunOptions, :
     Param[1] (X1: production store capacity [mm]) < 0.01
     X1 set to 0.01
    Warning in airGR::RunModel_GR4J(InputsModel = InputsModel, RunOptions = RunOptions, :
     Param[1] (X1: production store capacity [mm]) < 0.01
     X1 set to 0.01
    Warning in airGR::RunModel_GR4J(InputsModel = InputsModel, RunOptions = RunOptions, :
     Param[1] (X1: production store capacity [mm]) < 0.01
     X1 set to 0.01
    Warning in airGR::RunModel_GR4J(InputsModel = InputsModel, RunOptions = RunOptions, :
     Param[1] (X1: production store capacity [mm]) < 0.01
     X1 set to 0.01
    Warning in airGR::RunModel_GR4J(InputsModel = InputsModel, RunOptions = RunOptions, :
     Param[1] (X1: production store capacity [mm]) < 0.01
     X1 set to 0.01
    Warning in airGR::RunModel_GR4J(InputsModel = InputsModel, RunOptions = RunOptions, :
     Param[1] (X1: production store capacity [mm]) < 0.01
     X1 set to 0.01
    Warning in airGR::RunModel_GR4J(InputsModel = InputsModel, RunOptions = RunOptions, :
     Param[1] (X1: production store capacity [mm]) < 0.01
     X1 set to 0.01
    Warning in airGR::RunModel_GR4J(InputsModel = InputsModel, RunOptions = RunOptions, :
     Param[1] (X1: production store capacity [mm]) < 0.01
     X1 set to 0.01
    Warning in airGR::RunModel_GR4J(InputsModel = InputsModel, RunOptions = RunOptions, :
     Param[1] (X1: production store capacity [mm]) < 0.01
     X1 set to 0.01
    Warning in airGR::RunModel_GR4J(InputsModel = InputsModel, RunOptions = RunOptions, :
     Param[1] (X1: production store capacity [mm]) < 0.01
     X1 set to 0.01
    Warning in airGR::RunModel_GR4J(InputsModel = InputsModel, RunOptions = RunOptions, :
     Param[1] (X1: production store capacity [mm]) < 0.01
     X1 set to 0.01
    Warning in airGR::RunModel_GR4J(InputsModel = InputsModel, RunOptions = RunOptions, :
     Param[1] (X1: production store capacity [mm]) < 0.01
     X1 set to 0.01
    Warning in airGR::RunModel_GR4J(InputsModel = InputsModel, RunOptions = RunOptions, :
     Param[1] (X1: production store capacity [mm]) < 0.01
     X1 set to 0.01
    Warning in airGR::RunModel_GR4J(InputsModel = InputsModel, RunOptions = RunOptions, :
     Param[1] (X1: production store capacity [mm]) < 0.01
     X1 set to 0.01
    Warning in airGR::RunModel_GR4J(InputsModel = InputsModel, RunOptions = RunOptions, :
     Param[1] (X1: production store capacity [mm]) < 0.01
     X1 set to 0.01
    Warning in airGR::RunModel_GR4J(InputsModel = InputsModel, RunOptions = RunOptions, :
     Param[1] (X1: production store capacity [mm]) < 0.01
     X1 set to 0.01
    Warning in airGR::RunModel_GR4J(InputsModel = InputsModel, RunOptions = RunOptions, :
     Param[1] (X1: production store capacity [mm]) < 0.01
     X1 set to 0.01
    Warning in airGR::RunModel_GR4J(InputsModel = InputsModel, RunOptions = RunOptions, :
     Param[1] (X1: production store capacity [mm]) < 0.01
     X1 set to 0.01
    Warning in airGR::RunModel_GR4J(InputsModel = InputsModel, RunOptions = RunOptions, :
     Param[1] (X1: production store capacity [mm]) < 0.01
     X1 set to 0.01
    Warning in airGR::RunModel_GR4J(InputsModel = InputsModel, RunOptions = RunOptions, :
     Param[1] (X1: production store capacity [mm]) < 0.01
     X1 set to 0.01
    Warning in airGR::RunModel_GR4J(InputsModel = InputsModel, RunOptions = RunOptions, :
     Param[1] (X1: production store capacity [mm]) < 0.01
     X1 set to 0.01
    Warning in airGR::RunModel_GR4J(InputsModel = InputsModel, RunOptions = RunOptions, :
     Param[1] (X1: production store capacity [mm]) < 0.01
     X1 set to 0.01
    Warning in airGR::RunModel_GR4J(InputsModel = InputsModel, RunOptions = RunOptions, :
     Param[1] (X1: production store capacity [mm]) < 0.01
     X1 set to 0.01
    Warning in airGR::RunModel_GR4J(InputsModel = InputsModel, RunOptions = RunOptions, :
     Param[1] (X1: production store capacity [mm]) < 0.01
     X1 set to 0.01
    Warning in airGR::RunModel_GR4J(InputsModel = InputsModel, RunOptions = RunOptions, :
     Param[1] (X1: production store capacity [mm]) < 0.01
     X1 set to 0.01
    Warning in airGR::RunModel_GR4J(InputsModel = InputsModel, RunOptions = RunOptions, :
     Param[1] (X1: production store capacity [mm]) < 0.01
     X1 set to 0.01
    Warning in airGR::RunModel_GR4J(InputsModel = InputsModel, RunOptions = RunOptions, :
     Param[1] (X1: production store capacity [mm]) < 0.01
     X1 set to 0.01
    Warning in airGR::RunModel_GR4J(InputsModel = InputsModel, RunOptions = RunOptions, :
     Param[1] (X1: production store capacity [mm]) < 0.01
     X1 set to 0.01
    Warning in airGR::RunModel_GR4J(InputsModel = InputsModel, RunOptions = RunOptions, :
     Param[1] (X1: production store capacity [mm]) < 0.01
     X1 set to 0.01
    Warning in airGR::RunModel_GR4J(InputsModel = InputsModel, RunOptions = RunOptions, :
     Param[1] (X1: production store capacity [mm]) < 0.01
     X1 set to 0.01
    Warning in airGR::RunModel_GR4J(InputsModel = InputsModel, RunOptions = RunOptions, :
     Param[1] (X1: production store capacity [mm]) < 0.01
     X1 set to 0.01
    Warning in airGR::RunModel_GR4J(InputsModel = InputsModel, RunOptions = RunOptions, :
     Param[1] (X1: production store capacity [mm]) < 0.01
     X1 set to 0.01
    Warning in airGR::RunModel_GR4J(InputsModel = InputsModel, RunOptions = RunOptions, :
     Param[1] (X1: production store capacity [mm]) < 0.01
     X1 set to 0.01
    Warning in airGR::RunModel_GR4J(InputsModel = InputsModel, RunOptions = RunOptions, :
     Param[1] (X1: production store capacity [mm]) < 0.01
     X1 set to 0.01
    Warning in airGR::RunModel_GR4J(InputsModel = InputsModel, RunOptions = RunOptions, :
     Param[1] (X1: production store capacity [mm]) < 0.01
     X1 set to 0.01
    Warning in airGR::RunModel_GR4J(InputsModel = InputsModel, RunOptions = RunOptions, :
     Param[1] (X1: production store capacity [mm]) < 0.01
     X1 set to 0.01
    Warning in airGR::RunModel_GR4J(InputsModel = InputsModel, RunOptions = RunOptions, :
     Param[1] (X1: production store capacity [mm]) < 0.01
     X1 set to 0.01
    Warning in airGR::RunModel_GR4J(InputsModel = InputsModel, RunOptions = RunOptions, :
     Param[1] (X1: production store capacity [mm]) < 0.01
     X1 set to 0.01
    Warning in airGR::RunModel_GR4J(InputsModel = InputsModel, RunOptions = RunOptions, :
     Param[1] (X1: production store capacity [mm]) < 0.01
     X1 set to 0.01
    Warning in airGR::RunModel_GR4J(InputsModel = InputsModel, RunOptions = RunOptions, :
     Param[1] (X1: production store capacity [mm]) < 0.01
     X1 set to 0.01
    Warning in airGR::RunModel_GR4J(InputsModel = InputsModel, RunOptions = RunOptions, :
     Param[1] (X1: production store capacity [mm]) < 0.01
     X1 set to 0.01
    Warning in airGR::RunModel_GR4J(InputsModel = InputsModel, RunOptions = RunOptions, :
     Param[1] (X1: production store capacity [mm]) < 0.01
     X1 set to 0.01
    Warning in airGR::RunModel_GR4J(InputsModel = InputsModel, RunOptions = RunOptions, :
     Param[1] (X1: production store capacity [mm]) < 0.01
     X1 set to 0.01
    Warning in airGR::RunModel_GR4J(InputsModel = InputsModel, RunOptions = RunOptions, :
     Param[1] (X1: production store capacity [mm]) < 0.01
     X1 set to 0.01
    Warning in airGR::RunModel_GR4J(InputsModel = InputsModel, RunOptions = RunOptions, :
     Param[1] (X1: production store capacity [mm]) < 0.01
     X1 set to 0.01
    Warning in airGR::RunModel_GR4J(InputsModel = InputsModel, RunOptions = RunOptions, :
     Param[3] (X3: routing store capacity [mm]) < 0.01
     X3 set to 0.01
    Warning in airGR::RunModel_GR4J(InputsModel = InputsModel, RunOptions = RunOptions, :
     Param[3] (X3: routing store capacity [mm]) < 0.01
     X3 set to 0.01
    Warning in airGR::RunModel_GR4J(InputsModel = InputsModel, RunOptions = RunOptions, :
     Param[1] (X1: production store capacity [mm]) < 0.01
     X1 set to 0.01
    Warning in airGR::RunModel_GR4J(InputsModel = InputsModel, RunOptions = RunOptions, :
     Param[1] (X1: production store capacity [mm]) < 0.01
     X1 set to 0.01
    Warning in airGR::RunModel_GR4J(InputsModel = InputsModel, RunOptions = RunOptions, :
     Param[3] (X3: routing store capacity [mm]) < 0.01
     X3 set to 0.01
    Warning in airGR::RunModel_GR4J(InputsModel = InputsModel, RunOptions = RunOptions, :
     Param[1] (X1: production store capacity [mm]) < 0.01
     X1 set to 0.01
    Warning in airGR::RunModel_GR4J(InputsModel = InputsModel, RunOptions = RunOptions, :
     Param[1] (X1: production store capacity [mm]) < 0.01
     X1 set to 0.01
    Warning in airGR::RunModel_GR4J(InputsModel = InputsModel, RunOptions = RunOptions, :
     Param[3] (X3: routing store capacity [mm]) < 0.01
     X3 set to 0.01
    Warning in airGR::RunModel_GR4J(InputsModel = InputsModel, RunOptions = RunOptions, :
     Param[3] (X3: routing store capacity [mm]) < 0.01
     X3 set to 0.01
    Warning in airGR::RunModel_GR4J(InputsModel = InputsModel, RunOptions = RunOptions, :
     Param[3] (X3: routing store capacity [mm]) < 0.01
     X3 set to 0.01
    Warning in airGR::RunModel_GR4J(InputsModel = InputsModel, RunOptions = RunOptions, :
     Param[3] (X3: routing store capacity [mm]) < 0.01
     X3 set to 0.01
    Warning in airGR::RunModel_GR4J(InputsModel = InputsModel, RunOptions = RunOptions, :
     Param[1] (X1: production store capacity [mm]) < 0.01
     X1 set to 0.01
    Warning in airGR::RunModel_GR4J(InputsModel = InputsModel, RunOptions = RunOptions, :
     Param[3] (X3: routing store capacity [mm]) < 0.01
     X3 set to 0.01
    Warning in airGR::RunModel_GR4J(InputsModel = InputsModel, RunOptions = RunOptions, :
     Param[1] (X1: production store capacity [mm]) < 0.01
     X1 set to 0.01
    Warning in airGR::RunModel_GR4J(InputsModel = InputsModel, RunOptions = RunOptions, :
     Param[3] (X3: routing store capacity [mm]) < 0.01
     X3 set to 0.01
    Warning in airGR::RunModel_GR4J(InputsModel = InputsModel, RunOptions = RunOptions, :
     Param[3] (X3: routing store capacity [mm]) < 0.01
     X3 set to 0.01
    Warning in airGR::RunModel_GR4J(InputsModel = InputsModel, RunOptions = RunOptions, :
     Param[1] (X1: production store capacity [mm]) < 0.01
     X1 set to 0.01
    Warning in airGR::RunModel_GR4J(InputsModel = InputsModel, RunOptions = RunOptions, :
     Param[3] (X3: routing store capacity [mm]) < 0.01
     X3 set to 0.01
    Warning in airGR::RunModel_GR4J(InputsModel = InputsModel, RunOptions = RunOptions, :
     Param[3] (X3: routing store capacity [mm]) < 0.01
     X3 set to 0.01
    Warning in airGR::RunModel_GR4J(InputsModel = InputsModel, RunOptions = RunOptions, :
     Param[1] (X1: production store capacity [mm]) < 0.01
     X1 set to 0.01
    Warning in airGR::RunModel_GR4J(InputsModel = InputsModel, RunOptions = RunOptions, :
     Param[1] (X1: production store capacity [mm]) < 0.01
     X1 set to 0.01
    Warning in airGR::RunModel_GR4J(InputsModel = InputsModel, RunOptions = RunOptions, :
     Param[1] (X1: production store capacity [mm]) < 0.01
     X1 set to 0.01
    Warning in airGR::RunModel_GR4J(InputsModel = InputsModel, RunOptions = RunOptions, :
     Param[1] (X1: production store capacity [mm]) < 0.01
     X1 set to 0.01
    Warning in airGR::RunModel_GR4J(InputsModel = InputsModel, RunOptions = RunOptions, :
     Param[3] (X3: routing store capacity [mm]) < 0.01
     X3 set to 0.01
    Warning in airGR::RunModel_GR4J(InputsModel = InputsModel, RunOptions = RunOptions, :
     Param[1] (X1: production store capacity [mm]) < 0.01
     X1 set to 0.01
    Warning in airGR::RunModel_GR4J(InputsModel = InputsModel, RunOptions = RunOptions, :
     Param[3] (X3: routing store capacity [mm]) < 0.01
     X3 set to 0.01
    Warning in airGR::RunModel_GR4J(InputsModel = InputsModel, RunOptions = RunOptions, :
     Param[3] (X3: routing store capacity [mm]) < 0.01
     X3 set to 0.01
    Warning in airGR::RunModel_GR4J(InputsModel = InputsModel, RunOptions = RunOptions, :
     Param[3] (X3: routing store capacity [mm]) < 0.01
     X3 set to 0.01
    Warning in airGR::RunModel_GR4J(InputsModel = InputsModel, RunOptions = RunOptions, :
     Param[3] (X3: routing store capacity [mm]) < 0.01
     X3 set to 0.01
    Warning in airGR::RunModel_GR4J(InputsModel = InputsModel, RunOptions = RunOptions, :
     Param[1] (X1: production store capacity [mm]) < 0.01
     X1 set to 0.01
    Warning in airGR::RunModel_GR4J(InputsModel = InputsModel, RunOptions = RunOptions, :
     Param[1] (X1: production store capacity [mm]) < 0.01
     X1 set to 0.01
    Warning in airGR::RunModel_GR4J(InputsModel = InputsModel, RunOptions = RunOptions, :
     Param[3] (X3: routing store capacity [mm]) < 0.01
     X3 set to 0.01
    Warning in airGR::RunModel_GR4J(InputsModel = InputsModel, RunOptions = RunOptions, :
     Param[3] (X3: routing store capacity [mm]) < 0.01
     X3 set to 0.01
    Warning in airGR::RunModel_GR4J(InputsModel = InputsModel, RunOptions = RunOptions, :
     Param[1] (X1: production store capacity [mm]) < 0.01
     X1 set to 0.01
    Warning in airGR::RunModel_GR4J(InputsModel = InputsModel, RunOptions = RunOptions, :
     Param[3] (X3: routing store capacity [mm]) < 0.01
     X3 set to 0.01
    Warning in airGR::RunModel_GR4J(InputsModel = InputsModel, RunOptions = RunOptions, :
     Param[1] (X1: production store capacity [mm]) < 0.01
     X1 set to 0.01
    Warning in airGR::RunModel_GR4J(InputsModel = InputsModel, RunOptions = RunOptions, :
     Param[3] (X3: routing store capacity [mm]) < 0.01
     X3 set to 0.01
    Warning in airGR::RunModel_GR4J(InputsModel = InputsModel, RunOptions = RunOptions, :
     Param[3] (X3: routing store capacity [mm]) < 0.01
     X3 set to 0.01
    Warning in airGR::RunModel_GR4J(InputsModel = InputsModel, RunOptions = RunOptions, :
     Param[1] (X1: production store capacity [mm]) < 0.01
     X1 set to 0.01
    Warning in airGR::RunModel_GR4J(InputsModel = InputsModel, RunOptions = RunOptions, :
     Param[1] (X1: production store capacity [mm]) < 0.01
     X1 set to 0.01
    Warning in airGR::RunModel_GR4J(InputsModel = InputsModel, RunOptions = RunOptions, :
     Param[1] (X1: production store capacity [mm]) < 0.01
     X1 set to 0.01
    Warning in airGR::RunModel_GR4J(InputsModel = InputsModel, RunOptions = RunOptions, :
     Param[1] (X1: production store capacity [mm]) < 0.01
     X1 set to 0.01
    Warning in airGR::RunModel_GR4J(InputsModel = InputsModel, RunOptions = RunOptions, :
     Param[1] (X1: production store capacity [mm]) < 0.01
     X1 set to 0.01
    Warning in airGR::RunModel_GR4J(InputsModel = InputsModel, RunOptions = RunOptions, :
     Param[1] (X1: production store capacity [mm]) < 0.01
     X1 set to 0.01
    Warning in airGR::RunModel_GR4J(InputsModel = InputsModel, RunOptions = RunOptions, :
     Param[1] (X1: production store capacity [mm]) < 0.01
     X1 set to 0.01
    Warning in airGR::RunModel_GR4J(InputsModel = InputsModel, RunOptions = RunOptions, :
     Param[3] (X3: routing store capacity [mm]) < 0.01
     X3 set to 0.01
    Warning in airGR::RunModel_GR4J(InputsModel = InputsModel, RunOptions = RunOptions, :
     Param[3] (X3: routing store capacity [mm]) < 0.01
     X3 set to 0.01
    Warning in airGR::RunModel_GR4J(InputsModel = InputsModel, RunOptions = RunOptions, :
     Param[3] (X3: routing store capacity [mm]) < 0.01
     X3 set to 0.01
    Warning in airGR::RunModel_GR4J(InputsModel = InputsModel, RunOptions = RunOptions, :
     Param[3] (X3: routing store capacity [mm]) < 0.01
     X3 set to 0.01
    Warning in airGR::RunModel_GR4J(InputsModel = InputsModel, RunOptions = RunOptions, :
     Param[1] (X1: production store capacity [mm]) < 0.01
     X1 set to 0.01
    Warning in airGR::RunModel_GR4J(InputsModel = InputsModel, RunOptions = RunOptions, :
     Param[1] (X1: production store capacity [mm]) < 0.01
     X1 set to 0.01
    Warning in airGR::RunModel_GR4J(InputsModel = InputsModel, RunOptions = RunOptions, :
     Param[3] (X3: routing store capacity [mm]) < 0.01
     X3 set to 0.01
    Warning in airGR::RunModel_GR4J(InputsModel = InputsModel, RunOptions = RunOptions, :
     Param[3] (X3: routing store capacity [mm]) < 0.01
     X3 set to 0.01
    Warning in airGR::RunModel_GR4J(InputsModel = InputsModel, RunOptions = RunOptions, :
     Param[3] (X3: routing store capacity [mm]) < 0.01
     X3 set to 0.01
    Warning in airGR::RunModel_GR4J(InputsModel = InputsModel, RunOptions = RunOptions, :
     Param[1] (X1: production store capacity [mm]) < 0.01
     X1 set to 0.01
    Warning in airGR::RunModel_GR4J(InputsModel = InputsModel, RunOptions = RunOptions, :
     Param[3] (X3: routing store capacity [mm]) < 0.01
     X3 set to 0.01
    Warning in airGR::RunModel_GR4J(InputsModel = InputsModel, RunOptions = RunOptions, :
     Param[1] (X1: production store capacity [mm]) < 0.01
     X1 set to 0.01
    Warning in airGR::RunModel_GR4J(InputsModel = InputsModel, RunOptions = RunOptions, :
     Param[1] (X1: production store capacity [mm]) < 0.01
     X1 set to 0.01
    Warning in airGR::RunModel_GR4J(InputsModel = InputsModel, RunOptions = RunOptions, :
     Param[1] (X1: production store capacity [mm]) < 0.01
     X1 set to 0.01
    Warning in airGR::RunModel_GR4J(InputsModel = InputsModel, RunOptions = RunOptions, :
     Param[1] (X1: production store capacity [mm]) < 0.01
     X1 set to 0.01
    Warning in airGR::RunModel_GR4J(InputsModel = InputsModel, RunOptions = RunOptions, :
     Param[1] (X1: production store capacity [mm]) < 0.01
     X1 set to 0.01
    Warning in airGR::RunModel_GR4J(InputsModel = InputsModel, RunOptions = RunOptions, :
     Param[3] (X3: routing store capacity [mm]) < 0.01
     X3 set to 0.01
    Warning in airGR::RunModel_GR4J(InputsModel = InputsModel, RunOptions = RunOptions, :
     Param[1] (X1: production store capacity [mm]) < 0.01
     X1 set to 0.01
    Warning in airGR::RunModel_GR4J(InputsModel = InputsModel, RunOptions = RunOptions, :
     Param[3] (X3: routing store capacity [mm]) < 0.01
     X3 set to 0.01
    Warning in airGR::RunModel_GR4J(InputsModel = InputsModel, RunOptions = RunOptions, :
     Param[3] (X3: routing store capacity [mm]) < 0.01
     X3 set to 0.01
    Warning in airGR::RunModel_GR4J(InputsModel = InputsModel, RunOptions = RunOptions, :
     Param[1] (X1: production store capacity [mm]) < 0.01
     X1 set to 0.01
    Warning in airGR::RunModel_GR4J(InputsModel = InputsModel, RunOptions = RunOptions, :
     Param[3] (X3: routing store capacity [mm]) < 0.01
     X3 set to 0.01
    Warning in airGR::RunModel_GR4J(InputsModel = InputsModel, RunOptions = RunOptions, :
     Param[3] (X3: routing store capacity [mm]) < 0.01
     X3 set to 0.01
    Warning in airGR::RunModel_GR4J(InputsModel = InputsModel, RunOptions = RunOptions, :
     Param[1] (X1: production store capacity [mm]) < 0.01
     X1 set to 0.01
    Warning in airGR::RunModel_GR4J(InputsModel = InputsModel, RunOptions = RunOptions, :
     Param[1] (X1: production store capacity [mm]) < 0.01
     X1 set to 0.01
    Warning in airGR::RunModel_GR4J(InputsModel = InputsModel, RunOptions = RunOptions, :
     Param[1] (X1: production store capacity [mm]) < 0.01
     X1 set to 0.01
    Warning in airGR::RunModel_GR4J(InputsModel = InputsModel, RunOptions = RunOptions, :
     Param[1] (X1: production store capacity [mm]) < 0.01
     X1 set to 0.01
    Warning in airGR::RunModel_GR4J(InputsModel = InputsModel, RunOptions = RunOptions, :
     Param[3] (X3: routing store capacity [mm]) < 0.01
     X3 set to 0.01
    Warning in airGR::RunModel_GR4J(InputsModel = InputsModel, RunOptions = RunOptions, :
     Param[1] (X1: production store capacity [mm]) < 0.01
     X1 set to 0.01
    Warning in airGR::RunModel_GR4J(InputsModel = InputsModel, RunOptions = RunOptions, :
     Param[1] (X1: production store capacity [mm]) < 0.01
     X1 set to 0.01
    Warning in airGR::RunModel_GR4J(InputsModel = InputsModel, RunOptions = RunOptions, :
     Param[1] (X1: production store capacity [mm]) < 0.01
     X1 set to 0.01
    Warning in airGR::RunModel_GR4J(InputsModel = InputsModel, RunOptions = RunOptions, :
     Param[3] (X3: routing store capacity [mm]) < 0.01
     X3 set to 0.01
    Warning in airGR::RunModel_GR4J(InputsModel = InputsModel, RunOptions = RunOptions, :
     Param[1] (X1: production store capacity [mm]) < 0.01
     X1 set to 0.01
    Warning in airGR::RunModel_GR4J(InputsModel = InputsModel, RunOptions = RunOptions, :
     Param[1] (X1: production store capacity [mm]) < 0.01
     X1 set to 0.01
    Warning in airGR::RunModel_GR4J(InputsModel = InputsModel, RunOptions = RunOptions, :
     Param[3] (X3: routing store capacity [mm]) < 0.01
     X3 set to 0.01
    Warning in airGR::RunModel_GR4J(InputsModel = InputsModel, RunOptions = RunOptions, :
     Param[3] (X3: routing store capacity [mm]) < 0.01
     X3 set to 0.01
    Warning in airGR::RunModel_GR4J(InputsModel = InputsModel, RunOptions = RunOptions, :
     Param[3] (X3: routing store capacity [mm]) < 0.01
     X3 set to 0.01
    Warning in airGR::RunModel_GR4J(InputsModel = InputsModel, RunOptions = RunOptions, :
     Param[1] (X1: production store capacity [mm]) < 0.01
     X1 set to 0.01
    Warning in airGR::RunModel_GR4J(InputsModel = InputsModel, RunOptions = RunOptions, :
     Param[3] (X3: routing store capacity [mm]) < 0.01
     X3 set to 0.01
    Warning in airGR::RunModel_GR4J(InputsModel = InputsModel, RunOptions = RunOptions, :
     Param[1] (X1: production store capacity [mm]) < 0.01
     X1 set to 0.01
    Warning in airGR::RunModel_GR4J(InputsModel = InputsModel, RunOptions = RunOptions, :
     Param[3] (X3: routing store capacity [mm]) < 0.01
     X3 set to 0.01
    Warning in airGR::RunModel_GR4J(InputsModel = InputsModel, RunOptions = RunOptions, :
     Param[1] (X1: production store capacity [mm]) < 0.01
     X1 set to 0.01
    Warning in airGR::RunModel_GR4J(InputsModel = InputsModel, RunOptions = RunOptions, :
     Param[1] (X1: production store capacity [mm]) < 0.01
     X1 set to 0.01
    Warning in airGR::RunModel_GR4J(InputsModel = InputsModel, RunOptions = RunOptions, :
     Param[3] (X3: routing store capacity [mm]) < 0.01
     X3 set to 0.01
    Warning in airGR::RunModel_GR4J(InputsModel = InputsModel, RunOptions = RunOptions, :
     Param[1] (X1: production store capacity [mm]) < 0.01
     X1 set to 0.01
    Warning in airGR::RunModel_GR4J(InputsModel = InputsModel, RunOptions = RunOptions, :
     Param[3] (X3: routing store capacity [mm]) < 0.01
     X3 set to 0.01
    Warning in airGR::RunModel_GR4J(InputsModel = InputsModel, RunOptions = RunOptions, :
     Param[1] (X1: production store capacity [mm]) < 0.01
     X1 set to 0.01
    Warning in airGR::RunModel_GR4J(InputsModel = InputsModel, RunOptions = RunOptions, :
     Param[1] (X1: production store capacity [mm]) < 0.01
     X1 set to 0.01
    Warning in airGR::RunModel_GR4J(InputsModel = InputsModel, RunOptions = RunOptions, :
     Param[1] (X1: production store capacity [mm]) < 0.01
     X1 set to 0.01
    Warning in airGR::RunModel_GR4J(InputsModel = InputsModel, RunOptions = RunOptions, :
     Param[3] (X3: routing store capacity [mm]) < 0.01
     X3 set to 0.01
    Warning in airGR::RunModel_GR4J(InputsModel = InputsModel, RunOptions = RunOptions, :
     Param[3] (X3: routing store capacity [mm]) < 0.01
     X3 set to 0.01
    Warning in airGR::RunModel_GR4J(InputsModel = InputsModel, RunOptions = RunOptions, :
     Param[1] (X1: production store capacity [mm]) < 0.01
     X1 set to 0.01
    Warning in airGR::RunModel_GR4J(InputsModel = InputsModel, RunOptions = RunOptions, :
     Param[1] (X1: production store capacity [mm]) < 0.01
     X1 set to 0.01
    Warning in airGR::RunModel_GR4J(InputsModel = InputsModel, RunOptions = RunOptions, :
     Param[1] (X1: production store capacity [mm]) < 0.01
     X1 set to 0.01
    Warning in airGR::RunModel_GR4J(InputsModel = InputsModel, RunOptions = RunOptions, :
     Param[1] (X1: production store capacity [mm]) < 0.01
     X1 set to 0.01
    Warning in airGR::RunModel_GR4J(InputsModel = InputsModel, RunOptions = RunOptions, :
     Param[3] (X3: routing store capacity [mm]) < 0.01
     X3 set to 0.01
    Warning in airGR::RunModel_GR4J(InputsModel = InputsModel, RunOptions = RunOptions, :
     Param[3] (X3: routing store capacity [mm]) < 0.01
     X3 set to 0.01
    Warning in airGR::RunModel_GR4J(InputsModel = InputsModel, RunOptions = RunOptions, :
     Param[3] (X3: routing store capacity [mm]) < 0.01
     X3 set to 0.01
    Warning in airGR::RunModel_GR4J(InputsModel = InputsModel, RunOptions = RunOptions, :
     Param[3] (X3: routing store capacity [mm]) < 0.01
     X3 set to 0.01
    Warning in airGR::RunModel_GR4J(InputsModel = InputsModel, RunOptions = RunOptions, :
     Param[1] (X1: production store capacity [mm]) < 0.01
     X1 set to 0.01
    Warning in airGR::RunModel_GR4J(InputsModel = InputsModel, RunOptions = RunOptions, :
     Param[1] (X1: production store capacity [mm]) < 0.01
     X1 set to 0.01
    Warning in airGR::RunModel_GR4J(InputsModel = InputsModel, RunOptions = RunOptions, :
     Param[1] (X1: production store capacity [mm]) < 0.01
     X1 set to 0.01
    Warning in airGR::RunModel_GR4J(InputsModel = InputsModel, RunOptions = RunOptions, :
     Param[3] (X3: routing store capacity [mm]) < 0.01
     X3 set to 0.01
    Warning in airGR::RunModel_GR4J(InputsModel = InputsModel, RunOptions = RunOptions, :
     Param[1] (X1: production store capacity [mm]) < 0.01
     X1 set to 0.01
    Warning in airGR::RunModel_GR4J(InputsModel = InputsModel, RunOptions = RunOptions, :
     Param[3] (X3: routing store capacity [mm]) < 0.01
     X3 set to 0.01
    Warning in airGR::RunModel_GR4J(InputsModel = InputsModel, RunOptions = RunOptions, :
     Param[1] (X1: production store capacity [mm]) < 0.01
     X1 set to 0.01
    Warning in airGR::RunModel_GR4J(InputsModel = InputsModel, RunOptions = RunOptions, :
     Param[1] (X1: production store capacity [mm]) < 0.01
     X1 set to 0.01
    Warning in airGR::RunModel_GR4J(InputsModel = InputsModel, RunOptions = RunOptions, :
     Param[1] (X1: production store capacity [mm]) < 0.01
     X1 set to 0.01
    Warning in airGR::RunModel_GR4J(InputsModel = InputsModel, RunOptions = RunOptions, :
     Param[1] (X1: production store capacity [mm]) < 0.01
     X1 set to 0.01
    Warning in airGR::RunModel_GR4J(InputsModel = InputsModel, RunOptions = RunOptions, :
     Param[1] (X1: production store capacity [mm]) < 0.01
     X1 set to 0.01
    Warning in airGR::RunModel_GR4J(InputsModel = InputsModel, RunOptions = RunOptions, :
     Param[3] (X3: routing store capacity [mm]) < 0.01
     X3 set to 0.01
    Warning in airGR::RunModel_GR4J(InputsModel = InputsModel, RunOptions = RunOptions, :
     Param[1] (X1: production store capacity [mm]) < 0.01
     X1 set to 0.01
    Warning in airGR::RunModel_GR4J(InputsModel = InputsModel, RunOptions = RunOptions, :
     Param[1] (X1: production store capacity [mm]) < 0.01
     X1 set to 0.01
    Warning in airGR::RunModel_GR4J(InputsModel = InputsModel, RunOptions = RunOptions, :
     Param[1] (X1: production store capacity [mm]) < 0.01
     X1 set to 0.01
    Warning in airGR::RunModel_GR4J(InputsModel = InputsModel, RunOptions = RunOptions, :
     Param[1] (X1: production store capacity [mm]) < 0.01
     X1 set to 0.01
    Warning in airGR::RunModel_GR4J(InputsModel = InputsModel, RunOptions = RunOptions, :
     Param[3] (X3: routing store capacity [mm]) < 0.01
     X3 set to 0.01
    Warning in airGR::RunModel_GR4J(InputsModel = InputsModel, RunOptions = RunOptions, :
     Param[1] (X1: production store capacity [mm]) < 0.01
     X1 set to 0.01
    Warning in airGR::RunModel_GR4J(InputsModel = InputsModel, RunOptions = RunOptions, :
     Param[3] (X3: routing store capacity [mm]) < 0.01
     X3 set to 0.01
    Warning in airGR::RunModel_GR4J(InputsModel = InputsModel, RunOptions = RunOptions, :
     Param[3] (X3: routing store capacity [mm]) < 0.01
     X3 set to 0.01
    Warning in airGR::RunModel_GR4J(InputsModel = InputsModel, RunOptions = RunOptions, :
     Param[3] (X3: routing store capacity [mm]) < 0.01
     X3 set to 0.01
    Warning in airGR::RunModel_GR4J(InputsModel = InputsModel, RunOptions = RunOptions, :
     Param[3] (X3: routing store capacity [mm]) < 0.01
     X3 set to 0.01
    Warning in airGR::RunModel_GR4J(InputsModel = InputsModel, RunOptions = RunOptions, :
     Param[1] (X1: production store capacity [mm]) < 0.01
     X1 set to 0.01
    Warning in airGR::RunModel_GR4J(InputsModel = InputsModel, RunOptions = RunOptions, :
     Param[1] (X1: production store capacity [mm]) < 0.01
     X1 set to 0.01
    Warning in airGR::RunModel_GR4J(InputsModel = InputsModel, RunOptions = RunOptions, :
     Param[1] (X1: production store capacity [mm]) < 0.01
     X1 set to 0.01
    Warning in airGR::RunModel_GR4J(InputsModel = InputsModel, RunOptions = RunOptions, :
     Param[1] (X1: production store capacity [mm]) < 0.01
     X1 set to 0.01
    Warning in airGR::RunModel_GR4J(InputsModel = InputsModel, RunOptions = RunOptions, :
     Param[3] (X3: routing store capacity [mm]) < 0.01
     X3 set to 0.01
    Warning in airGR::RunModel_GR4J(InputsModel = InputsModel, RunOptions = RunOptions, :
     Param[1] (X1: production store capacity [mm]) < 0.01
     X1 set to 0.01
    Warning in airGR::RunModel_GR4J(InputsModel = InputsModel, RunOptions = RunOptions, :
     Param[3] (X3: routing store capacity [mm]) < 0.01
     X3 set to 0.01
    Warning in airGR::RunModel_GR4J(InputsModel = InputsModel, RunOptions = RunOptions, :
     Param[3] (X3: routing store capacity [mm]) < 0.01
     X3 set to 0.01
    Warning in airGR::RunModel_GR4J(InputsModel = InputsModel, RunOptions = RunOptions, :
     Param[1] (X1: production store capacity [mm]) < 0.01
     X1 set to 0.01
    Warning in airGR::RunModel_GR4J(InputsModel = InputsModel, RunOptions = RunOptions, :
     Param[1] (X1: production store capacity [mm]) < 0.01
     X1 set to 0.01
    Warning in airGR::RunModel_GR4J(InputsModel = InputsModel, RunOptions = RunOptions, :
     Param[1] (X1: production store capacity [mm]) < 0.01
     X1 set to 0.01
    Warning in airGR::RunModel_GR4J(InputsModel = InputsModel, RunOptions = RunOptions, :
     Param[1] (X1: production store capacity [mm]) < 0.01
     X1 set to 0.01
    Warning in airGR::RunModel_GR4J(InputsModel = InputsModel, RunOptions = RunOptions, :
     Param[3] (X3: routing store capacity [mm]) < 0.01
     X3 set to 0.01
    Warning in airGR::RunModel_GR4J(InputsModel = InputsModel, RunOptions = RunOptions, :
     Param[1] (X1: production store capacity [mm]) < 0.01
     X1 set to 0.01
    Warning in airGR::RunModel_GR4J(InputsModel = InputsModel, RunOptions = RunOptions, :
     Param[1] (X1: production store capacity [mm]) < 0.01
     X1 set to 0.01
    Warning in airGR::RunModel_GR4J(InputsModel = InputsModel, RunOptions = RunOptions, :
     Param[1] (X1: production store capacity [mm]) < 0.01
     X1 set to 0.01
    Warning in airGR::RunModel_GR4J(InputsModel = InputsModel, RunOptions = RunOptions, :
     Param[1] (X1: production store capacity [mm]) < 0.01
     X1 set to 0.01
    Warning in airGR::RunModel_GR4J(InputsModel = InputsModel, RunOptions = RunOptions, :
     Param[1] (X1: production store capacity [mm]) < 0.01
     X1 set to 0.01
    Warning in airGR::RunModel_GR4J(InputsModel = InputsModel, RunOptions = RunOptions, :
     Param[3] (X3: routing store capacity [mm]) < 0.01
     X3 set to 0.01
    Warning in airGR::RunModel_GR4J(InputsModel = InputsModel, RunOptions = RunOptions, :
     Param[3] (X3: routing store capacity [mm]) < 0.01
     X3 set to 0.01
    Warning in airGR::RunModel_GR4J(InputsModel = InputsModel, RunOptions = RunOptions, :
     Param[1] (X1: production store capacity [mm]) < 0.01
     X1 set to 0.01
    Warning in airGR::RunModel_GR4J(InputsModel = InputsModel, RunOptions = RunOptions, :
     Param[1] (X1: production store capacity [mm]) < 0.01
     X1 set to 0.01
    Warning in airGR::RunModel_GR4J(InputsModel = InputsModel, RunOptions = RunOptions, :
     Param[1] (X1: production store capacity [mm]) < 0.01
     X1 set to 0.01
    Warning in airGR::RunModel_GR4J(InputsModel = InputsModel, RunOptions = RunOptions, :
     Param[1] (X1: production store capacity [mm]) < 0.01
     X1 set to 0.01
    Warning in airGR::RunModel_GR4J(InputsModel = InputsModel, RunOptions = RunOptions, :
     Param[3] (X3: routing store capacity [mm]) < 0.01
     X3 set to 0.01
    Warning in airGR::RunModel_GR4J(InputsModel = InputsModel, RunOptions = RunOptions, :
     Param[1] (X1: production store capacity [mm]) < 0.01
     X1 set to 0.01
    Warning in airGR::RunModel_GR4J(InputsModel = InputsModel, RunOptions = RunOptions, :
     Param[1] (X1: production store capacity [mm]) < 0.01
     X1 set to 0.01
    Warning in airGR::RunModel_GR4J(InputsModel = InputsModel, RunOptions = RunOptions, :
     Param[1] (X1: production store capacity [mm]) < 0.01
     X1 set to 0.01
    Warning in airGR::RunModel_GR4J(InputsModel = InputsModel, RunOptions = RunOptions, :
     Param[1] (X1: production store capacity [mm]) < 0.01
     X1 set to 0.01
    Warning in airGR::RunModel_GR4J(InputsModel = InputsModel, RunOptions = RunOptions, :
     Param[1] (X1: production store capacity [mm]) < 0.01
     X1 set to 0.01
    Warning in airGR::RunModel_GR4J(InputsModel = InputsModel, RunOptions = RunOptions, :
     Param[1] (X1: production store capacity [mm]) < 0.01
     X1 set to 0.01
    Warning in airGR::RunModel_GR4J(InputsModel = InputsModel, RunOptions = RunOptions, :
     Param[3] (X3: routing store capacity [mm]) < 0.01
     X3 set to 0.01
    Warning in airGR::RunModel_GR4J(InputsModel = InputsModel, RunOptions = RunOptions, :
     Param[1] (X1: production store capacity [mm]) < 0.01
     X1 set to 0.01
    Warning in airGR::RunModel_GR4J(InputsModel = InputsModel, RunOptions = RunOptions, :
     Param[1] (X1: production store capacity [mm]) < 0.01
     X1 set to 0.01
    Warning in airGR::RunModel_GR4J(InputsModel = InputsModel, RunOptions = RunOptions, :
     Param[3] (X3: routing store capacity [mm]) < 0.01
     X3 set to 0.01
    Warning in airGR::RunModel_GR4J(InputsModel = InputsModel, RunOptions = RunOptions, :
     Param[1] (X1: production store capacity [mm]) < 0.01
     X1 set to 0.01
    Warning in airGR::RunModel_GR4J(InputsModel = InputsModel, RunOptions = RunOptions, :
     Param[3] (X3: routing store capacity [mm]) < 0.01
     X3 set to 0.01
    Warning in airGR::RunModel_GR4J(InputsModel = InputsModel, RunOptions = RunOptions, :
     Param[1] (X1: production store capacity [mm]) < 0.01
     X1 set to 0.01
    Warning in airGR::RunModel_GR4J(InputsModel = InputsModel, RunOptions = RunOptions, :
     Param[1] (X1: production store capacity [mm]) < 0.01
     X1 set to 0.01
    Warning in airGR::RunModel_GR4J(InputsModel = InputsModel, RunOptions = RunOptions, :
     Param[1] (X1: production store capacity [mm]) < 0.01
     X1 set to 0.01
    Warning in airGR::RunModel_GR4J(InputsModel = InputsModel, RunOptions = RunOptions, :
     Param[3] (X3: routing store capacity [mm]) < 0.01
     X3 set to 0.01
    Warning in airGR::RunModel_GR4J(InputsModel = InputsModel, RunOptions = RunOptions, :
     Param[1] (X1: production store capacity [mm]) < 0.01
     X1 set to 0.01
    Warning in airGR::RunModel_GR4J(InputsModel = InputsModel, RunOptions = RunOptions, :
     Param[1] (X1: production store capacity [mm]) < 0.01
     X1 set to 0.01
    Warning in airGR::RunModel_GR4J(InputsModel = InputsModel, RunOptions = RunOptions, :
     Param[1] (X1: production store capacity [mm]) < 0.01
     X1 set to 0.01
    Warning in airGR::RunModel_GR4J(InputsModel = InputsModel, RunOptions = RunOptions, :
     Param[1] (X1: production store capacity [mm]) < 0.01
     X1 set to 0.01
    Warning in airGR::RunModel_GR4J(InputsModel = InputsModel, RunOptions = RunOptions, :
     Param[1] (X1: production store capacity [mm]) < 0.01
     X1 set to 0.01
    Warning in airGR::RunModel_GR4J(InputsModel = InputsModel, RunOptions = RunOptions, :
     Param[1] (X1: production store capacity [mm]) < 0.01
     X1 set to 0.01
    Warning in airGR::RunModel_GR4J(InputsModel = InputsModel, RunOptions = RunOptions, :
     Param[1] (X1: production store capacity [mm]) < 0.01
     X1 set to 0.01
    Warning in airGR::RunModel_GR4J(InputsModel = InputsModel, RunOptions = RunOptions, :
     Param[1] (X1: production store capacity [mm]) < 0.01
     X1 set to 0.01
    Warning in airGR::RunModel_GR4J(InputsModel = InputsModel, RunOptions = RunOptions, :
     Param[1] (X1: production store capacity [mm]) < 0.01
     X1 set to 0.01
    Warning in airGR::RunModel_GR4J(InputsModel = InputsModel, RunOptions = RunOptions, :
     Param[1] (X1: production store capacity [mm]) < 0.01
     X1 set to 0.01
    Warning in airGR::RunModel_GR4J(InputsModel = InputsModel, RunOptions = RunOptions, :
     Param[1] (X1: production store capacity [mm]) < 0.01
     X1 set to 0.01
    Warning in airGR::RunModel_GR4J(InputsModel = InputsModel, RunOptions = RunOptions, :
     Param[3] (X3: routing store capacity [mm]) < 0.01
     X3 set to 0.01
    Warning in airGR::RunModel_GR4J(InputsModel = InputsModel, RunOptions = RunOptions, :
     Param[3] (X3: routing store capacity [mm]) < 0.01
     X3 set to 0.01
    Warning in airGR::RunModel_GR4J(InputsModel = InputsModel, RunOptions = RunOptions, :
     Param[1] (X1: production store capacity [mm]) < 0.01
     X1 set to 0.01
    Warning in airGR::RunModel_GR4J(InputsModel = InputsModel, RunOptions = RunOptions, :
     Param[1] (X1: production store capacity [mm]) < 0.01
     X1 set to 0.01
    Warning in airGR::RunModel_GR4J(InputsModel = InputsModel, RunOptions = RunOptions, :
     Param[1] (X1: production store capacity [mm]) < 0.01
     X1 set to 0.01
    Warning in airGR::RunModel_GR4J(InputsModel = InputsModel, RunOptions = RunOptions, :
     Param[3] (X3: routing store capacity [mm]) < 0.01
     X3 set to 0.01
    Warning in airGR::RunModel_GR4J(InputsModel = InputsModel, RunOptions = RunOptions, :
     Param[1] (X1: production store capacity [mm]) < 0.01
     X1 set to 0.01
    Warning in airGR::RunModel_GR4J(InputsModel = InputsModel, RunOptions = RunOptions, :
     Param[1] (X1: production store capacity [mm]) < 0.01
     X1 set to 0.01
    Warning in airGR::RunModel_GR4J(InputsModel = InputsModel, RunOptions = RunOptions, :
     Param[1] (X1: production store capacity [mm]) < 0.01
     X1 set to 0.01
    Warning in airGR::RunModel_GR4J(InputsModel = InputsModel, RunOptions = RunOptions, :
     Param[1] (X1: production store capacity [mm]) < 0.01
     X1 set to 0.01
    Warning in airGR::RunModel_GR4J(InputsModel = InputsModel, RunOptions = RunOptions, :
     Param[1] (X1: production store capacity [mm]) < 0.01
     X1 set to 0.01
    Warning in airGR::RunModel_GR4J(InputsModel = InputsModel, RunOptions = RunOptions, :
     Param[3] (X3: routing store capacity [mm]) < 0.01
     X3 set to 0.01
    Warning in airGR::RunModel_GR4J(InputsModel = InputsModel, RunOptions = RunOptions, :
     Param[1] (X1: production store capacity [mm]) < 0.01
     X1 set to 0.01
    Warning in airGR::RunModel_GR4J(InputsModel = InputsModel, RunOptions = RunOptions, :
     Param[1] (X1: production store capacity [mm]) < 0.01
     X1 set to 0.01
    Warning in airGR::RunModel_GR4J(InputsModel = InputsModel, RunOptions = RunOptions, :
     Param[1] (X1: production store capacity [mm]) < 0.01
     X1 set to 0.01
    Warning in airGR::RunModel_GR4J(InputsModel = InputsModel, RunOptions = RunOptions, :
     Param[1] (X1: production store capacity [mm]) < 0.01
     X1 set to 0.01
    Warning in airGR::RunModel_GR4J(InputsModel = InputsModel, RunOptions = RunOptions, :
     Param[1] (X1: production store capacity [mm]) < 0.01
     X1 set to 0.01
    Warning in airGR::RunModel_GR4J(InputsModel = InputsModel, RunOptions = RunOptions, :
     Param[1] (X1: production store capacity [mm]) < 0.01
     X1 set to 0.01
    Warning in airGR::RunModel_GR4J(InputsModel = InputsModel, RunOptions = RunOptions, :
     Param[1] (X1: production store capacity [mm]) < 0.01
     X1 set to 0.01
    Warning in airGR::RunModel_GR4J(InputsModel = InputsModel, RunOptions = RunOptions, :
     Param[3] (X3: routing store capacity [mm]) < 0.01
     X3 set to 0.01
    Warning in airGR::RunModel_GR4J(InputsModel = InputsModel, RunOptions = RunOptions, :
     Param[1] (X1: production store capacity [mm]) < 0.01
     X1 set to 0.01
    Warning in airGR::RunModel_GR4J(InputsModel = InputsModel, RunOptions = RunOptions, :
     Param[3] (X3: routing store capacity [mm]) < 0.01
     X3 set to 0.01
    Warning in airGR::RunModel_GR4J(InputsModel = InputsModel, RunOptions = RunOptions, :
     Param[1] (X1: production store capacity [mm]) < 0.01
     X1 set to 0.01
    Warning in airGR::RunModel_GR4J(InputsModel = InputsModel, RunOptions = RunOptions, :
     Param[1] (X1: production store capacity [mm]) < 0.01
     X1 set to 0.01
    Warning in airGR::RunModel_GR4J(InputsModel = InputsModel, RunOptions = RunOptions, :
     Param[3] (X3: routing store capacity [mm]) < 0.01
     X3 set to 0.01
    Warning in airGR::RunModel_GR4J(InputsModel = InputsModel, RunOptions = RunOptions, :
     Param[1] (X1: production store capacity [mm]) < 0.01
     X1 set to 0.01
    Warning in airGR::RunModel_GR4J(InputsModel = InputsModel, RunOptions = RunOptions, :
     Param[1] (X1: production store capacity [mm]) < 0.01
     X1 set to 0.01
    Warning in airGR::RunModel_GR4J(InputsModel = InputsModel, RunOptions = RunOptions, :
     Param[1] (X1: production store capacity [mm]) < 0.01
     X1 set to 0.01
    Warning in airGR::RunModel_GR4J(InputsModel = InputsModel, RunOptions = RunOptions, :
     Param[1] (X1: production store capacity [mm]) < 0.01
     X1 set to 0.01
    Warning in airGR::RunModel_GR4J(InputsModel = InputsModel, RunOptions = RunOptions, :
     Param[1] (X1: production store capacity [mm]) < 0.01
     X1 set to 0.01
    Warning in airGR::RunModel_GR4J(InputsModel = InputsModel, RunOptions = RunOptions, :
     Param[1] (X1: production store capacity [mm]) < 0.01
     X1 set to 0.01
    Warning in airGR::RunModel_GR4J(InputsModel = InputsModel, RunOptions = RunOptions, :
     Param[1] (X1: production store capacity [mm]) < 0.01
     X1 set to 0.01
    Warning in airGR::RunModel_GR4J(InputsModel = InputsModel, RunOptions = RunOptions, :
     Param[1] (X1: production store capacity [mm]) < 0.01
     X1 set to 0.01
    Warning in airGR::RunModel_GR4J(InputsModel = InputsModel, RunOptions = RunOptions, :
     Param[1] (X1: production store capacity [mm]) < 0.01
     X1 set to 0.01
    Warning in airGR::RunModel_GR4J(InputsModel = InputsModel, RunOptions = RunOptions, :
     Param[3] (X3: routing store capacity [mm]) < 0.01
     X3 set to 0.01
    Warning in airGR::RunModel_GR4J(InputsModel = InputsModel, RunOptions = RunOptions, :
     Param[3] (X3: routing store capacity [mm]) < 0.01
     X3 set to 0.01
    Warning in airGR::RunModel_GR4J(InputsModel = InputsModel, RunOptions = RunOptions, :
     Param[1] (X1: production store capacity [mm]) < 0.01
     X1 set to 0.01
    Warning in airGR::RunModel_GR4J(InputsModel = InputsModel, RunOptions = RunOptions, :
     Param[1] (X1: production store capacity [mm]) < 0.01
     X1 set to 0.01
    Warning in airGR::RunModel_GR4J(InputsModel = InputsModel, RunOptions = RunOptions, :
     Param[1] (X1: production store capacity [mm]) < 0.01
     X1 set to 0.01
    Warning in airGR::RunModel_GR4J(InputsModel = InputsModel, RunOptions = RunOptions, :
     Param[1] (X1: production store capacity [mm]) < 0.01
     X1 set to 0.01
    Warning in airGR::RunModel_GR4J(InputsModel = InputsModel, RunOptions = RunOptions, :
     Param[1] (X1: production store capacity [mm]) < 0.01
     X1 set to 0.01
    Warning in airGR::RunModel_GR4J(InputsModel = InputsModel, RunOptions = RunOptions, :
     Param[1] (X1: production store capacity [mm]) < 0.01
     X1 set to 0.01
    Warning in airGR::RunModel_GR4J(InputsModel = InputsModel, RunOptions = RunOptions, :
     Param[1] (X1: production store capacity [mm]) < 0.01
     X1 set to 0.01
    Warning in airGR::RunModel_GR4J(InputsModel = InputsModel, RunOptions = RunOptions, :
     Param[3] (X3: routing store capacity [mm]) < 0.01
     X3 set to 0.01
    Warning in airGR::RunModel_GR4J(InputsModel = InputsModel, RunOptions = RunOptions, :
     Param[1] (X1: production store capacity [mm]) < 0.01
     X1 set to 0.01
    Warning in airGR::RunModel_GR4J(InputsModel = InputsModel, RunOptions = RunOptions, :
     Param[1] (X1: production store capacity [mm]) < 0.01
     X1 set to 0.01
    Warning in airGR::RunModel_GR4J(InputsModel = InputsModel, RunOptions = RunOptions, :
     Param[3] (X3: routing store capacity [mm]) < 0.01
     X3 set to 0.01
    Warning in airGR::RunModel_GR4J(InputsModel = InputsModel, RunOptions = RunOptions, :
     Param[1] (X1: production store capacity [mm]) < 0.01
     X1 set to 0.01
    Warning in airGR::RunModel_GR4J(InputsModel = InputsModel, RunOptions = RunOptions, :
     Param[1] (X1: production store capacity [mm]) < 0.01
     X1 set to 0.01
    Warning in airGR::RunModel_GR4J(InputsModel = InputsModel, RunOptions = RunOptions, :
     Param[1] (X1: production store capacity [mm]) < 0.01
     X1 set to 0.01
    Warning in airGR::RunModel_GR4J(InputsModel = InputsModel, RunOptions = RunOptions, :
     Param[1] (X1: production store capacity [mm]) < 0.01
     X1 set to 0.01
    Warning in airGR::RunModel_GR4J(InputsModel = InputsModel, RunOptions = RunOptions, :
     Param[1] (X1: production store capacity [mm]) < 0.01
     X1 set to 0.01
    Warning in airGR::RunModel_GR4J(InputsModel = InputsModel, RunOptions = RunOptions, :
     Param[1] (X1: production store capacity [mm]) < 0.01
     X1 set to 0.01
    Warning in airGR::RunModel_GR4J(InputsModel = InputsModel, RunOptions = RunOptions, :
     Param[1] (X1: production store capacity [mm]) < 0.01
     X1 set to 0.01
    Warning in airGR::RunModel_GR4J(InputsModel = InputsModel, RunOptions = RunOptions, :
     Param[1] (X1: production store capacity [mm]) < 0.01
     X1 set to 0.01
    Warning in airGR::RunModel_GR4J(InputsModel = InputsModel, RunOptions = RunOptions, :
     Param[3] (X3: routing store capacity [mm]) < 0.01
     X3 set to 0.01
    Warning in airGR::RunModel_GR4J(InputsModel = InputsModel, RunOptions = RunOptions, :
     Param[1] (X1: production store capacity [mm]) < 0.01
     X1 set to 0.01
    Warning in airGR::RunModel_GR4J(InputsModel = InputsModel, RunOptions = RunOptions, :
     Param[3] (X3: routing store capacity [mm]) < 0.01
     X3 set to 0.01
    Warning in airGR::RunModel_GR4J(InputsModel = InputsModel, RunOptions = RunOptions, :
     Param[3] (X3: routing store capacity [mm]) < 0.01
     X3 set to 0.01
    Warning in airGR::RunModel_GR4J(InputsModel = InputsModel, RunOptions = RunOptions, :
     Param[1] (X1: production store capacity [mm]) < 0.01
     X1 set to 0.01
    Warning in airGR::RunModel_GR4J(InputsModel = InputsModel, RunOptions = RunOptions, :
     Param[1] (X1: production store capacity [mm]) < 0.01
     X1 set to 0.01
    Warning in airGR::RunModel_GR4J(InputsModel = InputsModel, RunOptions = RunOptions, :
     Param[3] (X3: routing store capacity [mm]) < 0.01
     X3 set to 0.01
    Warning in airGR::RunModel_GR4J(InputsModel = InputsModel, RunOptions = RunOptions, :
     Param[3] (X3: routing store capacity [mm]) < 0.01
     X3 set to 0.01
    Warning in airGR::RunModel_GR4J(InputsModel = InputsModel, RunOptions = RunOptions, :
     Param[1] (X1: production store capacity [mm]) < 0.01
     X1 set to 0.01
    Warning in airGR::RunModel_GR4J(InputsModel = InputsModel, RunOptions = RunOptions, :
     Param[1] (X1: production store capacity [mm]) < 0.01
     X1 set to 0.01
    Warning in airGR::RunModel_GR4J(InputsModel = InputsModel, RunOptions = RunOptions, :
     Param[1] (X1: production store capacity [mm]) < 0.01
     X1 set to 0.01
    Warning in airGR::RunModel_GR4J(InputsModel = InputsModel, RunOptions = RunOptions, :
     Param[1] (X1: production store capacity [mm]) < 0.01
     X1 set to 0.01
    Warning in airGR::RunModel_GR4J(InputsModel = InputsModel, RunOptions = RunOptions, :
     Param[1] (X1: production store capacity [mm]) < 0.01
     X1 set to 0.01
    Warning in airGR::RunModel_GR4J(InputsModel = InputsModel, RunOptions = RunOptions, :
     Param[1] (X1: production store capacity [mm]) < 0.01
     X1 set to 0.01
    Warning in airGR::RunModel_GR4J(InputsModel = InputsModel, RunOptions = RunOptions, :
     Param[1] (X1: production store capacity [mm]) < 0.01
     X1 set to 0.01
    Warning in airGR::RunModel_GR4J(InputsModel = InputsModel, RunOptions = RunOptions, :
     Param[1] (X1: production store capacity [mm]) < 0.01
     X1 set to 0.01
    Warning in airGR::RunModel_GR4J(InputsModel = InputsModel, RunOptions = RunOptions, :
     Param[1] (X1: production store capacity [mm]) < 0.01
     X1 set to 0.01
    Warning in airGR::RunModel_GR4J(InputsModel = InputsModel, RunOptions = RunOptions, :
     Param[3] (X3: routing store capacity [mm]) < 0.01
     X3 set to 0.01
    Warning in airGR::RunModel_GR4J(InputsModel = InputsModel, RunOptions = RunOptions, :
     Param[1] (X1: production store capacity [mm]) < 0.01
     X1 set to 0.01
    Warning in airGR::RunModel_GR4J(InputsModel = InputsModel, RunOptions = RunOptions, :
     Param[3] (X3: routing store capacity [mm]) < 0.01
     X3 set to 0.01
    Warning in airGR::RunModel_GR4J(InputsModel = InputsModel, RunOptions = RunOptions, :
     Param[1] (X1: production store capacity [mm]) < 0.01
     X1 set to 0.01
    Warning in airGR::RunModel_GR4J(InputsModel = InputsModel, RunOptions = RunOptions, :
     Param[1] (X1: production store capacity [mm]) < 0.01
     X1 set to 0.01
    Warning in airGR::RunModel_GR4J(InputsModel = InputsModel, RunOptions = RunOptions, :
     Param[1] (X1: production store capacity [mm]) < 0.01
     X1 set to 0.01
    Warning in airGR::RunModel_GR4J(InputsModel = InputsModel, RunOptions = RunOptions, :
     Param[1] (X1: production store capacity [mm]) < 0.01
     X1 set to 0.01
    Warning in airGR::RunModel_GR4J(InputsModel = InputsModel, RunOptions = RunOptions, :
     Param[1] (X1: production store capacity [mm]) < 0.01
     X1 set to 0.01
    Warning in airGR::RunModel_GR4J(InputsModel = InputsModel, RunOptions = RunOptions, :
     Param[1] (X1: production store capacity [mm]) < 0.01
     X1 set to 0.01
    Warning in airGR::RunModel_GR4J(InputsModel = InputsModel, RunOptions = RunOptions, :
     Param[1] (X1: production store capacity [mm]) < 0.01
     X1 set to 0.01
    Warning in airGR::RunModel_GR4J(InputsModel = InputsModel, RunOptions = RunOptions, :
     Param[1] (X1: production store capacity [mm]) < 0.01
     X1 set to 0.01
    Warning in airGR::RunModel_GR4J(InputsModel = InputsModel, RunOptions = RunOptions, :
     Param[1] (X1: production store capacity [mm]) < 0.01
     X1 set to 0.01
    Warning in airGR::RunModel_GR4J(InputsModel = InputsModel, RunOptions = RunOptions, :
     Param[1] (X1: production store capacity [mm]) < 0.01
     X1 set to 0.01
    Warning in airGR::RunModel_GR4J(InputsModel = InputsModel, RunOptions = RunOptions, :
     Param[1] (X1: production store capacity [mm]) < 0.01
     X1 set to 0.01
    Warning in airGR::RunModel_GR4J(InputsModel = InputsModel, RunOptions = RunOptions, :
     Param[1] (X1: production store capacity [mm]) < 0.01
     X1 set to 0.01
    Warning in airGR::RunModel_GR4J(InputsModel = InputsModel, RunOptions = RunOptions, :
     Param[1] (X1: production store capacity [mm]) < 0.01
     X1 set to 0.01
    Warning in airGR::RunModel_GR4J(InputsModel = InputsModel, RunOptions = RunOptions, :
     Param[1] (X1: production store capacity [mm]) < 0.01
     X1 set to 0.01
    Warning in airGR::RunModel_GR4J(InputsModel = InputsModel, RunOptions = RunOptions, :
     Param[1] (X1: production store capacity [mm]) < 0.01
     X1 set to 0.01
    Warning in airGR::RunModel_GR4J(InputsModel = InputsModel, RunOptions = RunOptions, :
     Param[1] (X1: production store capacity [mm]) < 0.01
     X1 set to 0.01
    Warning in airGR::RunModel_GR4J(InputsModel = InputsModel, RunOptions = RunOptions, :
     Param[1] (X1: production store capacity [mm]) < 0.01
     X1 set to 0.01
    Warning in airGR::RunModel_GR4J(InputsModel = InputsModel, RunOptions = RunOptions, :
     Param[1] (X1: production store capacity [mm]) < 0.01
     X1 set to 0.01
    Warning in airGR::RunModel_GR4J(InputsModel = InputsModel, RunOptions = RunOptions, :
     Param[1] (X1: production store capacity [mm]) < 0.01
     X1 set to 0.01
    Warning in airGR::RunModel_GR4J(InputsModel = InputsModel, RunOptions = RunOptions, :
     Param[1] (X1: production store capacity [mm]) < 0.01
     X1 set to 0.01
    Warning in airGR::RunModel_GR4J(InputsModel = InputsModel, RunOptions = RunOptions, :
     Param[1] (X1: production store capacity [mm]) < 0.01
     X1 set to 0.01
    Warning in airGR::RunModel_GR4J(InputsModel = InputsModel, RunOptions = RunOptions, :
     Param[1] (X1: production store capacity [mm]) < 0.01
     X1 set to 0.01
    Warning in airGR::RunModel_GR4J(InputsModel = InputsModel, RunOptions = RunOptions, :
     Param[1] (X1: production store capacity [mm]) < 0.01
     X1 set to 0.01
    Warning in airGR::RunModel_GR4J(InputsModel = InputsModel, RunOptions = RunOptions, :
     Param[1] (X1: production store capacity [mm]) < 0.01
     X1 set to 0.01
    Warning in airGR::RunModel_GR4J(InputsModel = InputsModel, RunOptions = RunOptions, :
     Param[1] (X1: production store capacity [mm]) < 0.01
     X1 set to 0.01
    Warning in airGR::RunModel_GR4J(InputsModel = InputsModel, RunOptions = RunOptions, :
     Param[1] (X1: production store capacity [mm]) < 0.01
     X1 set to 0.01
    Warning in airGR::RunModel_GR4J(InputsModel = InputsModel, RunOptions = RunOptions, :
     Param[1] (X1: production store capacity [mm]) < 0.01
     X1 set to 0.01
    Warning in airGR::RunModel_GR4J(InputsModel = InputsModel, RunOptions = RunOptions, :
     Param[1] (X1: production store capacity [mm]) < 0.01
     X1 set to 0.01
    Warning in airGR::RunModel_GR4J(InputsModel = InputsModel, RunOptions = RunOptions, :
     Param[1] (X1: production store capacity [mm]) < 0.01
     X1 set to 0.01
    Warning in airGR::RunModel_GR4J(InputsModel = InputsModel, RunOptions = RunOptions, :
     Param[1] (X1: production store capacity [mm]) < 0.01
     X1 set to 0.01
    Warning in airGR::RunModel_GR4J(InputsModel = InputsModel, RunOptions = RunOptions, :
     Param[1] (X1: production store capacity [mm]) < 0.01
     X1 set to 0.01
    Warning in airGR::RunModel_GR4J(InputsModel = InputsModel, RunOptions = RunOptions, :
     Param[1] (X1: production store capacity [mm]) < 0.01
     X1 set to 0.01
    Warning in airGR::RunModel_GR4J(InputsModel = InputsModel, RunOptions = RunOptions, :
     Param[1] (X1: production store capacity [mm]) < 0.01
     X1 set to 0.01
    Warning in airGR::RunModel_GR4J(InputsModel = InputsModel, RunOptions = RunOptions, :
     Param[1] (X1: production store capacity [mm]) < 0.01
     X1 set to 0.01
    Warning in airGR::RunModel_GR4J(InputsModel = InputsModel, RunOptions = RunOptions, :
     Param[1] (X1: production store capacity [mm]) < 0.01
     X1 set to 0.01
    Warning in airGR::RunModel_GR4J(InputsModel = InputsModel, RunOptions = RunOptions, :
     Param[1] (X1: production store capacity [mm]) < 0.01
     X1 set to 0.01
    Warning in airGR::RunModel_GR4J(InputsModel = InputsModel, RunOptions = RunOptions, :
     Param[1] (X1: production store capacity [mm]) < 0.01
     X1 set to 0.01
    Warning in airGR::RunModel_GR4J(InputsModel = InputsModel, RunOptions = RunOptions, :
     Param[1] (X1: production store capacity [mm]) < 0.01
     X1 set to 0.01
    Warning in airGR::RunModel_GR4J(InputsModel = InputsModel, RunOptions = RunOptions, :
     Param[1] (X1: production store capacity [mm]) < 0.01
     X1 set to 0.01
    Warning in airGR::RunModel_GR4J(InputsModel = InputsModel, RunOptions = RunOptions, :
     Param[1] (X1: production store capacity [mm]) < 0.01
     X1 set to 0.01
    Warning in airGR::RunModel_GR4J(InputsModel = InputsModel, RunOptions = RunOptions, :
     Param[1] (X1: production store capacity [mm]) < 0.01
     X1 set to 0.01
    Warning in airGR::RunModel_GR4J(InputsModel = InputsModel, RunOptions = RunOptions, :
     Param[1] (X1: production store capacity [mm]) < 0.01
     X1 set to 0.01
    Warning in airGR::RunModel_GR4J(InputsModel = InputsModel, RunOptions = RunOptions, :
     Param[1] (X1: production store capacity [mm]) < 0.01
     X1 set to 0.01
    Warning in airGR::RunModel_GR4J(InputsModel = InputsModel, RunOptions = RunOptions, :
     Param[1] (X1: production store capacity [mm]) < 0.01
     X1 set to 0.01
    Warning in airGR::RunModel_GR4J(InputsModel = InputsModel, RunOptions = RunOptions, :
     Param[1] (X1: production store capacity [mm]) < 0.01
     X1 set to 0.01
    Warning in airGR::RunModel_GR4J(InputsModel = InputsModel, RunOptions = RunOptions, :
     Param[1] (X1: production store capacity [mm]) < 0.01
     X1 set to 0.01
    Warning in airGR::RunModel_GR4J(InputsModel = InputsModel, RunOptions = RunOptions, :
     Param[1] (X1: production store capacity [mm]) < 0.01
     X1 set to 0.01
    Warning in airGR::RunModel_GR4J(InputsModel = InputsModel, RunOptions = RunOptions, :
     Param[1] (X1: production store capacity [mm]) < 0.01
     X1 set to 0.01
    Warning in airGR::RunModel_GR4J(InputsModel = InputsModel, RunOptions = RunOptions, :
     Param[1] (X1: production store capacity [mm]) < 0.01
     X1 set to 0.01
    Warning in airGR::RunModel_GR4J(InputsModel = InputsModel, RunOptions = RunOptions, :
     Param[1] (X1: production store capacity [mm]) < 0.01
     X1 set to 0.01
    Warning in airGR::RunModel_GR4J(InputsModel = InputsModel, RunOptions = RunOptions, :
     Param[1] (X1: production store capacity [mm]) < 0.01
     X1 set to 0.01
    Warning in airGR::RunModel_GR4J(InputsModel = InputsModel, RunOptions = RunOptions, :
     Param[1] (X1: production store capacity [mm]) < 0.01
     X1 set to 0.01
    Warning in airGR::RunModel_GR4J(InputsModel = InputsModel, RunOptions = RunOptions, :
     Param[1] (X1: production store capacity [mm]) < 0.01
     X1 set to 0.01
    Warning in airGR::RunModel_GR4J(InputsModel = InputsModel, RunOptions = RunOptions, :
     Param[1] (X1: production store capacity [mm]) < 0.01
     X1 set to 0.01
    Warning in airGR::RunModel_GR4J(InputsModel = InputsModel, RunOptions = RunOptions, :
     Param[1] (X1: production store capacity [mm]) < 0.01
     X1 set to 0.01
    Warning in airGR::RunModel_GR4J(InputsModel = InputsModel, RunOptions = RunOptions, :
     Param[1] (X1: production store capacity [mm]) < 0.01
     X1 set to 0.01
    Warning in airGR::RunModel_GR4J(InputsModel = InputsModel, RunOptions = RunOptions, :
     Param[1] (X1: production store capacity [mm]) < 0.01
     X1 set to 0.01
    Warning in airGR::RunModel_GR4J(InputsModel = InputsModel, RunOptions = RunOptions, :
     Param[1] (X1: production store capacity [mm]) < 0.01
     X1 set to 0.01
    Warning in airGR::RunModel_GR4J(InputsModel = InputsModel, RunOptions = RunOptions, :
     Param[1] (X1: production store capacity [mm]) < 0.01
     X1 set to 0.01
    Warning in airGR::RunModel_GR4J(InputsModel = InputsModel, RunOptions = RunOptions, :
     Param[1] (X1: production store capacity [mm]) < 0.01
     X1 set to 0.01
    Warning in airGR::RunModel_GR4J(InputsModel = InputsModel, RunOptions = RunOptions, :
     Param[1] (X1: production store capacity [mm]) < 0.01
     X1 set to 0.01
    Warning in airGR::RunModel_GR4J(InputsModel = InputsModel, RunOptions = RunOptions, :
     Param[1] (X1: production store capacity [mm]) < 0.01
     X1 set to 0.01
    Warning in airGR::RunModel_GR4J(InputsModel = InputsModel, RunOptions = RunOptions, :
     Param[1] (X1: production store capacity [mm]) < 0.01
     X1 set to 0.01
    Warning in airGR::RunModel_GR4J(InputsModel = InputsModel, RunOptions = RunOptions, :
     Param[1] (X1: production store capacity [mm]) < 0.01
     X1 set to 0.01
    Warning in airGR::RunModel_GR4J(InputsModel = InputsModel, RunOptions = RunOptions, :
     Param[1] (X1: production store capacity [mm]) < 0.01
     X1 set to 0.01
    Warning in airGR::RunModel_GR4J(InputsModel = InputsModel, RunOptions = RunOptions, :
     Param[1] (X1: production store capacity [mm]) < 0.01
     X1 set to 0.01
    [npart=40 ; maxit=1000 ; method=spso2011 ; topology=random ; boundary.wall=absorbing2011]
    
    [ user-definitions in control: write2disk=FALSE ; verbose=FALSE ]
    
    Warning in airGR::RunModel_GR4J(InputsModel = InputsModel, RunOptions = RunOptions, :
     Param[3] (X3: routing store capacity [mm]) < 0.01
     X3 set to 0.01
    Warning in airGR::RunModel_GR4J(InputsModel = InputsModel, RunOptions = RunOptions, :
     Param[3] (X3: routing store capacity [mm]) < 0.01
     X3 set to 0.01
    Warning in airGR::RunModel_GR4J(InputsModel = InputsModel, RunOptions = RunOptions, :
     Param[3] (X3: routing store capacity [mm]) < 0.01
     X3 set to 0.01
    Warning in airGR::RunModel_GR4J(InputsModel = InputsModel, RunOptions = RunOptions, :
     Param[1] (X1: production store capacity [mm]) < 0.01
     X1 set to 0.01
    Warning in airGR::RunModel_GR4J(InputsModel = InputsModel, RunOptions = RunOptions, :
     Param[3] (X3: routing store capacity [mm]) < 0.01
     X3 set to 0.01
    Warning in airGR::RunModel_GR4J(InputsModel = InputsModel, RunOptions = RunOptions, :
     Param[1] (X1: production store capacity [mm]) < 0.01
     X1 set to 0.01
    Warning in airGR::RunModel_GR4J(InputsModel = InputsModel, RunOptions = RunOptions, :
     Param[3] (X3: routing store capacity [mm]) < 0.01
     X3 set to 0.01
    Warning in airGR::RunModel_GR4J(InputsModel = InputsModel, RunOptions = RunOptions, :
     Param[3] (X3: routing store capacity [mm]) < 0.01
     X3 set to 0.01
    Warning in airGR::RunModel_GR4J(InputsModel = InputsModel, RunOptions = RunOptions, :
     Param[1] (X1: production store capacity [mm]) < 0.01
     X1 set to 0.01
    Warning in airGR::RunModel_GR4J(InputsModel = InputsModel, RunOptions = RunOptions, :
     Param[1] (X1: production store capacity [mm]) < 0.01
     X1 set to 0.01
    Warning in airGR::RunModel_GR4J(InputsModel = InputsModel, RunOptions = RunOptions, :
     Param[3] (X3: routing store capacity [mm]) < 0.01
     X3 set to 0.01
    Warning in airGR::RunModel_GR4J(InputsModel = InputsModel, RunOptions = RunOptions, :
     Param[3] (X3: routing store capacity [mm]) < 0.01
     X3 set to 0.01
    Warning in airGR::RunModel_GR4J(InputsModel = InputsModel, RunOptions = RunOptions, :
     Param[1] (X1: production store capacity [mm]) < 0.01
     X1 set to 0.01
    Warning in airGR::RunModel_GR4J(InputsModel = InputsModel, RunOptions = RunOptions, :
     Param[3] (X3: routing store capacity [mm]) < 0.01
     X3 set to 0.01
    Warning in airGR::RunModel_GR4J(InputsModel = InputsModel, RunOptions = RunOptions, :
     Param[1] (X1: production store capacity [mm]) < 0.01
     X1 set to 0.01
    Warning in airGR::RunModel_GR4J(InputsModel = InputsModel, RunOptions = RunOptions, :
     Param[3] (X3: routing store capacity [mm]) < 0.01
     X3 set to 0.01
    Warning in airGR::RunModel_GR4J(InputsModel = InputsModel, RunOptions = RunOptions, :
     Param[3] (X3: routing store capacity [mm]) < 0.01
     X3 set to 0.01
    Warning in airGR::RunModel_GR4J(InputsModel = InputsModel, RunOptions = RunOptions, :
     Param[1] (X1: production store capacity [mm]) < 0.01
     X1 set to 0.01
    Warning in airGR::RunModel_GR4J(InputsModel = InputsModel, RunOptions = RunOptions, :
     Param[3] (X3: routing store capacity [mm]) < 0.01
     X3 set to 0.01
    Warning in airGR::RunModel_GR4J(InputsModel = InputsModel, RunOptions = RunOptions, :
     Param[1] (X1: production store capacity [mm]) < 0.01
     X1 set to 0.01
    Warning in airGR::RunModel_GR4J(InputsModel = InputsModel, RunOptions = RunOptions, :
     Param[1] (X1: production store capacity [mm]) < 0.01
     X1 set to 0.01
    Warning in airGR::RunModel_GR4J(InputsModel = InputsModel, RunOptions = RunOptions, :
     Param[3] (X3: routing store capacity [mm]) < 0.01
     X3 set to 0.01
    Warning in airGR::RunModel_GR4J(InputsModel = InputsModel, RunOptions = RunOptions, :
     Param[3] (X3: routing store capacity [mm]) < 0.01
     X3 set to 0.01
    Warning in airGR::RunModel_GR4J(InputsModel = InputsModel, RunOptions = RunOptions, :
     Param[3] (X3: routing store capacity [mm]) < 0.01
     X3 set to 0.01
    Warning in airGR::RunModel_GR4J(InputsModel = InputsModel, RunOptions = RunOptions, :
     Param[1] (X1: production store capacity [mm]) < 0.01
     X1 set to 0.01
    Warning in airGR::RunModel_GR4J(InputsModel = InputsModel, RunOptions = RunOptions, :
     Param[1] (X1: production store capacity [mm]) < 0.01
     X1 set to 0.01
    Warning in airGR::RunModel_GR4J(InputsModel = InputsModel, RunOptions = RunOptions, :
     Param[1] (X1: production store capacity [mm]) < 0.01
     X1 set to 0.01
    Warning in airGR::RunModel_GR4J(InputsModel = InputsModel, RunOptions = RunOptions, :
     Param[1] (X1: production store capacity [mm]) < 0.01
     X1 set to 0.01
    Warning in airGR::RunModel_GR4J(InputsModel = InputsModel, RunOptions = RunOptions, :
     Param[1] (X1: production store capacity [mm]) < 0.01
     X1 set to 0.01
    Warning in airGR::RunModel_GR4J(InputsModel = InputsModel, RunOptions = RunOptions, :
     Param[1] (X1: production store capacity [mm]) < 0.01
     X1 set to 0.01
    Warning in airGR::RunModel_GR4J(InputsModel = InputsModel, RunOptions = RunOptions, :
     Param[3] (X3: routing store capacity [mm]) < 0.01
     X3 set to 0.01
    Warning in airGR::RunModel_GR4J(InputsModel = InputsModel, RunOptions = RunOptions, :
     Param[3] (X3: routing store capacity [mm]) < 0.01
     X3 set to 0.01
    Warning in airGR::RunModel_GR4J(InputsModel = InputsModel, RunOptions = RunOptions, :
     Param[1] (X1: production store capacity [mm]) < 0.01
     X1 set to 0.01
    Warning in airGR::RunModel_GR4J(InputsModel = InputsModel, RunOptions = RunOptions, :
     Param[1] (X1: production store capacity [mm]) < 0.01
     X1 set to 0.01
    Warning in airGR::RunModel_GR4J(InputsModel = InputsModel, RunOptions = RunOptions, :
     Param[1] (X1: production store capacity [mm]) < 0.01
     X1 set to 0.01
    Warning in airGR::RunModel_GR4J(InputsModel = InputsModel, RunOptions = RunOptions, :
     Param[1] (X1: production store capacity [mm]) < 0.01
     X1 set to 0.01
    Warning in airGR::RunModel_GR4J(InputsModel = InputsModel, RunOptions = RunOptions, :
     Param[1] (X1: production store capacity [mm]) < 0.01
     X1 set to 0.01
    Warning in airGR::RunModel_GR4J(InputsModel = InputsModel, RunOptions = RunOptions, :
     Param[3] (X3: routing store capacity [mm]) < 0.01
     X3 set to 0.01
    Warning in airGR::RunModel_GR4J(InputsModel = InputsModel, RunOptions = RunOptions, :
     Param[1] (X1: production store capacity [mm]) < 0.01
     X1 set to 0.01
    Warning in airGR::RunModel_GR4J(InputsModel = InputsModel, RunOptions = RunOptions, :
     Param[1] (X1: production store capacity [mm]) < 0.01
     X1 set to 0.01
    Warning in airGR::RunModel_GR4J(InputsModel = InputsModel, RunOptions = RunOptions, :
     Param[1] (X1: production store capacity [mm]) < 0.01
     X1 set to 0.01
    Warning in airGR::RunModel_GR4J(InputsModel = InputsModel, RunOptions = RunOptions, :
     Param[3] (X3: routing store capacity [mm]) < 0.01
     X3 set to 0.01
    Warning in airGR::RunModel_GR4J(InputsModel = InputsModel, RunOptions = RunOptions, :
     Param[1] (X1: production store capacity [mm]) < 0.01
     X1 set to 0.01
    Warning in airGR::RunModel_GR4J(InputsModel = InputsModel, RunOptions = RunOptions, :
     Param[1] (X1: production store capacity [mm]) < 0.01
     X1 set to 0.01
    Warning in airGR::RunModel_GR4J(InputsModel = InputsModel, RunOptions = RunOptions, :
     Param[1] (X1: production store capacity [mm]) < 0.01
     X1 set to 0.01
    Warning in airGR::RunModel_GR4J(InputsModel = InputsModel, RunOptions = RunOptions, :
     Param[1] (X1: production store capacity [mm]) < 0.01
     X1 set to 0.01
    Warning in airGR::RunModel_GR4J(InputsModel = InputsModel, RunOptions = RunOptions, :
     Param[3] (X3: routing store capacity [mm]) < 0.01
     X3 set to 0.01
    Warning in airGR::RunModel_GR4J(InputsModel = InputsModel, RunOptions = RunOptions, :
     Param[1] (X1: production store capacity [mm]) < 0.01
     X1 set to 0.01
    Warning in airGR::RunModel_GR4J(InputsModel = InputsModel, RunOptions = RunOptions, :
     Param[1] (X1: production store capacity [mm]) < 0.01
     X1 set to 0.01
    Warning in airGR::RunModel_GR4J(InputsModel = InputsModel, RunOptions = RunOptions, :
     Param[3] (X3: routing store capacity [mm]) < 0.01
     X3 set to 0.01
    Warning in airGR::RunModel_GR4J(InputsModel = InputsModel, RunOptions = RunOptions, :
     Param[1] (X1: production store capacity [mm]) < 0.01
     X1 set to 0.01
    Warning in airGR::RunModel_GR4J(InputsModel = InputsModel, RunOptions = RunOptions, :
     Param[3] (X3: routing store capacity [mm]) < 0.01
     X3 set to 0.01
    Warning in airGR::RunModel_GR4J(InputsModel = InputsModel, RunOptions = RunOptions, :
     Param[1] (X1: production store capacity [mm]) < 0.01
     X1 set to 0.01
    Warning in airGR::RunModel_GR4J(InputsModel = InputsModel, RunOptions = RunOptions, :
     Param[1] (X1: production store capacity [mm]) < 0.01
     X1 set to 0.01
    Warning in airGR::RunModel_GR4J(InputsModel = InputsModel, RunOptions = RunOptions, :
     Param[1] (X1: production store capacity [mm]) < 0.01
     X1 set to 0.01
    Warning in airGR::RunModel_GR4J(InputsModel = InputsModel, RunOptions = RunOptions, :
     Param[1] (X1: production store capacity [mm]) < 0.01
     X1 set to 0.01
    Warning in airGR::RunModel_GR4J(InputsModel = InputsModel, RunOptions = RunOptions, :
     Param[1] (X1: production store capacity [mm]) < 0.01
     X1 set to 0.01
    Warning in airGR::RunModel_GR4J(InputsModel = InputsModel, RunOptions = RunOptions, :
     Param[3] (X3: routing store capacity [mm]) < 0.01
     X3 set to 0.01
    Warning in airGR::RunModel_GR4J(InputsModel = InputsModel, RunOptions = RunOptions, :
     Param[1] (X1: production store capacity [mm]) < 0.01
     X1 set to 0.01
    Warning in airGR::RunModel_GR4J(InputsModel = InputsModel, RunOptions = RunOptions, :
     Param[1] (X1: production store capacity [mm]) < 0.01
     X1 set to 0.01
    Warning in airGR::RunModel_GR4J(InputsModel = InputsModel, RunOptions = RunOptions, :
     Param[1] (X1: production store capacity [mm]) < 0.01
     X1 set to 0.01
    Warning in airGR::RunModel_GR4J(InputsModel = InputsModel, RunOptions = RunOptions, :
     Param[1] (X1: production store capacity [mm]) < 0.01
     X1 set to 0.01
    Warning in airGR::RunModel_GR4J(InputsModel = InputsModel, RunOptions = RunOptions, :
     Param[3] (X3: routing store capacity [mm]) < 0.01
     X3 set to 0.01
    Warning in airGR::RunModel_GR4J(InputsModel = InputsModel, RunOptions = RunOptions, :
     Param[1] (X1: production store capacity [mm]) < 0.01
     X1 set to 0.01
    Warning in airGR::RunModel_GR4J(InputsModel = InputsModel, RunOptions = RunOptions, :
     Param[1] (X1: production store capacity [mm]) < 0.01
     X1 set to 0.01
    Warning in airGR::RunModel_GR4J(InputsModel = InputsModel, RunOptions = RunOptions, :
     Param[1] (X1: production store capacity [mm]) < 0.01
     X1 set to 0.01
    Warning in airGR::RunModel_GR4J(InputsModel = InputsModel, RunOptions = RunOptions, :
     Param[3] (X3: routing store capacity [mm]) < 0.01
     X3 set to 0.01
    Warning in airGR::RunModel_GR4J(InputsModel = InputsModel, RunOptions = RunOptions, :
     Param[1] (X1: production store capacity [mm]) < 0.01
     X1 set to 0.01
    Warning in airGR::RunModel_GR4J(InputsModel = InputsModel, RunOptions = RunOptions, :
     Param[3] (X3: routing store capacity [mm]) < 0.01
     X3 set to 0.01
    Warning in airGR::RunModel_GR4J(InputsModel = InputsModel, RunOptions = RunOptions, :
     Param[3] (X3: routing store capacity [mm]) < 0.01
     X3 set to 0.01
    Warning in airGR::RunModel_GR4J(InputsModel = InputsModel, RunOptions = RunOptions, :
     Param[1] (X1: production store capacity [mm]) < 0.01
     X1 set to 0.01
    Warning in airGR::RunModel_GR4J(InputsModel = InputsModel, RunOptions = RunOptions, :
     Param[1] (X1: production store capacity [mm]) < 0.01
     X1 set to 0.01
    Warning in airGR::RunModel_GR4J(InputsModel = InputsModel, RunOptions = RunOptions, :
     Param[3] (X3: routing store capacity [mm]) < 0.01
     X3 set to 0.01
    Warning in airGR::RunModel_GR4J(InputsModel = InputsModel, RunOptions = RunOptions, :
     Param[1] (X1: production store capacity [mm]) < 0.01
     X1 set to 0.01
    Warning in airGR::RunModel_GR4J(InputsModel = InputsModel, RunOptions = RunOptions, :
     Param[1] (X1: production store capacity [mm]) < 0.01
     X1 set to 0.01
    Warning in airGR::RunModel_GR4J(InputsModel = InputsModel, RunOptions = RunOptions, :
     Param[1] (X1: production store capacity [mm]) < 0.01
     X1 set to 0.01
    Warning in airGR::RunModel_GR4J(InputsModel = InputsModel, RunOptions = RunOptions, :
     Param[1] (X1: production store capacity [mm]) < 0.01
     X1 set to 0.01
    Warning in airGR::RunModel_GR4J(InputsModel = InputsModel, RunOptions = RunOptions, :
     Param[1] (X1: production store capacity [mm]) < 0.01
     X1 set to 0.01
    Warning in airGR::RunModel_GR4J(InputsModel = InputsModel, RunOptions = RunOptions, :
     Param[3] (X3: routing store capacity [mm]) < 0.01
     X3 set to 0.01
    Warning in airGR::RunModel_GR4J(InputsModel = InputsModel, RunOptions = RunOptions, :
     Param[3] (X3: routing store capacity [mm]) < 0.01
     X3 set to 0.01
    Warning in airGR::RunModel_GR4J(InputsModel = InputsModel, RunOptions = RunOptions, :
     Param[1] (X1: production store capacity [mm]) < 0.01
     X1 set to 0.01
    Warning in airGR::RunModel_GR4J(InputsModel = InputsModel, RunOptions = RunOptions, :
     Param[1] (X1: production store capacity [mm]) < 0.01
     X1 set to 0.01
    Warning in airGR::RunModel_GR4J(InputsModel = InputsModel, RunOptions = RunOptions, :
     Param[1] (X1: production store capacity [mm]) < 0.01
     X1 set to 0.01
    Warning in airGR::RunModel_GR4J(InputsModel = InputsModel, RunOptions = RunOptions, :
     Param[3] (X3: routing store capacity [mm]) < 0.01
     X3 set to 0.01
    Warning in airGR::RunModel_GR4J(InputsModel = InputsModel, RunOptions = RunOptions, :
     Param[1] (X1: production store capacity [mm]) < 0.01
     X1 set to 0.01
    Warning in airGR::RunModel_GR4J(InputsModel = InputsModel, RunOptions = RunOptions, :
     Param[3] (X3: routing store capacity [mm]) < 0.01
     X3 set to 0.01
    Warning in airGR::RunModel_GR4J(InputsModel = InputsModel, RunOptions = RunOptions, :
     Param[3] (X3: routing store capacity [mm]) < 0.01
     X3 set to 0.01
    Warning in airGR::RunModel_GR4J(InputsModel = InputsModel, RunOptions = RunOptions, :
     Param[1] (X1: production store capacity [mm]) < 0.01
     X1 set to 0.01
    Warning in airGR::RunModel_GR4J(InputsModel = InputsModel, RunOptions = RunOptions, :
     Param[3] (X3: routing store capacity [mm]) < 0.01
     X3 set to 0.01
    Warning in airGR::RunModel_GR4J(InputsModel = InputsModel, RunOptions = RunOptions, :
     Param[1] (X1: production store capacity [mm]) < 0.01
     X1 set to 0.01
    Warning in airGR::RunModel_GR4J(InputsModel = InputsModel, RunOptions = RunOptions, :
     Param[1] (X1: production store capacity [mm]) < 0.01
     X1 set to 0.01
    Warning in airGR::RunModel_GR4J(InputsModel = InputsModel, RunOptions = RunOptions, :
     Param[3] (X3: routing store capacity [mm]) < 0.01
     X3 set to 0.01
    Warning in airGR::RunModel_GR4J(InputsModel = InputsModel, RunOptions = RunOptions, :
     Param[1] (X1: production store capacity [mm]) < 0.01
     X1 set to 0.01
    Warning in airGR::RunModel_GR4J(InputsModel = InputsModel, RunOptions = RunOptions, :
     Param[1] (X1: production store capacity [mm]) < 0.01
     X1 set to 0.01
    Warning in airGR::RunModel_GR4J(InputsModel = InputsModel, RunOptions = RunOptions, :
     Param[1] (X1: production store capacity [mm]) < 0.01
     X1 set to 0.01
    Warning in airGR::RunModel_GR4J(InputsModel = InputsModel, RunOptions = RunOptions, :
     Param[3] (X3: routing store capacity [mm]) < 0.01
     X3 set to 0.01
    Warning in airGR::RunModel_GR4J(InputsModel = InputsModel, RunOptions = RunOptions, :
     Param[3] (X3: routing store capacity [mm]) < 0.01
     X3 set to 0.01
    Warning in airGR::RunModel_GR4J(InputsModel = InputsModel, RunOptions = RunOptions, :
     Param[1] (X1: production store capacity [mm]) < 0.01
     X1 set to 0.01
    Warning in airGR::RunModel_GR4J(InputsModel = InputsModel, RunOptions = RunOptions, :
     Param[1] (X1: production store capacity [mm]) < 0.01
     X1 set to 0.01
    Warning in airGR::RunModel_GR4J(InputsModel = InputsModel, RunOptions = RunOptions, :
     Param[1] (X1: production store capacity [mm]) < 0.01
     X1 set to 0.01
    Warning in airGR::RunModel_GR4J(InputsModel = InputsModel, RunOptions = RunOptions, :
     Param[1] (X1: production store capacity [mm]) < 0.01
     X1 set to 0.01
    Warning in airGR::RunModel_GR4J(InputsModel = InputsModel, RunOptions = RunOptions, :
     Param[3] (X3: routing store capacity [mm]) < 0.01
     X3 set to 0.01
    Warning in airGR::RunModel_GR4J(InputsModel = InputsModel, RunOptions = RunOptions, :
     Param[1] (X1: production store capacity [mm]) < 0.01
     X1 set to 0.01
    Warning in airGR::RunModel_GR4J(InputsModel = InputsModel, RunOptions = RunOptions, :
     Param[3] (X3: routing store capacity [mm]) < 0.01
     X3 set to 0.01
    Warning in airGR::RunModel_GR4J(InputsModel = InputsModel, RunOptions = RunOptions, :
     Param[3] (X3: routing store capacity [mm]) < 0.01
     X3 set to 0.01
    Warning in airGR::RunModel_GR4J(InputsModel = InputsModel, RunOptions = RunOptions, :
     Param[1] (X1: production store capacity [mm]) < 0.01
     X1 set to 0.01
    Warning in airGR::RunModel_GR4J(InputsModel = InputsModel, RunOptions = RunOptions, :
     Param[1] (X1: production store capacity [mm]) < 0.01
     X1 set to 0.01
    Warning in airGR::RunModel_GR4J(InputsModel = InputsModel, RunOptions = RunOptions, :
     Param[3] (X3: routing store capacity [mm]) < 0.01
     X3 set to 0.01
    Warning in airGR::RunModel_GR4J(InputsModel = InputsModel, RunOptions = RunOptions, :
     Param[1] (X1: production store capacity [mm]) < 0.01
     X1 set to 0.01
    Warning in airGR::RunModel_GR4J(InputsModel = InputsModel, RunOptions = RunOptions, :
     Param[1] (X1: production store capacity [mm]) < 0.01
     X1 set to 0.01
    Warning in airGR::RunModel_GR4J(InputsModel = InputsModel, RunOptions = RunOptions, :
     Param[1] (X1: production store capacity [mm]) < 0.01
     X1 set to 0.01
    Warning in airGR::RunModel_GR4J(InputsModel = InputsModel, RunOptions = RunOptions, :
     Param[3] (X3: routing store capacity [mm]) < 0.01
     X3 set to 0.01
    Warning in airGR::RunModel_GR4J(InputsModel = InputsModel, RunOptions = RunOptions, :
     Param[3] (X3: routing store capacity [mm]) < 0.01
     X3 set to 0.01
    Warning in airGR::RunModel_GR4J(InputsModel = InputsModel, RunOptions = RunOptions, :
     Param[1] (X1: production store capacity [mm]) < 0.01
     X1 set to 0.01
    Warning in airGR::RunModel_GR4J(InputsModel = InputsModel, RunOptions = RunOptions, :
     Param[1] (X1: production store capacity [mm]) < 0.01
     X1 set to 0.01
    Warning in airGR::RunModel_GR4J(InputsModel = InputsModel, RunOptions = RunOptions, :
     Param[3] (X3: routing store capacity [mm]) < 0.01
     X3 set to 0.01
    Warning in airGR::RunModel_GR4J(InputsModel = InputsModel, RunOptions = RunOptions, :
     Param[1] (X1: production store capacity [mm]) < 0.01
     X1 set to 0.01
    Warning in airGR::RunModel_GR4J(InputsModel = InputsModel, RunOptions = RunOptions, :
     Param[3] (X3: routing store capacity [mm]) < 0.01
     X3 set to 0.01
    Warning in airGR::RunModel_GR4J(InputsModel = InputsModel, RunOptions = RunOptions, :
     Param[1] (X1: production store capacity [mm]) < 0.01
     X1 set to 0.01
    Warning in airGR::RunModel_GR4J(InputsModel = InputsModel, RunOptions = RunOptions, :
     Param[1] (X1: production store capacity [mm]) < 0.01
     X1 set to 0.01
    Warning in airGR::RunModel_GR4J(InputsModel = InputsModel, RunOptions = RunOptions, :
     Param[1] (X1: production store capacity [mm]) < 0.01
     X1 set to 0.01
    Warning in airGR::RunModel_GR4J(InputsModel = InputsModel, RunOptions = RunOptions, :
     Param[1] (X1: production store capacity [mm]) < 0.01
     X1 set to 0.01
    Warning in airGR::RunModel_GR4J(InputsModel = InputsModel, RunOptions = RunOptions, :
     Param[1] (X1: production store capacity [mm]) < 0.01
     X1 set to 0.01
    Warning in airGR::RunModel_GR4J(InputsModel = InputsModel, RunOptions = RunOptions, :
     Param[1] (X1: production store capacity [mm]) < 0.01
     X1 set to 0.01
    Warning in airGR::RunModel_GR4J(InputsModel = InputsModel, RunOptions = RunOptions, :
     Param[1] (X1: production store capacity [mm]) < 0.01
     X1 set to 0.01
    Warning in airGR::RunModel_GR4J(InputsModel = InputsModel, RunOptions = RunOptions, :
     Param[1] (X1: production store capacity [mm]) < 0.01
     X1 set to 0.01
    Warning in airGR::RunModel_GR4J(InputsModel = InputsModel, RunOptions = RunOptions, :
     Param[1] (X1: production store capacity [mm]) < 0.01
     X1 set to 0.01
    Warning in airGR::RunModel_GR4J(InputsModel = InputsModel, RunOptions = RunOptions, :
     Param[1] (X1: production store capacity [mm]) < 0.01
     X1 set to 0.01
    Warning in airGR::RunModel_GR4J(InputsModel = InputsModel, RunOptions = RunOptions, :
     Param[1] (X1: production store capacity [mm]) < 0.01
     X1 set to 0.01
    Warning in airGR::RunModel_GR4J(InputsModel = InputsModel, RunOptions = RunOptions, :
     Param[1] (X1: production store capacity [mm]) < 0.01
     X1 set to 0.01
    Warning in airGR::RunModel_GR4J(InputsModel = InputsModel, RunOptions = RunOptions, :
     Param[1] (X1: production store capacity [mm]) < 0.01
     X1 set to 0.01
    Warning in airGR::RunModel_GR4J(InputsModel = InputsModel, RunOptions = RunOptions, :
     Param[1] (X1: production store capacity [mm]) < 0.01
     X1 set to 0.01
    Warning in airGR::RunModel_GR4J(InputsModel = InputsModel, RunOptions = RunOptions, :
     Param[1] (X1: production store capacity [mm]) < 0.01
     X1 set to 0.01
    Warning in airGR::RunModel_GR4J(InputsModel = InputsModel, RunOptions = RunOptions, :
     Param[1] (X1: production store capacity [mm]) < 0.01
     X1 set to 0.01
    Warning in airGR::RunModel_GR4J(InputsModel = InputsModel, RunOptions = RunOptions, :
     Param[1] (X1: production store capacity [mm]) < 0.01
     X1 set to 0.01
    Warning in airGR::RunModel_GR4J(InputsModel = InputsModel, RunOptions = RunOptions, :
     Param[1] (X1: production store capacity [mm]) < 0.01
     X1 set to 0.01
    Warning in airGR::RunModel_GR4J(InputsModel = InputsModel, RunOptions = RunOptions, :
     Param[3] (X3: routing store capacity [mm]) < 0.01
     X3 set to 0.01
    Warning in airGR::RunModel_GR4J(InputsModel = InputsModel, RunOptions = RunOptions, :
     Param[1] (X1: production store capacity [mm]) < 0.01
     X1 set to 0.01
    Warning in airGR::RunModel_GR4J(InputsModel = InputsModel, RunOptions = RunOptions, :
     Param[1] (X1: production store capacity [mm]) < 0.01
     X1 set to 0.01
    Warning in airGR::RunModel_GR4J(InputsModel = InputsModel, RunOptions = RunOptions, :
     Param[1] (X1: production store capacity [mm]) < 0.01
     X1 set to 0.01
    Warning in airGR::RunModel_GR4J(InputsModel = InputsModel, RunOptions = RunOptions, :
     Param[3] (X3: routing store capacity [mm]) < 0.01
     X3 set to 0.01
    Warning in airGR::RunModel_GR4J(InputsModel = InputsModel, RunOptions = RunOptions, :
     Param[3] (X3: routing store capacity [mm]) < 0.01
     X3 set to 0.01
    Warning in airGR::RunModel_GR4J(InputsModel = InputsModel, RunOptions = RunOptions, :
     Param[1] (X1: production store capacity [mm]) < 0.01
     X1 set to 0.01
    Warning in airGR::RunModel_GR4J(InputsModel = InputsModel, RunOptions = RunOptions, :
     Param[1] (X1: production store capacity [mm]) < 0.01
     X1 set to 0.01
    Warning in airGR::RunModel_GR4J(InputsModel = InputsModel, RunOptions = RunOptions, :
     Param[3] (X3: routing store capacity [mm]) < 0.01
     X3 set to 0.01
    Warning in airGR::RunModel_GR4J(InputsModel = InputsModel, RunOptions = RunOptions, :
     Param[3] (X3: routing store capacity [mm]) < 0.01
     X3 set to 0.01
    Warning in airGR::RunModel_GR4J(InputsModel = InputsModel, RunOptions = RunOptions, :
     Param[3] (X3: routing store capacity [mm]) < 0.01
     X3 set to 0.01
    Warning in airGR::RunModel_GR4J(InputsModel = InputsModel, RunOptions = RunOptions, :
     Param[1] (X1: production store capacity [mm]) < 0.01
     X1 set to 0.01
    Warning in airGR::RunModel_GR4J(InputsModel = InputsModel, RunOptions = RunOptions, :
     Param[1] (X1: production store capacity [mm]) < 0.01
     X1 set to 0.01
    Warning in airGR::RunModel_GR4J(InputsModel = InputsModel, RunOptions = RunOptions, :
     Param[3] (X3: routing store capacity [mm]) < 0.01
     X3 set to 0.01
    Warning in airGR::RunModel_GR4J(InputsModel = InputsModel, RunOptions = RunOptions, :
     Param[3] (X3: routing store capacity [mm]) < 0.01
     X3 set to 0.01
    Warning in airGR::RunModel_GR4J(InputsModel = InputsModel, RunOptions = RunOptions, :
     Param[1] (X1: production store capacity [mm]) < 0.01
     X1 set to 0.01
    Warning in airGR::RunModel_GR4J(InputsModel = InputsModel, RunOptions = RunOptions, :
     Param[3] (X3: routing store capacity [mm]) < 0.01
     X3 set to 0.01
    Warning in airGR::RunModel_GR4J(InputsModel = InputsModel, RunOptions = RunOptions, :
     Param[1] (X1: production store capacity [mm]) < 0.01
     X1 set to 0.01
    Warning in airGR::RunModel_GR4J(InputsModel = InputsModel, RunOptions = RunOptions, :
     Param[1] (X1: production store capacity [mm]) < 0.01
     X1 set to 0.01
    Warning in airGR::RunModel_GR4J(InputsModel = InputsModel, RunOptions = RunOptions, :
     Param[3] (X3: routing store capacity [mm]) < 0.01
     X3 set to 0.01
    Warning in airGR::RunModel_GR4J(InputsModel = InputsModel, RunOptions = RunOptions, :
     Param[1] (X1: production store capacity [mm]) < 0.01
     X1 set to 0.01
    Warning in airGR::RunModel_GR4J(InputsModel = InputsModel, RunOptions = RunOptions, :
     Param[1] (X1: production store capacity [mm]) < 0.01
     X1 set to 0.01
    Warning in airGR::RunModel_GR4J(InputsModel = InputsModel, RunOptions = RunOptions, :
     Param[3] (X3: routing store capacity [mm]) < 0.01
     X3 set to 0.01
    Warning in airGR::RunModel_GR4J(InputsModel = InputsModel, RunOptions = RunOptions, :
     Param[3] (X3: routing store capacity [mm]) < 0.01
     X3 set to 0.01
    Warning in airGR::RunModel_GR4J(InputsModel = InputsModel, RunOptions = RunOptions, :
     Param[3] (X3: routing store capacity [mm]) < 0.01
     X3 set to 0.01
    Warning in airGR::RunModel_GR4J(InputsModel = InputsModel, RunOptions = RunOptions, :
     Param[3] (X3: routing store capacity [mm]) < 0.01
     X3 set to 0.01
    Warning in airGR::RunModel_GR4J(InputsModel = InputsModel, RunOptions = RunOptions, :
     Param[1] (X1: production store capacity [mm]) < 0.01
     X1 set to 0.01
    Warning in airGR::RunModel_GR4J(InputsModel = InputsModel, RunOptions = RunOptions, :
     Param[1] (X1: production store capacity [mm]) < 0.01
     X1 set to 0.01
    Warning in airGR::RunModel_GR4J(InputsModel = InputsModel, RunOptions = RunOptions, :
     Param[3] (X3: routing store capacity [mm]) < 0.01
     X3 set to 0.01
    Warning in airGR::RunModel_GR4J(InputsModel = InputsModel, RunOptions = RunOptions, :
     Param[1] (X1: production store capacity [mm]) < 0.01
     X1 set to 0.01
    Warning in airGR::RunModel_GR4J(InputsModel = InputsModel, RunOptions = RunOptions, :
     Param[3] (X3: routing store capacity [mm]) < 0.01
     X3 set to 0.01
    Warning in airGR::RunModel_GR4J(InputsModel = InputsModel, RunOptions = RunOptions, :
     Param[1] (X1: production store capacity [mm]) < 0.01
     X1 set to 0.01
    Warning in airGR::RunModel_GR4J(InputsModel = InputsModel, RunOptions = RunOptions, :
     Param[3] (X3: routing store capacity [mm]) < 0.01
     X3 set to 0.01
    Warning in airGR::RunModel_GR4J(InputsModel = InputsModel, RunOptions = RunOptions, :
     Param[1] (X1: production store capacity [mm]) < 0.01
     X1 set to 0.01
    Warning in airGR::RunModel_GR4J(InputsModel = InputsModel, RunOptions = RunOptions, :
     Param[1] (X1: production store capacity [mm]) < 0.01
     X1 set to 0.01
    Warning in airGR::RunModel_GR4J(InputsModel = InputsModel, RunOptions = RunOptions, :
     Param[3] (X3: routing store capacity [mm]) < 0.01
     X3 set to 0.01
    Warning in airGR::RunModel_GR4J(InputsModel = InputsModel, RunOptions = RunOptions, :
     Param[1] (X1: production store capacity [mm]) < 0.01
     X1 set to 0.01
    Warning in airGR::RunModel_GR4J(InputsModel = InputsModel, RunOptions = RunOptions, :
     Param[1] (X1: production store capacity [mm]) < 0.01
     X1 set to 0.01
    Warning in airGR::RunModel_GR4J(InputsModel = InputsModel, RunOptions = RunOptions, :
     Param[1] (X1: production store capacity [mm]) < 0.01
     X1 set to 0.01
    Warning in airGR::RunModel_GR4J(InputsModel = InputsModel, RunOptions = RunOptions, :
     Param[3] (X3: routing store capacity [mm]) < 0.01
     X3 set to 0.01
    Warning in airGR::RunModel_GR4J(InputsModel = InputsModel, RunOptions = RunOptions, :
     Param[1] (X1: production store capacity [mm]) < 0.01
     X1 set to 0.01
    Warning in airGR::RunModel_GR4J(InputsModel = InputsModel, RunOptions = RunOptions, :
     Param[1] (X1: production store capacity [mm]) < 0.01
     X1 set to 0.01
    Warning in airGR::RunModel_GR4J(InputsModel = InputsModel, RunOptions = RunOptions, :
     Param[3] (X3: routing store capacity [mm]) < 0.01
     X3 set to 0.01
    Warning in airGR::RunModel_GR4J(InputsModel = InputsModel, RunOptions = RunOptions, :
     Param[1] (X1: production store capacity [mm]) < 0.01
     X1 set to 0.01
    Warning in airGR::RunModel_GR4J(InputsModel = InputsModel, RunOptions = RunOptions, :
     Param[1] (X1: production store capacity [mm]) < 0.01
     X1 set to 0.01
    Warning in airGR::RunModel_GR4J(InputsModel = InputsModel, RunOptions = RunOptions, :
     Param[3] (X3: routing store capacity [mm]) < 0.01
     X3 set to 0.01
    Warning in airGR::RunModel_GR4J(InputsModel = InputsModel, RunOptions = RunOptions, :
     Param[1] (X1: production store capacity [mm]) < 0.01
     X1 set to 0.01
    Warning in airGR::RunModel_GR4J(InputsModel = InputsModel, RunOptions = RunOptions, :
     Param[1] (X1: production store capacity [mm]) < 0.01
     X1 set to 0.01
    Warning in airGR::RunModel_GR4J(InputsModel = InputsModel, RunOptions = RunOptions, :
     Param[1] (X1: production store capacity [mm]) < 0.01
     X1 set to 0.01
    Warning in airGR::RunModel_GR4J(InputsModel = InputsModel, RunOptions = RunOptions, :
     Param[1] (X1: production store capacity [mm]) < 0.01
     X1 set to 0.01
    Warning in airGR::RunModel_GR4J(InputsModel = InputsModel, RunOptions = RunOptions, :
     Param[1] (X1: production store capacity [mm]) < 0.01
     X1 set to 0.01
    Warning in airGR::RunModel_GR4J(InputsModel = InputsModel, RunOptions = RunOptions, :
     Param[1] (X1: production store capacity [mm]) < 0.01
     X1 set to 0.01
    Warning in airGR::RunModel_GR4J(InputsModel = InputsModel, RunOptions = RunOptions, :
     Param[1] (X1: production store capacity [mm]) < 0.01
     X1 set to 0.01
    Warning in airGR::RunModel_GR4J(InputsModel = InputsModel, RunOptions = RunOptions, :
     Param[1] (X1: production store capacity [mm]) < 0.01
     X1 set to 0.01
    Warning in airGR::RunModel_GR4J(InputsModel = InputsModel, RunOptions = RunOptions, :
     Param[1] (X1: production store capacity [mm]) < 0.01
     X1 set to 0.01
    Warning in airGR::RunModel_GR4J(InputsModel = InputsModel, RunOptions = RunOptions, :
     Param[1] (X1: production store capacity [mm]) < 0.01
     X1 set to 0.01
    Warning in airGR::RunModel_GR4J(InputsModel = InputsModel, RunOptions = RunOptions, :
     Param[1] (X1: production store capacity [mm]) < 0.01
     X1 set to 0.01
    Warning in airGR::RunModel_GR4J(InputsModel = InputsModel, RunOptions = RunOptions, :
     Param[1] (X1: production store capacity [mm]) < 0.01
     X1 set to 0.01
    Warning in airGR::RunModel_GR4J(InputsModel = InputsModel, RunOptions = RunOptions, :
     Param[1] (X1: production store capacity [mm]) < 0.01
     X1 set to 0.01
    Warning in airGR::RunModel_GR4J(InputsModel = InputsModel, RunOptions = RunOptions, :
     Param[1] (X1: production store capacity [mm]) < 0.01
     X1 set to 0.01
    Warning in airGR::RunModel_GR4J(InputsModel = InputsModel, RunOptions = RunOptions, :
     Param[1] (X1: production store capacity [mm]) < 0.01
     X1 set to 0.01
    Warning in airGR::RunModel_GR4J(InputsModel = InputsModel, RunOptions = RunOptions, :
     Param[1] (X1: production store capacity [mm]) < 0.01
     X1 set to 0.01
    Warning in airGR::RunModel_GR4J(InputsModel = InputsModel, RunOptions = RunOptions, :
     Param[3] (X3: routing store capacity [mm]) < 0.01
     X3 set to 0.01
    Warning in airGR::RunModel_GR4J(InputsModel = InputsModel, RunOptions = RunOptions, :
     Param[1] (X1: production store capacity [mm]) < 0.01
     X1 set to 0.01
    Warning in airGR::RunModel_GR4J(InputsModel = InputsModel, RunOptions = RunOptions, :
     Param[1] (X1: production store capacity [mm]) < 0.01
     X1 set to 0.01
    Warning in airGR::RunModel_GR4J(InputsModel = InputsModel, RunOptions = RunOptions, :
     Param[3] (X3: routing store capacity [mm]) < 0.01
     X3 set to 0.01
    Warning in airGR::RunModel_GR4J(InputsModel = InputsModel, RunOptions = RunOptions, :
     Param[1] (X1: production store capacity [mm]) < 0.01
     X1 set to 0.01
    Warning in airGR::RunModel_GR4J(InputsModel = InputsModel, RunOptions = RunOptions, :
     Param[3] (X3: routing store capacity [mm]) < 0.01
     X3 set to 0.01
    Warning in airGR::RunModel_GR4J(InputsModel = InputsModel, RunOptions = RunOptions, :
     Param[3] (X3: routing store capacity [mm]) < 0.01
     X3 set to 0.01
    Warning in airGR::RunModel_GR4J(InputsModel = InputsModel, RunOptions = RunOptions, :
     Param[1] (X1: production store capacity [mm]) < 0.01
     X1 set to 0.01
    Warning in airGR::RunModel_GR4J(InputsModel = InputsModel, RunOptions = RunOptions, :
     Param[1] (X1: production store capacity [mm]) < 0.01
     X1 set to 0.01
    Warning in airGR::RunModel_GR4J(InputsModel = InputsModel, RunOptions = RunOptions, :
     Param[1] (X1: production store capacity [mm]) < 0.01
     X1 set to 0.01
    Warning in airGR::RunModel_GR4J(InputsModel = InputsModel, RunOptions = RunOptions, :
     Param[3] (X3: routing store capacity [mm]) < 0.01
     X3 set to 0.01
    Warning in airGR::RunModel_GR4J(InputsModel = InputsModel, RunOptions = RunOptions, :
     Param[1] (X1: production store capacity [mm]) < 0.01
     X1 set to 0.01
    Warning in airGR::RunModel_GR4J(InputsModel = InputsModel, RunOptions = RunOptions, :
     Param[3] (X3: routing store capacity [mm]) < 0.01
     X3 set to 0.01
    Warning in airGR::RunModel_GR4J(InputsModel = InputsModel, RunOptions = RunOptions, :
     Param[3] (X3: routing store capacity [mm]) < 0.01
     X3 set to 0.01
    Warning in airGR::RunModel_GR4J(InputsModel = InputsModel, RunOptions = RunOptions, :
     Param[3] (X3: routing store capacity [mm]) < 0.01
     X3 set to 0.01
    Warning in airGR::RunModel_GR4J(InputsModel = InputsModel, RunOptions = RunOptions, :
     Param[3] (X3: routing store capacity [mm]) < 0.01
     X3 set to 0.01
    Warning in airGR::RunModel_GR4J(InputsModel = InputsModel, RunOptions = RunOptions, :
     Param[1] (X1: production store capacity [mm]) < 0.01
     X1 set to 0.01
    Warning in airGR::RunModel_GR4J(InputsModel = InputsModel, RunOptions = RunOptions, :
     Param[3] (X3: routing store capacity [mm]) < 0.01
     X3 set to 0.01
    Warning in airGR::RunModel_GR4J(InputsModel = InputsModel, RunOptions = RunOptions, :
     Param[3] (X3: routing store capacity [mm]) < 0.01
     X3 set to 0.01
    Warning in airGR::RunModel_GR4J(InputsModel = InputsModel, RunOptions = RunOptions, :
     Param[1] (X1: production store capacity [mm]) < 0.01
     X1 set to 0.01
    Warning in airGR::RunModel_GR4J(InputsModel = InputsModel, RunOptions = RunOptions, :
     Param[1] (X1: production store capacity [mm]) < 0.01
     X1 set to 0.01
    Warning in airGR::RunModel_GR4J(InputsModel = InputsModel, RunOptions = RunOptions, :
     Param[1] (X1: production store capacity [mm]) < 0.01
     X1 set to 0.01
    Warning in airGR::RunModel_GR4J(InputsModel = InputsModel, RunOptions = RunOptions, :
     Param[1] (X1: production store capacity [mm]) < 0.01
     X1 set to 0.01
    Warning in airGR::RunModel_GR4J(InputsModel = InputsModel, RunOptions = RunOptions, :
     Param[1] (X1: production store capacity [mm]) < 0.01
     X1 set to 0.01
    Warning in airGR::RunModel_GR4J(InputsModel = InputsModel, RunOptions = RunOptions, :
     Param[1] (X1: production store capacity [mm]) < 0.01
     X1 set to 0.01
    Warning in airGR::RunModel_GR4J(InputsModel = InputsModel, RunOptions = RunOptions, :
     Param[1] (X1: production store capacity [mm]) < 0.01
     X1 set to 0.01
    Warning in airGR::RunModel_GR4J(InputsModel = InputsModel, RunOptions = RunOptions, :
     Param[1] (X1: production store capacity [mm]) < 0.01
     X1 set to 0.01
    Warning in airGR::RunModel_GR4J(InputsModel = InputsModel, RunOptions = RunOptions, :
     Param[3] (X3: routing store capacity [mm]) < 0.01
     X3 set to 0.01
    Warning in airGR::RunModel_GR4J(InputsModel = InputsModel, RunOptions = RunOptions, :
     Param[3] (X3: routing store capacity [mm]) < 0.01
     X3 set to 0.01
    Warning in airGR::RunModel_GR4J(InputsModel = InputsModel, RunOptions = RunOptions, :
     Param[1] (X1: production store capacity [mm]) < 0.01
     X1 set to 0.01
    Warning in airGR::RunModel_GR4J(InputsModel = InputsModel, RunOptions = RunOptions, :
     Param[1] (X1: production store capacity [mm]) < 0.01
     X1 set to 0.01
    Warning in airGR::RunModel_GR4J(InputsModel = InputsModel, RunOptions = RunOptions, :
     Param[1] (X1: production store capacity [mm]) < 0.01
     X1 set to 0.01
    Warning in airGR::RunModel_GR4J(InputsModel = InputsModel, RunOptions = RunOptions, :
     Param[1] (X1: production store capacity [mm]) < 0.01
     X1 set to 0.01
    Warning in airGR::RunModel_GR4J(InputsModel = InputsModel, RunOptions = RunOptions, :
     Param[1] (X1: production store capacity [mm]) < 0.01
     X1 set to 0.01
    Warning in airGR::RunModel_GR4J(InputsModel = InputsModel, RunOptions = RunOptions, :
     Param[1] (X1: production store capacity [mm]) < 0.01
     X1 set to 0.01
    Warning in airGR::RunModel_GR4J(InputsModel = InputsModel, RunOptions = RunOptions, :
     Param[1] (X1: production store capacity [mm]) < 0.01
     X1 set to 0.01
    Warning in airGR::RunModel_GR4J(InputsModel = InputsModel, RunOptions = RunOptions, :
     Param[1] (X1: production store capacity [mm]) < 0.01
     X1 set to 0.01
    Warning in airGR::RunModel_GR4J(InputsModel = InputsModel, RunOptions = RunOptions, :
     Param[1] (X1: production store capacity [mm]) < 0.01
     X1 set to 0.01
    Warning in airGR::RunModel_GR4J(InputsModel = InputsModel, RunOptions = RunOptions, :
     Param[1] (X1: production store capacity [mm]) < 0.01
     X1 set to 0.01
    Warning in airGR::RunModel_GR4J(InputsModel = InputsModel, RunOptions = RunOptions, :
     Param[1] (X1: production store capacity [mm]) < 0.01
     X1 set to 0.01
    Warning in airGR::RunModel_GR4J(InputsModel = InputsModel, RunOptions = RunOptions, :
     Param[1] (X1: production store capacity [mm]) < 0.01
     X1 set to 0.01
    Warning in airGR::RunModel_GR4J(InputsModel = InputsModel, RunOptions = RunOptions, :
     Param[1] (X1: production store capacity [mm]) < 0.01
     X1 set to 0.01
    Warning in airGR::RunModel_GR4J(InputsModel = InputsModel, RunOptions = RunOptions, :
     Param[1] (X1: production store capacity [mm]) < 0.01
     X1 set to 0.01
    Warning in airGR::RunModel_GR4J(InputsModel = InputsModel, RunOptions = RunOptions, :
     Param[1] (X1: production store capacity [mm]) < 0.01
     X1 set to 0.01
    Warning in airGR::RunModel_GR4J(InputsModel = InputsModel, RunOptions = RunOptions, :
     Param[1] (X1: production store capacity [mm]) < 0.01
     X1 set to 0.01
    Warning in airGR::RunModel_GR4J(InputsModel = InputsModel, RunOptions = RunOptions, :
     Param[1] (X1: production store capacity [mm]) < 0.01
     X1 set to 0.01
    Warning in airGR::RunModel_GR4J(InputsModel = InputsModel, RunOptions = RunOptions, :
     Param[3] (X3: routing store capacity [mm]) < 0.01
     X3 set to 0.01
    Warning in airGR::RunModel_GR4J(InputsModel = InputsModel, RunOptions = RunOptions, :
     Param[1] (X1: production store capacity [mm]) < 0.01
     X1 set to 0.01
    Warning in airGR::RunModel_GR4J(InputsModel = InputsModel, RunOptions = RunOptions, :
     Param[1] (X1: production store capacity [mm]) < 0.01
     X1 set to 0.01
    Warning in airGR::RunModel_GR4J(InputsModel = InputsModel, RunOptions = RunOptions, :
     Param[1] (X1: production store capacity [mm]) < 0.01
     X1 set to 0.01
    Warning in airGR::RunModel_GR4J(InputsModel = InputsModel, RunOptions = RunOptions, :
     Param[1] (X1: production store capacity [mm]) < 0.01
     X1 set to 0.01
    Warning in airGR::RunModel_GR4J(InputsModel = InputsModel, RunOptions = RunOptions, :
     Param[1] (X1: production store capacity [mm]) < 0.01
     X1 set to 0.01
    Warning in airGR::RunModel_GR4J(InputsModel = InputsModel, RunOptions = RunOptions, :
     Param[1] (X1: production store capacity [mm]) < 0.01
     X1 set to 0.01
    Warning in airGR::RunModel_GR4J(InputsModel = InputsModel, RunOptions = RunOptions, :
     Param[3] (X3: routing store capacity [mm]) < 0.01
     X3 set to 0.01
    Warning in airGR::RunModel_GR4J(InputsModel = InputsModel, RunOptions = RunOptions, :
     Param[1] (X1: production store capacity [mm]) < 0.01
     X1 set to 0.01
    Warning in airGR::RunModel_GR4J(InputsModel = InputsModel, RunOptions = RunOptions, :
     Param[1] (X1: production store capacity [mm]) < 0.01
     X1 set to 0.01
    Warning in airGR::RunModel_GR4J(InputsModel = InputsModel, RunOptions = RunOptions, :
     Param[3] (X3: routing store capacity [mm]) < 0.01
     X3 set to 0.01
    Warning in airGR::RunModel_GR4J(InputsModel = InputsModel, RunOptions = RunOptions, :
     Param[1] (X1: production store capacity [mm]) < 0.01
     X1 set to 0.01
    Warning in airGR::RunModel_GR4J(InputsModel = InputsModel, RunOptions = RunOptions, :
     Param[3] (X3: routing store capacity [mm]) < 0.01
     X3 set to 0.01
    Warning in airGR::RunModel_GR4J(InputsModel = InputsModel, RunOptions = RunOptions, :
     Param[3] (X3: routing store capacity [mm]) < 0.01
     X3 set to 0.01
    Warning in airGR::RunModel_GR4J(InputsModel = InputsModel, RunOptions = RunOptions, :
     Param[3] (X3: routing store capacity [mm]) < 0.01
     X3 set to 0.01
    Warning in airGR::RunModel_GR4J(InputsModel = InputsModel, RunOptions = RunOptions, :
     Param[1] (X1: production store capacity [mm]) < 0.01
     X1 set to 0.01
    Warning in airGR::RunModel_GR4J(InputsModel = InputsModel, RunOptions = RunOptions, :
     Param[1] (X1: production store capacity [mm]) < 0.01
     X1 set to 0.01
    Warning in airGR::RunModel_GR4J(InputsModel = InputsModel, RunOptions = RunOptions, :
     Param[1] (X1: production store capacity [mm]) < 0.01
     X1 set to 0.01
    Warning in airGR::RunModel_GR4J(InputsModel = InputsModel, RunOptions = RunOptions, :
     Param[1] (X1: production store capacity [mm]) < 0.01
     X1 set to 0.01
    Warning in airGR::RunModel_GR4J(InputsModel = InputsModel, RunOptions = RunOptions, :
     Param[3] (X3: routing store capacity [mm]) < 0.01
     X3 set to 0.01
    Warning in airGR::RunModel_GR4J(InputsModel = InputsModel, RunOptions = RunOptions, :
     Param[1] (X1: production store capacity [mm]) < 0.01
     X1 set to 0.01
    Warning in airGR::RunModel_GR4J(InputsModel = InputsModel, RunOptions = RunOptions, :
     Param[1] (X1: production store capacity [mm]) < 0.01
     X1 set to 0.01
    Warning in airGR::RunModel_GR4J(InputsModel = InputsModel, RunOptions = RunOptions, :
     Param[3] (X3: routing store capacity [mm]) < 0.01
     X3 set to 0.01
    Warning in airGR::RunModel_GR4J(InputsModel = InputsModel, RunOptions = RunOptions, :
     Param[1] (X1: production store capacity [mm]) < 0.01
     X1 set to 0.01
    Warning in CreateRunOptions(FUN_MOD = RunModel_GR4J, InputsModel = InputsModel, :
     Model warm up period not defined -> default configuration used
     The year preceding the run period is used
    
    Grid-Screening in progress (0% 20% 40% 60% 80% 100%)
     Screening completed (81 runs)
     Param = 247.151 , -0.020 , 83.096 , 2.384
     Crit NSE[Q] = 0.7685
    Steepest-descent local search in progress
     Calibration completed (20 iterations, 226 runs)
     Param = 257.238 , 1.012 , 88.235 , 2.208
     Crit NSE[Q] = 0.7985
    Crit. NSE[Q] = 0.7985
    Crit. KGE[Q] = 0.7855
     SubCrit. KGE[Q] cor(sim, obs, "pearson") = 0.8983
     SubCrit. KGE[Q] sd(sim)/sd(obs) = 0.8163
     SubCrit. KGE[Q] mean(sim)/mean(obs) = 1.0439
    
    Quitting from lines 144-147 (V02.2_param_mcmc.Rmd)
    Error: processing vignette ‘V02.2_param_mcmc.Rmd’ failed with diagnostics:
    argument of length 0
    Execution halted
Flavors: r-devel-linux-x86_64-debian-clang, r-devel-linux-x86_64-debian-gcc, r-patched-linux-x86_64, r-release-linux-x86_64