CRAN Package Check Results for Package airGR

Last updated on 2022-10-07 14:51:57 CEST.

Flavor Version Tinstall Tcheck Ttotal Status Flags
r-devel-linux-x86_64-debian-clang 1.7.0 14.62 158.58 173.20 OK
r-devel-linux-x86_64-debian-gcc 1.7.0 10.15 116.94 127.09 NOTE
r-devel-linux-x86_64-fedora-clang 1.7.0 208.15 OK
r-devel-linux-x86_64-fedora-gcc 1.7.0 203.45 OK
r-devel-windows-x86_64 1.7.0 63.00 226.00 289.00 OK
r-patched-linux-x86_64 1.7.0 16.76 138.95 155.71 OK
r-release-linux-x86_64 1.7.0 13.40 139.77 153.17 OK
r-release-macos-arm64 1.7.0 64.00 OK
r-release-macos-x86_64 1.7.0 91.00 OK
r-release-windows-x86_64 1.7.0 59.00 218.00 277.00 OK
r-oldrel-macos-arm64 1.7.0 77.00 OK
r-oldrel-macos-x86_64 1.7.0 105.00 OK
r-oldrel-windows-ix86+x86_64 1.7.0 32.00 280.00 312.00 OK

Check Details

Version: 1.7.0
Check: compilation flags used
Result: NOTE
    Compilation used the following non-portable flag(s):
     ‘-Wstrict-prototypes’
Flavor: r-devel-linux-x86_64-debian-gcc