CRAN Package Check Results for Package airGRteaching

Last updated on 2024-02-29 11:49:18 CET.

Flavor Version Tinstall Tcheck Ttotal Status Flags
r-devel-linux-x86_64-debian-clang 0.3.2 6.83 187.73 194.56 OK
r-devel-linux-x86_64-debian-gcc 0.3.2 5.67 154.21 159.88 OK
r-devel-linux-x86_64-fedora-clang 0.3.2 232.24 NOTE
r-devel-linux-x86_64-fedora-gcc 0.3.2 251.38 OK
r-devel-windows-x86_64 0.3.2 8.00 212.00 220.00 NOTE
r-patched-linux-x86_64 0.3.2 7.75 191.29 199.04 OK
r-release-linux-x86_64 0.3.2 5.13 194.61 199.74 OK
r-release-macos-arm64 0.3.2 96.00 NOTE
r-release-macos-x86_64 0.3.2 186.00 NOTE
r-release-windows-x86_64 0.3.2 12.00 236.00 248.00 NOTE
r-oldrel-macos-arm64 0.3.2 82.00 NOTE
r-oldrel-windows-x86_64 0.3.2 12.00 217.00 229.00 NOTE

Check Details

Version: 0.3.2
Check: installed package size
Result: NOTE installed size is 8.1Mb sub-directories of 1Mb or more: ShinyGR 4.3Mb doc 3.5Mb Flavors: r-devel-linux-x86_64-fedora-clang, r-devel-windows-x86_64, r-release-macos-arm64, r-release-macos-x86_64, r-release-windows-x86_64, r-oldrel-macos-arm64, r-oldrel-windows-x86_64