CRAN Package Check Results for Package aire.zmvm

Last updated on 2019-02-21 07:48:26 CET.

Flavor Version Tinstall Tcheck Ttotal Status Flags
r-devel-linux-x86_64-debian-clang 0.8.1 5.92 55.07 60.99 OK
r-devel-linux-x86_64-debian-gcc 0.8.1 4.71 41.30 46.01 OK
r-devel-linux-x86_64-fedora-clang 0.8.1 73.03 NOTE
r-devel-linux-x86_64-fedora-gcc 0.8.1 66.99 NOTE
r-devel-windows-ix86+x86_64 0.8.1 15.00 86.00 101.00 OK
r-patched-linux-x86_64 0.8.1 OK
r-patched-solaris-x86 0.8.1 101.20 NOTE
r-release-linux-x86_64 0.8.1 OK
r-release-windows-ix86+x86_64 0.8.1 7.00 85.00 92.00 OK
r-release-osx-x86_64 0.8.1 NOTE
r-oldrel-windows-ix86+x86_64 0.8.1 7.00 70.00 77.00 OK
r-oldrel-osx-x86_64 0.8.1 NOTE

Check Details

Version: 0.8.1
Check: data for non-ASCII characters
Result: NOTE
     Note: found 52 marked UTF-8 strings
Flavors: r-devel-linux-x86_64-fedora-clang, r-devel-linux-x86_64-fedora-gcc, r-patched-solaris-x86, r-release-osx-x86_64, r-oldrel-osx-x86_64