CRAN Package Check Results for Package aire.zmvm

Last updated on 2018-02-22 11:57:35 CET.

Flavor Version Tinstall Tcheck Ttotal Status Flags
r-devel-linux-x86_64-debian-clang 0.5.0 3.19 37.40 40.59 OK
r-devel-linux-x86_64-debian-gcc 0.5.0 2.97 34.27 37.24 OK
r-devel-linux-x86_64-fedora-clang 0.5.0 55.50 NOTE
r-devel-linux-x86_64-fedora-gcc 0.5.0 50.98 NOTE
r-devel-windows-ix86+x86_64 0.5.0 10.00 61.00 71.00 OK
r-patched-linux-x86_64 0.5.0 3.12 46.48 49.60 OK
r-patched-solaris-x86 0.5.0 81.80 NOTE
r-release-linux-x86_64 0.5.0 3.44 47.04 50.48 OK
r-release-windows-ix86+x86_64 0.5.0 12.00 76.00 88.00 OK
r-release-osx-x86_64 0.5.0 NOTE
r-oldrel-windows-ix86+x86_64 0.5.0 6.00 54.00 60.00 OK
r-oldrel-osx-x86_64 0.5.0 NOTE

Check Details

Version: 0.5.0
Check: data for non-ASCII characters
Result: NOTE
     Note: found 38 marked UTF-8 strings
Flavors: r-devel-linux-x86_64-fedora-clang, r-devel-linux-x86_64-fedora-gcc, r-patched-solaris-x86, r-release-osx-x86_64, r-oldrel-osx-x86_64