CRAN Package Check Results for Package aire.zmvm

Last updated on 2018-05-22 13:46:12 CEST.

Flavor Version Tinstall Tcheck Ttotal Status Flags
r-devel-linux-x86_64-debian-clang 0.6.1 4.13 51.08 55.21 OK
r-devel-linux-x86_64-debian-gcc 0.6.1 4.25 40.38 44.63 OK
r-devel-linux-x86_64-fedora-clang 0.6.1 67.13 NOTE
r-devel-linux-x86_64-fedora-gcc 0.6.1 65.81 NOTE
r-devel-windows-ix86+x86_64 0.6.1 9.00 65.00 74.00 OK
r-patched-linux-x86_64 0.6.1 4.70 46.28 50.98 OK
r-patched-solaris-x86 0.6.1 93.60 NOTE
r-release-linux-x86_64 0.6.1 4.29 45.34 49.63 OK
r-release-windows-ix86+x86_64 0.6.1 14.00 57.00 71.00 OK
r-release-osx-x86_64 0.6.1 NOTE
r-oldrel-windows-ix86+x86_64 0.6.1 12.00 81.00 93.00 OK
r-oldrel-osx-x86_64 0.6.1 NOTE

Check Details

Version: 0.6.1
Check: data for non-ASCII characters
Result: NOTE
     Note: found 52 marked UTF-8 strings
Flavors: r-devel-linux-x86_64-fedora-clang, r-devel-linux-x86_64-fedora-gcc, r-patched-solaris-x86, r-release-osx-x86_64, r-oldrel-osx-x86_64