CRAN Package Check Results for Package aire.zmvm

Last updated on 2018-08-21 20:46:18 CEST.

Flavor Version Tinstall Tcheck Ttotal Status Flags
r-devel-linux-x86_64-debian-clang 0.6.1 4.74 54.49 59.23 OK
r-devel-linux-x86_64-debian-gcc 0.6.1 4.40 42.08 46.48 OK
r-devel-linux-x86_64-fedora-clang 0.6.1 69.80 NOTE
r-devel-linux-x86_64-fedora-gcc 0.6.1 65.08 NOTE
r-devel-windows-ix86+x86_64 0.6.1 16.00 65.00 81.00 OK
r-patched-linux-x86_64 0.6.1 4.13 45.70 49.83 OK
r-patched-solaris-x86 0.6.1 94.50 NOTE
r-release-linux-x86_64 0.6.1 4.28 45.71 49.99 OK
r-release-windows-ix86+x86_64 0.6.1 13.00 90.00 103.00 OK
r-release-osx-x86_64 0.6.1 NOTE
r-oldrel-windows-ix86+x86_64 0.6.1 9.00 75.00 84.00 OK
r-oldrel-osx-x86_64 0.6.1 NOTE

Check Details

Version: 0.6.1
Check: data for non-ASCII characters
Result: NOTE
     Note: found 52 marked UTF-8 strings
Flavors: r-devel-linux-x86_64-fedora-clang, r-devel-linux-x86_64-fedora-gcc, r-patched-solaris-x86, r-release-osx-x86_64, r-oldrel-osx-x86_64