CRAN Package Check Results for Package airr

Last updated on 2022-08-12 06:49:13 CEST.

Flavor Version Tinstall Tcheck Ttotal Status Flags
r-devel-linux-x86_64-debian-clang 1.3.0 5.73 58.89 64.62 NOTE
r-devel-linux-x86_64-debian-gcc 1.3.0 4.23 44.45 48.68 NOTE
r-devel-linux-x86_64-fedora-clang 1.3.0 82.62 NOTE
r-devel-linux-x86_64-fedora-gcc 1.3.0 81.82 NOTE
r-devel-windows-x86_64 1.3.0 13.00 90.00 103.00 NOTE
r-patched-linux-x86_64 1.3.0 5.68 54.69 60.37 NOTE
r-release-linux-x86_64 1.3.0 3.75 55.00 58.75 NOTE
r-release-macos-arm64 1.3.0 27.00 NOTE
r-release-macos-x86_64 1.3.0 38.00 NOTE
r-release-windows-x86_64 1.3.0 17.00 87.00 104.00 NOTE
r-oldrel-macos-arm64 1.3.0 28.00 NOTE
r-oldrel-macos-x86_64 1.3.0 43.00 NOTE
r-oldrel-windows-ix86+x86_64 1.3.0 12.00 90.00 102.00 NOTE

Check Details

Version: 1.3.0
Check: LazyData
Result: NOTE
     'LazyData' is specified without a 'data' directory
Flavors: r-devel-linux-x86_64-debian-clang, r-devel-linux-x86_64-debian-gcc, r-devel-linux-x86_64-fedora-clang, r-devel-linux-x86_64-fedora-gcc, r-devel-windows-x86_64, r-patched-linux-x86_64, r-release-linux-x86_64, r-release-macos-arm64, r-release-macos-x86_64, r-release-windows-x86_64, r-oldrel-macos-arm64, r-oldrel-macos-x86_64, r-oldrel-windows-ix86+x86_64