CRAN Package Check Results for Package akima

Last updated on 2019-11-20 01:46:26 CET.

Flavor Version Tinstall Tcheck Ttotal Status Flags
r-devel-linux-x86_64-debian-clang 0.6-2 9.81 33.87 43.68 OK
r-devel-linux-x86_64-debian-gcc 0.6-2 8.91 27.54 36.45 OK
r-devel-linux-x86_64-fedora-clang 0.6-2 56.02 NOTE
r-devel-linux-x86_64-fedora-gcc 0.6-2 55.88 NOTE
r-devel-windows-ix86+x86_64 0.6-2 41.00 82.00 123.00 OK
r-devel-windows-ix86+x86_64-gcc8 0.6-2 42.00 60.00 102.00 OK
r-patched-linux-x86_64 0.6-2 9.56 32.11 41.67 OK
r-patched-solaris-x86 0.6-2 71.50 OK
r-release-linux-x86_64 0.6-2 9.07 31.56 40.63 OK
r-release-windows-ix86+x86_64 0.6-2 30.00 79.00 109.00 OK
r-release-osx-x86_64 0.6-2 OK
r-oldrel-windows-ix86+x86_64 0.6-2 37.00 70.00 107.00 OK
r-oldrel-osx-x86_64 0.6-2 OK

Additional issues

LTO

Check Details

Version: 0.6-2
Check: compiled code
Result: NOTE
    File ‘akima/libs/akima.so’:
     Found no call to: ‘R_useDynamicSymbols’
    
    It is good practice to register native routines and to disable symbol
    search.
    
    See ‘Writing portable packages’ in the ‘Writing R Extensions’ manual.
Flavors: r-devel-linux-x86_64-fedora-clang, r-devel-linux-x86_64-fedora-gcc