CRAN Package Check Results for Package akima

Last updated on 2021-07-31 03:51:52 CEST.

Flavor Version Tinstall Tcheck Ttotal Status Flags
r-devel-linux-x86_64-debian-clang 0.6-2.1 OK
r-devel-linux-x86_64-debian-gcc 0.6-2.1 8.75 30.48 39.23 OK
r-devel-linux-x86_64-fedora-clang 0.6-2.1 71.49 NOTE
r-devel-linux-x86_64-fedora-gcc 0.6-2.1 60.88 OK
r-devel-windows-x86_64 0.6-2.1 16.00 59.00 75.00 OK
r-devel-windows-x86_64-gcc10-UCRT 0.6-2.1 OK
r-patched-linux-x86_64 0.6-2.1 OK
r-patched-solaris-x86 0.6-2.1 82.70 OK
r-release-linux-x86_64 0.6-2.1 10.43 37.88 48.31 OK
r-release-macos-arm64 0.6-2.1 OK
r-release-macos-x86_64 0.6-2.1 OK
r-release-windows-ix86+x86_64 0.6-2.1 31.00 55.00 86.00 OK
r-oldrel-macos-x86_64 0.6-2.1 OK
r-oldrel-windows-ix86+x86_64 0.6-2.1 29.00 71.00 100.00 OK

Check Details

Version: 0.6-2.1
Check: Rd cross-references
Result: NOTE
    Undeclared package ‘tripack’ in Rd xrefs
Flavor: r-devel-linux-x86_64-fedora-clang