CRAN Package Check Results for Package akima

Last updated on 2018-01-24 07:46:55 CET.

Flavor Version Tinstall Tcheck Ttotal Status Flags
r-devel-linux-x86_64-debian-clang 0.6-2 7.88 30.51 38.39 NOTE
r-devel-linux-x86_64-debian-gcc 0.6-2 6.72 24.08 30.80 NOTE
r-devel-linux-x86_64-fedora-clang 0.6-2 44.43 NOTE
r-devel-linux-x86_64-fedora-gcc 0.6-2 43.19 NOTE
r-devel-windows-ix86+x86_64 0.6-2 39.00 57.00 96.00 OK
r-patched-linux-x86_64 0.6-2 7.80 30.21 38.01 NOTE
r-patched-solaris-x86 0.6-2 65.90 OK
r-release-linux-x86_64 0.6-2 7.80 30.24 38.04 NOTE
r-release-windows-ix86+x86_64 0.6-2 27.00 68.00 95.00 OK
r-release-osx-x86_64 0.6-2 OK
r-oldrel-windows-ix86+x86_64 0.6-2 25.00 42.00 67.00 OK
r-oldrel-osx-x86_64 0.6-2 OK

Check Details

Version: 0.6-2
Check: compiled code
Result: NOTE
    File ‘akima/libs/akima.so’:
     Found no call to: ‘R_useDynamicSymbols’
    
    It is good practice to register native routines and to disable symbol
    search.
    
    See ‘Writing portable packages’ in the ‘Writing R Extensions’ manual.
Flavors: r-devel-linux-x86_64-debian-clang, r-devel-linux-x86_64-debian-gcc, r-devel-linux-x86_64-fedora-clang, r-devel-linux-x86_64-fedora-gcc, r-patched-linux-x86_64, r-release-linux-x86_64