Last updated on 2023-09-28 12:59:08 CEST.
Flavor | Version | Tinstall | Tcheck | Ttotal | Status | Flags |
---|---|---|---|---|---|---|
r-devel-linux-x86_64-debian-clang | 0.6-3.4 | 10.96 | 41.67 | 52.63 | OK | |
r-devel-linux-x86_64-debian-gcc | 0.6-3.4 | 8.60 | 31.94 | 40.54 | OK | |
r-devel-linux-x86_64-fedora-clang | 0.6-3.4 | 70.73 | OK | |||
r-devel-linux-x86_64-fedora-gcc | 0.6-3.4 | 70.41 | OK | |||
r-devel-windows-x86_64 | 0.6-3.4 | 13.00 | 57.00 | 70.00 | OK | |
r-patched-linux-x86_64 | 0.6-3.4 | 13.36 | 40.51 | 53.87 | OK | |
r-release-linux-x86_64 | 0.6-3.4 | 12.00 | 41.18 | 53.18 | OK | |
r-release-macos-arm64 | 0.6-3.4 | 33.00 | OK | |||
r-release-macos-x86_64 | 0.6-3.4 | 49.00 | NOTE | |||
r-release-windows-x86_64 | 0.6-3.4 | 13.00 | 61.00 | 74.00 | OK | |
r-oldrel-macos-arm64 | 0.6-3.4 | 29.00 | OK | |||
r-oldrel-macos-x86_64 | 0.6-3.4 | 36.00 | OK | |||
r-oldrel-windows-x86_64 | 0.6-3.4 | 14.00 | 63.00 | 77.00 | OK |
Version: 0.6-3.4
Check: package dependencies
Result: NOTE
Package which this enhances but not available for checking: ‘tripack’
Flavor: r-release-macos-x86_64
Version: 0.6-3.4
Check: Rd cross-references
Result: NOTE
Package unavailable to check Rd xrefs: ‘tripack’
Flavor: r-release-macos-x86_64