CRAN Package Check Results for Package akima

Last updated on 2018-10-20 03:50:07 CEST.

Flavor Version Tinstall Tcheck Ttotal Status Flags
r-devel-linux-x86_64-debian-clang 0.6-2 10.48 31.65 42.13 OK
r-devel-linux-x86_64-debian-gcc 0.6-2 7.76 26.32 34.08 OK
r-devel-linux-x86_64-fedora-clang 0.6-2 49.20 NOTE
r-devel-linux-x86_64-fedora-gcc 0.6-2 47.79 NOTE
r-devel-windows-ix86+x86_64 0.6-2 43.00 74.00 117.00 OK
r-patched-linux-x86_64 0.6-2 9.87 28.00 37.87 OK
r-patched-solaris-x86 0.6-2 65.70 OK
r-release-linux-x86_64 0.6-2 9.80 28.37 38.17 OK
r-release-windows-ix86+x86_64 0.6-2 29.00 79.00 108.00 OK
r-release-osx-x86_64 0.6-2 OK
r-oldrel-windows-ix86+x86_64 0.6-2 28.00 71.00 99.00 OK
r-oldrel-osx-x86_64 0.6-2 OK

Check Details

Version: 0.6-2
Check: compiled code
Result: NOTE
    File ‘akima/libs/akima.so’:
     Found no call to: ‘R_useDynamicSymbols’
    
    It is good practice to register native routines and to disable symbol
    search.
    
    See ‘Writing portable packages’ in the ‘Writing R Extensions’ manual.
Flavors: r-devel-linux-x86_64-fedora-clang, r-devel-linux-x86_64-fedora-gcc