CRAN Package Check Results for Package akima

Last updated on 2018-04-26 12:46:31 CEST.

Flavor Version Tinstall Tcheck Ttotal Status Flags
r-devel-linux-x86_64-debian-clang 0.6-2 9.13 25.51 34.64 NOTE
r-devel-linux-x86_64-debian-gcc 0.6-2 6.88 22.85 29.73 NOTE
r-devel-linux-x86_64-fedora-clang 0.6-2 46.45 NOTE
r-devel-linux-x86_64-fedora-gcc 0.6-2 44.88 NOTE
r-devel-windows-ix86+x86_64 0.6-2 48.00 51.00 99.00 OK
r-patched-linux-x86_64 0.6-2 8.52 28.03 36.55 NOTE
r-patched-solaris-x86 0.6-2 68.50 OK
r-release-linux-x86_64 0.6-2 8.03 28.19 36.22 NOTE
r-release-windows-ix86+x86_64 0.6-2 48.00 51.00 99.00 OK
r-release-osx-x86_64 0.6-2 OK
r-oldrel-windows-ix86+x86_64 0.6-2 27.00 67.00 94.00 OK
r-oldrel-osx-x86_64 0.6-2 OK

Check Details

Version: 0.6-2
Check: compiled code
Result: NOTE
    File ‘akima/libs/akima.so’:
     Found no call to: ‘R_useDynamicSymbols’
    
    It is good practice to register native routines and to disable symbol
    search.
    
    See ‘Writing portable packages’ in the ‘Writing R Extensions’ manual.
Flavors: r-devel-linux-x86_64-debian-clang, r-devel-linux-x86_64-debian-gcc, r-devel-linux-x86_64-fedora-clang, r-devel-linux-x86_64-fedora-gcc, r-patched-linux-x86_64, r-release-linux-x86_64