CRAN Package Check Results for Package akima

Last updated on 2019-08-24 13:46:42 CEST.

Flavor Version Tinstall Tcheck Ttotal Status Flags
r-devel-linux-x86_64-debian-clang 0.6-2 10.20 32.81 43.01 OK
r-devel-linux-x86_64-debian-gcc 0.6-2 8.65 26.42 35.07 OK
r-devel-linux-x86_64-fedora-clang 0.6-2 57.07 NOTE
r-devel-linux-x86_64-fedora-gcc 0.6-2 53.83 NOTE
r-devel-windows-ix86+x86_64 0.6-2 32.00 58.00 90.00 OK
r-patched-linux-x86_64 0.6-2 9.50 32.95 42.45 OK
r-patched-solaris-x86 0.6-2 75.10 OK
r-release-linux-x86_64 0.6-2 9.08 32.24 41.32 OK
r-release-windows-ix86+x86_64 0.6-2 42.00 83.00 125.00 OK
r-release-osx-x86_64 0.6-2 OK
r-oldrel-windows-ix86+x86_64 0.6-2 36.00 70.00 106.00 OK
r-oldrel-osx-x86_64 0.6-2 OK

Additional issues

LTO

Check Details

Version: 0.6-2
Check: compiled code
Result: NOTE
    File ‘akima/libs/akima.so’:
     Found no call to: ‘R_useDynamicSymbols’
    
    It is good practice to register native routines and to disable symbol
    search.
    
    See ‘Writing portable packages’ in the ‘Writing R Extensions’ manual.
Flavors: r-devel-linux-x86_64-fedora-clang, r-devel-linux-x86_64-fedora-gcc