CRAN Package Check Results for Package akmbiclust

Last updated on 2022-08-13 09:54:18 CEST.

Flavor Version Tinstall Tcheck Ttotal Status Flags
r-devel-linux-x86_64-debian-clang 0.1.0 1.94 22.89 24.83 NOTE
r-devel-linux-x86_64-debian-gcc 0.1.0 1.75 17.60 19.35 NOTE
r-devel-linux-x86_64-fedora-clang 0.1.0 40.39 NOTE
r-devel-linux-x86_64-fedora-gcc 0.1.0 39.30 NOTE
r-devel-windows-x86_64 0.1.0 10.00 44.00 54.00 NOTE
r-patched-linux-x86_64 0.1.0 2.12 22.51 24.63 NOTE
r-release-linux-x86_64 0.1.0 1.84 22.49 24.33 NOTE
r-release-macos-arm64 0.1.0 16.00 NOTE
r-release-macos-x86_64 0.1.0 20.00 NOTE
r-release-windows-x86_64 0.1.0 5.00 44.00 49.00 NOTE
r-oldrel-macos-arm64 0.1.0 18.00 NOTE
r-oldrel-macos-x86_64 0.1.0 27.00 NOTE
r-oldrel-windows-ix86+x86_64 0.1.0 5.00 33.00 38.00 NOTE

Check Details

Version: 0.1.0
Check: LazyData
Result: NOTE
     'LazyData' is specified without a 'data' directory
Flavors: r-devel-linux-x86_64-debian-clang, r-devel-linux-x86_64-debian-gcc, r-devel-linux-x86_64-fedora-clang, r-devel-linux-x86_64-fedora-gcc, r-devel-windows-x86_64, r-patched-linux-x86_64, r-release-linux-x86_64, r-release-macos-arm64, r-release-macos-x86_64, r-release-windows-x86_64, r-oldrel-macos-arm64, r-oldrel-macos-x86_64, r-oldrel-windows-ix86+x86_64