CRAN Package Check Results for Package akmedoids

Last updated on 2019-11-14 15:47:22 CET.

Flavor Version Tinstall Tcheck Ttotal Status Flags
r-devel-linux-x86_64-debian-clang 0.1.2 11.97 112.56 124.53 OK
r-devel-linux-x86_64-debian-gcc 0.1.2 10.54 86.43 96.97 OK
r-devel-linux-x86_64-fedora-clang 0.1.2 151.76 OK
r-devel-linux-x86_64-fedora-gcc 0.1.2 146.33 OK
r-devel-windows-ix86+x86_64 0.1.2 52.00 173.00 225.00 OK
r-patched-linux-x86_64 0.1.2 11.07 106.27 117.34 OK
r-patched-solaris-x86 0.1.2 225.60 OK
r-release-linux-x86_64 0.1.2 11.32 106.40 117.72 OK
r-release-windows-ix86+x86_64 0.1.2 27.00 117.00 144.00 OK
r-release-osx-x86_64 0.1.2 WARN
r-oldrel-windows-ix86+x86_64 0.1.2 16.00 126.00 142.00 OK
r-oldrel-osx-x86_64 0.1.2 WARN

Check Details

Version: 0.1.2
Check: whether package can be installed
Result: WARN
    Found the following significant warnings:
     Warning: 'rgl_init' failed, running with rgl.useNULL = TRUE
Flavors: r-release-osx-x86_64, r-oldrel-osx-x86_64