CRAN Package Check Results for Package algorithmia

Last updated on 2018-11-20 13:46:14 CET.

Flavor Version Tinstall Tcheck Ttotal Status Flags
r-devel-linux-x86_64-debian-clang 0.0.2 1.65 22.74 24.39 OK
r-devel-linux-x86_64-debian-gcc 0.0.2 1.32 18.68 20.00 OK
r-devel-linux-x86_64-fedora-clang 0.0.2 30.14 NOTE
r-devel-linux-x86_64-fedora-gcc 0.0.2 28.74 NOTE
r-devel-windows-ix86+x86_64 0.0.2 5.00 32.00 37.00 OK
r-patched-linux-x86_64 0.0.2 3.04 21.46 24.50 NOTE
r-patched-solaris-x86 0.0.2 46.00 NOTE
r-release-linux-x86_64 0.0.2 3.33 21.57 24.90 NOTE
r-release-windows-ix86+x86_64 0.0.2 6.00 47.00 53.00 OK
r-release-osx-x86_64 0.0.2 NOTE
r-oldrel-windows-ix86+x86_64 0.0.2 6.00 34.00 40.00 OK
r-oldrel-osx-x86_64 0.0.2 NOTE

Check Details

Version: 0.0.2
Check: dependencies in R code
Result: NOTE
    Namespaces in Imports field not imported from:
     ‘rjson’ ‘xml2’
     All declared Imports should be used.
Flavors: r-devel-linux-x86_64-fedora-clang, r-devel-linux-x86_64-fedora-gcc, r-patched-solaris-x86, r-release-osx-x86_64, r-oldrel-osx-x86_64

Version: 0.0.2
Check: DESCRIPTION meta-information
Result: NOTE
    Dependence on R version ‘3.3.1’ not with patchlevel 0
Flavors: r-patched-linux-x86_64, r-release-linux-x86_64