CRAN Package Check Results for Package algorithmia

Last updated on 2018-08-21 16:50:14 CEST.

Flavor Version Tinstall Tcheck Ttotal Status Flags
r-devel-linux-x86_64-debian-clang 0.0.2 2.33 23.48 25.81 OK
r-devel-linux-x86_64-debian-gcc 0.0.2 2.09 18.76 20.85 OK
r-devel-linux-x86_64-fedora-clang 0.0.2 31.08 NOTE
r-devel-linux-x86_64-fedora-gcc 0.0.2 29.64 NOTE
r-devel-windows-ix86+x86_64 0.0.2 6.00 33.00 39.00 OK
r-patched-linux-x86_64 0.0.2 2.94 21.85 24.79 NOTE
r-patched-solaris-x86 0.0.2 48.50 NOTE
r-release-linux-x86_64 0.0.2 2.79 21.84 24.63 NOTE
r-release-windows-ix86+x86_64 0.0.2 7.00 38.00 45.00 OK
r-release-osx-x86_64 0.0.2 NOTE
r-oldrel-windows-ix86+x86_64 0.0.2 3.00 37.00 40.00 OK
r-oldrel-osx-x86_64 0.0.2 NOTE

Check Details

Version: 0.0.2
Check: dependencies in R code
Result: NOTE
    Namespaces in Imports field not imported from:
     ‘rjson’ ‘xml2’
     All declared Imports should be used.
Flavors: r-devel-linux-x86_64-fedora-clang, r-devel-linux-x86_64-fedora-gcc, r-patched-solaris-x86, r-release-osx-x86_64, r-oldrel-osx-x86_64

Version: 0.0.2
Check: DESCRIPTION meta-information
Result: NOTE
    Dependence on R version ‘3.3.1’ not with patchlevel 0
Flavors: r-patched-linux-x86_64, r-release-linux-x86_64