CRAN Package Check Results for Package algorithmia

Last updated on 2019-02-16 19:47:14 CET.

Flavor Version Tinstall Tcheck Ttotal Status Flags
r-devel-linux-x86_64-debian-clang 0.0.2 2.41 22.72 25.13 OK
r-devel-linux-x86_64-debian-gcc 0.0.2 2.09 18.84 20.93 OK
r-devel-linux-x86_64-fedora-clang 0.0.2 31.75 NOTE
r-devel-linux-x86_64-fedora-gcc 0.0.2 29.89 NOTE
r-devel-windows-ix86+x86_64 0.0.2 6.00 92.00 98.00 OK
r-patched-linux-x86_64 0.0.2 3.01 22.12 25.13 NOTE
r-patched-solaris-x86 0.0.2 46.00 NOTE
r-release-linux-x86_64 0.0.2 NOTE
r-release-windows-ix86+x86_64 0.0.2 4.00 33.00 37.00 OK
r-release-osx-x86_64 0.0.2 NOTE
r-oldrel-windows-ix86+x86_64 0.0.2 6.00 67.00 73.00 OK
r-oldrel-osx-x86_64 0.0.2 NOTE

Check Details

Version: 0.0.2
Check: dependencies in R code
Result: NOTE
    Namespaces in Imports field not imported from:
     ‘rjson’ ‘xml2’
     All declared Imports should be used.
Flavors: r-devel-linux-x86_64-fedora-clang, r-devel-linux-x86_64-fedora-gcc, r-patched-solaris-x86, r-release-osx-x86_64, r-oldrel-osx-x86_64

Version: 0.0.2
Check: DESCRIPTION meta-information
Result: NOTE
    Dependence on R version ‘3.3.1’ not with patchlevel 0
Flavors: r-patched-linux-x86_64, r-release-linux-x86_64