CRAN Package Check Results for Package algorithmia

Last updated on 2018-02-24 16:48:42 CET.

Flavor Version Tinstall Tcheck Ttotal Status Flags
r-devel-linux-x86_64-debian-clang 0.0.2 2.94 21.59 24.53 NOTE
r-devel-linux-x86_64-debian-gcc 0.0.2 2.34 17.50 19.84 NOTE
r-devel-linux-x86_64-fedora-clang 0.0.2 29.84 NOTE
r-devel-linux-x86_64-fedora-gcc 0.0.2 28.87 NOTE
r-devel-windows-ix86+x86_64 0.0.2 8.00 44.00 52.00 OK
r-patched-linux-x86_64 0.0.2 1.26 21.61 22.87 OK
r-patched-solaris-x86 0.0.2 38.60 NOTE
r-release-linux-x86_64 0.0.2 1.66 21.40 23.06 OK
r-release-windows-ix86+x86_64 0.0.2 3.00 44.00 47.00 OK
r-release-osx-x86_64 0.0.2 NOTE
r-oldrel-windows-ix86+x86_64 0.0.2 3.00 31.00 34.00 OK
r-oldrel-osx-x86_64 0.0.2 NOTE

Check Details

Version: 0.0.2
Check: DESCRIPTION meta-information
Result: NOTE
    Dependence on R version ‘3.3.1’ not with patchlevel 0
Flavors: r-devel-linux-x86_64-debian-clang, r-devel-linux-x86_64-debian-gcc, r-devel-linux-x86_64-fedora-clang, r-devel-linux-x86_64-fedora-gcc

Version: 0.0.2
Check: dependencies in R code
Result: NOTE
    Namespaces in Imports field not imported from:
     ‘rjson’ ‘xml2’
     All declared Imports should be used.
Flavors: r-devel-linux-x86_64-fedora-clang, r-devel-linux-x86_64-fedora-gcc, r-patched-solaris-x86, r-release-osx-x86_64, r-oldrel-osx-x86_64