CRAN Package Check Results for Package algorithmia

Last updated on 2018-05-22 11:47:10 CEST.

Flavor Version Tinstall Tcheck Ttotal Status Flags
r-devel-linux-x86_64-debian-clang 0.0.2 1.60 20.57 22.17 OK
r-devel-linux-x86_64-debian-gcc 0.0.2 1.97 17.96 19.93 OK
r-devel-linux-x86_64-fedora-clang 0.0.2 31.33 NOTE
r-devel-linux-x86_64-fedora-gcc 0.0.2 30.61 NOTE
r-devel-windows-ix86+x86_64 0.0.2 7.00 35.00 42.00 OK
r-patched-linux-x86_64 0.0.2 3.04 21.73 24.77 NOTE
r-patched-solaris-x86 0.0.2 46.20 NOTE
r-release-linux-x86_64 0.0.2 2.85 21.93 24.78 NOTE
r-release-windows-ix86+x86_64 0.0.2 7.00 32.00 39.00 OK
r-release-osx-x86_64 0.0.2 NOTE
r-oldrel-windows-ix86+x86_64 0.0.2 4.00 42.00 46.00 OK
r-oldrel-osx-x86_64 0.0.2 NOTE

Check Details

Version: 0.0.2
Check: dependencies in R code
Result: NOTE
    Namespaces in Imports field not imported from:
     ‘rjson’ ‘xml2’
     All declared Imports should be used.
Flavors: r-devel-linux-x86_64-fedora-clang, r-devel-linux-x86_64-fedora-gcc, r-patched-solaris-x86, r-release-osx-x86_64, r-oldrel-osx-x86_64

Version: 0.0.2
Check: DESCRIPTION meta-information
Result: NOTE
    Dependence on R version ‘3.3.1’ not with patchlevel 0
Flavors: r-patched-linux-x86_64, r-release-linux-x86_64