CRAN Package Check Results for Package aliases2entrez

Last updated on 2019-12-14 16:46:25 CET.

Flavor Version Tinstall Tcheck Ttotal Status Flags
r-devel-linux-x86_64-debian-clang 0.0.6 15.59 131.83 147.42 OK
r-devel-linux-x86_64-debian-gcc 0.0.6 13.94 98.55 112.49 OK
r-devel-linux-x86_64-fedora-clang 0.0.6 181.06 OK
r-devel-linux-x86_64-fedora-gcc 0.0.6 169.28 OK
r-devel-windows-ix86+x86_64 0.0.6 29.00 163.00 192.00 OK
r-devel-windows-ix86+x86_64-gcc8 0.0.6 29.00 176.00 205.00 OK
r-patched-linux-x86_64 0.0.6 13.30 111.99 125.29 OK
r-patched-solaris-x86 0.0.6 231.90 OK
r-release-linux-x86_64 0.0.6 13.06 112.94 126.00 OK
r-release-windows-ix86+x86_64 0.0.6 26.00 113.00 139.00 OK
r-release-osx-x86_64 0.0.6 ERROR
r-oldrel-windows-ix86+x86_64 0.0.6 18.00 113.00 131.00 OK
r-oldrel-osx-x86_64 0.0.6 OK

Check Details

Version: 0.0.6
Check: package dependencies
Result: ERROR
    Package required but not available: ‘org.Hs.eg.db’
    
    See section ‘The DESCRIPTION file’ in the ‘Writing R Extensions’
    manual.
Flavor: r-release-osx-x86_64