CRAN Package Check Results for Package aliases2entrez

Last updated on 2020-07-05 14:48:00 CEST.

Flavor Version Tinstall Tcheck Ttotal Status Flags
r-devel-linux-x86_64-debian-clang 0.1.1 15.37 130.52 145.89 OK
r-devel-linux-x86_64-debian-gcc 0.1.1 14.02 100.47 114.49 OK
r-devel-linux-x86_64-fedora-clang 0.1.1 186.42 OK
r-devel-linux-x86_64-fedora-gcc 0.1.1 182.88 OK
r-devel-windows-ix86+x86_64 0.1.1 42.00 192.00 234.00 OK
r-patched-linux-x86_64 0.1.1 14.26 130.60 144.86 OK
r-patched-solaris-x86 0.1.1 260.50 OK
r-release-linux-x86_64 0.1.1 14.50 128.93 143.43 OK
r-release-osx-x86_64 0.1.1 OK
r-release-windows-ix86+x86_64 0.1.1 37.00 133.00 170.00 OK
r-oldrel-osx-x86_64 0.1.1 ERROR
r-oldrel-windows-ix86+x86_64 0.1.1 39.00 177.00 216.00 OK

Check Details

Version: 0.1.1
Check: package dependencies
Result: ERROR
    Package required but not available: ‘org.Hs.eg.db’
    
    See section ‘The DESCRIPTION file’ in the ‘Writing R Extensions’
    manual.
Flavor: r-oldrel-osx-x86_64