CRAN Package Check Results for Package alleHap

Last updated on 2018-02-24 18:48:46 CET.

Flavor Version Tinstall Tcheck Ttotal Status Flags
r-devel-linux-x86_64-debian-clang 0.9.9 3.61 39.52 43.13 OK
r-devel-linux-x86_64-debian-gcc 0.9.9 2.28 31.37 33.65 OK
r-devel-linux-x86_64-fedora-clang 0.9.9 53.64 OK
r-devel-linux-x86_64-fedora-gcc 0.9.9 51.23 OK
r-devel-windows-ix86+x86_64 0.9.9 8.00 70.00 78.00 OK
r-patched-linux-x86_64 0.9.9 0.75 54.03 54.78 OK
r-patched-solaris-x86 0.9.9 78.10 OK
r-release-linux-x86_64 0.9.9 0.69 52.05 52.74 OK
r-release-windows-ix86+x86_64 0.9.9 3.00 88.00 91.00 OK
r-release-osx-x86_64 0.9.9 WARN
r-oldrel-windows-ix86+x86_64 0.9.9 2.00 53.00 55.00 OK
r-oldrel-osx-x86_64 0.9.9 OK

Check Details

Version: 0.9.9
Check: re-building of vignette outputs
Result: WARN
    Error in re-building vignettes:
     ...
    Warning: running command 'kpsewhich framed.sty' had status 1
    Warning in test_latex_pkg("framed", system.file("misc", "framed.sty", package = "knitr")) :
     unable to find LaTeX package 'framed'; will use a copy from knitr
    Error in texi2dvi(file = file, pdf = TRUE, clean = clean, quiet = quiet, :
     Running 'texi2dvi' on 'alleHap.tex' failed.
    LaTeX errors:
    ! LaTeX Error: File `multirow.sty' not found.
    
    Type X to quit or <RETURN> to proceed,
    or enter new name. (Default extension: sty)
    
    ! Emergency stop.
    <read *>
    
    l.64 \setcounter
     {secnumdepth}{5}^^M
    ! ==> Fatal error occurred, no output PDF file produced!
    Calls: buildVignettes -> texi2pdf -> texi2dvi
    Execution halted
Flavor: r-release-osx-x86_64