CRAN Package Check Results for Package alleHap

Last updated on 2018-08-21 16:50:14 CEST.

Flavor Version Tinstall Tcheck Ttotal Status Flags
r-devel-linux-x86_64-debian-clang 0.9.9 3.33 41.18 44.51 OK
r-devel-linux-x86_64-debian-gcc 0.9.9 2.43 32.71 35.14 OK
r-devel-linux-x86_64-fedora-clang 0.9.9 54.76 OK
r-devel-linux-x86_64-fedora-gcc 0.9.9 53.00 OK
r-devel-windows-ix86+x86_64 0.9.9 7.00 56.00 63.00 OK
r-patched-linux-x86_64 0.9.9 3.58 40.28 43.86 OK
r-patched-solaris-x86 0.9.9 76.70 OK
r-release-linux-x86_64 0.9.9 3.20 40.06 43.26 OK
r-release-windows-ix86+x86_64 0.9.9 9.00 58.00 67.00 OK
r-release-osx-x86_64 0.9.9 OK
r-oldrel-windows-ix86+x86_64 0.9.9 3.00 72.00 75.00 OK
r-oldrel-osx-x86_64 0.9.9 WARN

Check Details

Version: 0.9.9
Check: re-building of vignette outputs
Result: WARN
    Error in re-building vignettes:
     ...
    Warning: running command 'kpsewhich framed.sty' had status 1
    Warning in test_latex_pkg("framed", system.file("misc", "framed.sty", package = "knitr")) :
     unable to find LaTeX package 'framed'; will use a copy from knitr
    Error in texi2dvi(file = file, pdf = TRUE, clean = clean, quiet = quiet, :
     Running 'texi2dvi' on 'alleHap.tex' failed.
    LaTeX errors:
    ! LaTeX Error: File `multirow.sty' not found.
    
    Type X to quit or <RETURN> to proceed,
    or enter new name. (Default extension: sty)
    
    ! Emergency stop.
    <read *>
    
    l.64 \setcounter
     {secnumdepth}{5}^^M
    ! ==> Fatal error occurred, no output PDF file produced!
    Calls: buildVignettes -> texi2pdf -> texi2dvi
    Execution halted
Flavor: r-oldrel-osx-x86_64