CRAN Package Check Results for Package alone

Last updated on 2024-03-04 20:52:45 CET.

Flavor Version Tinstall Tcheck Ttotal Status Flags
r-devel-linux-x86_64-debian-clang 0.3 1.25 24.12 25.37 OK
r-devel-linux-x86_64-debian-gcc 0.3 1.47 18.90 20.37 OK
r-devel-linux-x86_64-fedora-clang 0.3 31.45 NOTE
r-devel-linux-x86_64-fedora-gcc 0.3 30.98 NOTE
r-devel-windows-x86_64 0.3 3.00 40.00 43.00 OK
r-patched-linux-x86_64 0.3 1.74 23.85 25.59 OK
r-release-linux-x86_64 0.3 1.56 23.69 25.25 OK
r-release-macos-arm64 0.3 15.00 OK
r-release-macos-x86_64 0.3 33.00 OK
r-release-windows-x86_64 0.3 2.00 42.00 44.00 OK
r-oldrel-macos-arm64 0.3 18.00 OK
r-oldrel-windows-x86_64 0.3 3.00 45.00 48.00 OK

Check Details

Version: 0.3
Check: data for non-ASCII characters
Result: NOTE Note: found 115 marked UTF-8 strings Flavors: r-devel-linux-x86_64-fedora-clang, r-devel-linux-x86_64-fedora-gcc