CRAN Package Check Results for Package alphabetr

Last updated on 2019-02-15 20:46:37 CET.

Flavor Version Tinstall Tcheck Ttotal Status Flags
r-devel-linux-x86_64-debian-clang 0.2.2 37.11 192.96 230.07 OK
r-devel-linux-x86_64-debian-gcc 0.2.2 27.05 153.44 180.49 OK
r-devel-linux-x86_64-fedora-clang 0.2.2 318.07 NOTE
r-devel-linux-x86_64-fedora-gcc 0.2.2 320.69 NOTE
r-devel-windows-ix86+x86_64 0.2.2 95.00 283.00 378.00 OK
r-patched-linux-x86_64 0.2.2 33.88 197.46 231.34 OK
r-patched-solaris-x86 0.2.2 469.90 OK
r-release-linux-x86_64 0.2.2 35.89 201.68 237.57 OK
r-release-windows-ix86+x86_64 0.2.2 64.00 218.00 282.00 OK
r-release-osx-x86_64 0.2.2 OK
r-oldrel-windows-ix86+x86_64 0.2.2 100.00 317.00 417.00 OK
r-oldrel-osx-x86_64 0.2.2 OK

Check Details

Version: 0.2.2
Check: compiled code
Result: NOTE
    File ‘alphabetr/libs/alphabetr.so’:
     Found no calls to: ‘R_registerRoutines’, ‘R_useDynamicSymbols’
    
    It is good practice to register native routines and to disable symbol
    search.
    
    See ‘Writing portable packages’ in the ‘Writing R Extensions’ manual.
Flavors: r-devel-linux-x86_64-fedora-clang, r-devel-linux-x86_64-fedora-gcc