CRAN Package Check Results for Package alphabetr

Last updated on 2018-05-23 20:48:10 CEST.

Flavor Version Tinstall Tcheck Ttotal Status Flags
r-devel-linux-x86_64-debian-clang 0.2.2 35.94 200.41 236.35 NOTE
r-devel-linux-x86_64-debian-gcc 0.2.2 0.30 1.49 1.79 ERROR
r-devel-linux-x86_64-fedora-clang 0.2.2 307.31 NOTE
r-devel-linux-x86_64-fedora-gcc 0.2.2 303.88 NOTE
r-devel-windows-ix86+x86_64 0.2.2 91.00 245.00 336.00 OK
r-patched-linux-x86_64 0.2.2 38.95 199.29 238.24 NOTE
r-patched-solaris-x86 0.2.2 473.70 OK
r-release-linux-x86_64 0.2.2 38.63 201.73 240.36 NOTE
r-release-windows-ix86+x86_64 0.2.2 90.00 266.00 356.00 OK
r-release-osx-x86_64 0.2.2 OK
r-oldrel-windows-ix86+x86_64 0.2.2 88.00 262.00 350.00 OK
r-oldrel-osx-x86_64 0.2.2 OK

Check Details

Version: 0.2.2
Check: compiled code
Result: NOTE
    File ‘alphabetr/libs/alphabetr.so’:
     Found no calls to: ‘R_registerRoutines’, ‘R_useDynamicSymbols’
    
    It is good practice to register native routines and to disable symbol
    search.
    
    See ‘Writing portable packages’ in the ‘Writing R Extensions’ manual.
Flavors: r-devel-linux-x86_64-debian-clang, r-devel-linux-x86_64-fedora-clang, r-devel-linux-x86_64-fedora-gcc, r-patched-linux-x86_64, r-release-linux-x86_64

Version: 0.2.2
Check: package dependencies
Result: ERROR
    Package required but not available: ‘dplyr’
    
    See section ‘The DESCRIPTION file’ in the ‘Writing R Extensions’
    manual.
Flavor: r-devel-linux-x86_64-debian-gcc