CRAN Package Check Results for Package alphabetr

Last updated on 2018-02-18 02:46:47 CET.

Flavor Version Tinstall Tcheck Ttotal Status Flags
r-devel-linux-x86_64-debian-clang 0.2.2 36.58 208.14 244.72 NOTE
r-devel-linux-x86_64-debian-gcc 0.2.2 23.72 153.77 177.49 NOTE
r-devel-linux-x86_64-fedora-clang 0.2.2 300.94 NOTE
r-devel-linux-x86_64-fedora-gcc 0.2.2 294.51 NOTE
r-devel-windows-ix86+x86_64 0.2.2 72.00 199.00 271.00 OK
r-patched-linux-x86_64 0.2.2 30.44 207.51 237.95 NOTE
r-patched-solaris-x86 0.2.2 444.70 OK
r-release-linux-x86_64 0.2.2 32.28 207.30 239.58 NOTE
r-release-windows-ix86+x86_64 0.2.2 90.00 259.00 349.00 OK
r-release-osx-x86_64 0.2.2 OK
r-oldrel-windows-ix86+x86_64 0.2.2 63.00 260.00 323.00 OK
r-oldrel-osx-x86_64 0.2.2 OK

Check Details

Version: 0.2.2
Check: compiled code
Result: NOTE
    File ‘alphabetr/libs/alphabetr.so’:
     Found no calls to: ‘R_registerRoutines’, ‘R_useDynamicSymbols’
    
    It is good practice to register native routines and to disable symbol
    search.
    
    See ‘Writing portable packages’ in the ‘Writing R Extensions’ manual.
Flavors: r-devel-linux-x86_64-debian-clang, r-devel-linux-x86_64-debian-gcc, r-devel-linux-x86_64-fedora-clang, r-devel-linux-x86_64-fedora-gcc, r-patched-linux-x86_64, r-release-linux-x86_64