CRAN Package Check Results for Package alphabetr

Last updated on 2018-08-20 09:47:28 CEST.

Flavor Version Tinstall Tcheck Ttotal Status Flags
r-devel-linux-x86_64-debian-clang 0.2.2 35.74 217.68 253.42 NOTE
r-devel-linux-x86_64-debian-gcc 0.2.2 33.13 161.14 194.27 NOTE
r-devel-linux-x86_64-fedora-clang 0.2.2 315.48 NOTE
r-devel-linux-x86_64-fedora-gcc 0.2.2 315.83 NOTE
r-devel-windows-ix86+x86_64 0.2.2 94.00 260.00 354.00 OK
r-patched-linux-x86_64 0.2.2 40.19 209.22 249.41 NOTE
r-patched-solaris-x86 0.2.2 477.40 OK
r-release-linux-x86_64 0.2.2 40.82 210.14 250.96 NOTE
r-release-windows-ix86+x86_64 0.2.2 102.00 268.00 370.00 OK
r-release-osx-x86_64 0.2.2 OK
r-oldrel-windows-ix86+x86_64 0.2.2 74.00 241.00 315.00 OK
r-oldrel-osx-x86_64 0.2.2 OK

Check Details

Version: 0.2.2
Check: compiled code
Result: NOTE
    File ‘alphabetr/libs/alphabetr.so’:
     Found no calls to: ‘R_registerRoutines’, ‘R_useDynamicSymbols’
    
    It is good practice to register native routines and to disable symbol
    search.
    
    See ‘Writing portable packages’ in the ‘Writing R Extensions’ manual.
Flavors: r-devel-linux-x86_64-debian-clang, r-devel-linux-x86_64-debian-gcc, r-devel-linux-x86_64-fedora-clang, r-devel-linux-x86_64-fedora-gcc, r-patched-linux-x86_64, r-release-linux-x86_64