CRAN Package Check Results for Package alphabetr

Last updated on 2018-11-13 02:48:27 CET.

Flavor Version Tinstall Tcheck Ttotal Status Flags
r-devel-linux-x86_64-debian-clang 0.2.2 38.33 207.12 245.45 OK
r-devel-linux-x86_64-debian-gcc 0.2.2 34.19 161.80 195.99 OK
r-devel-linux-x86_64-fedora-clang 0.2.2 317.50 NOTE
r-devel-linux-x86_64-fedora-gcc 0.2.2 312.47 NOTE
r-devel-windows-ix86+x86_64 0.2.2 61.00 219.00 280.00 OK
r-patched-linux-x86_64 0.2.2 42.62 219.37 261.99 OK
r-patched-solaris-x86 0.2.2 471.90 OK
r-release-linux-x86_64 0.2.2 40.18 210.40 250.58 OK
r-release-windows-ix86+x86_64 0.2.2 95.00 272.00 367.00 OK
r-release-osx-x86_64 0.2.2 OK
r-oldrel-windows-ix86+x86_64 0.2.2 86.00 272.00 358.00 OK
r-oldrel-osx-x86_64 0.2.2 OK

Check Details

Version: 0.2.2
Check: compiled code
Result: NOTE
    File ‘alphabetr/libs/alphabetr.so’:
     Found no calls to: ‘R_registerRoutines’, ‘R_useDynamicSymbols’
    
    It is good practice to register native routines and to disable symbol
    search.
    
    See ‘Writing portable packages’ in the ‘Writing R Extensions’ manual.
Flavors: r-devel-linux-x86_64-fedora-clang, r-devel-linux-x86_64-fedora-gcc