CRAN Package Check Results for Package alphaci

Last updated on 2025-01-17 07:49:07 CET.

Flavor Version Tinstall Tcheck Ttotal Status Flags
r-devel-linux-x86_64-debian-clang 1.0.1 2.24 26.84 29.08 NOTE
r-devel-linux-x86_64-debian-gcc 1.0.1 1.57 20.69 22.26 NOTE
r-devel-linux-x86_64-fedora-clang 1.0.1 50.14 OK
r-devel-windows-x86_64 1.0.1 4.00 49.00 53.00 NOTE
r-patched-linux-x86_64 1.0.1 4.20 25.56 29.76 OK
r-release-linux-x86_64 1.0.1 2.13 25.43 27.56 OK
r-release-macos-arm64 1.0.1 26.00 OK
r-release-macos-x86_64 1.0.1 35.00 OK
r-release-windows-x86_64 1.0.1 4.00 50.00 54.00 OK
r-oldrel-macos-arm64 1.0.1 42.00 OK
r-oldrel-macos-x86_64 1.0.1 57.00 OK
r-oldrel-windows-x86_64 1.0.1 4.00 52.00 56.00 OK

Check Details

Version: 1.0.1
Check: Rd cross-references
Result: NOTE Found the following Rd file(s) with Rd \link{} targets missing package anchors: alphaci.Rd: future.apply Please provide package anchors for all Rd \link{} targets not in the package itself and the base packages. Flavors: r-devel-linux-x86_64-debian-clang, r-devel-linux-x86_64-debian-gcc, r-devel-windows-x86_64