CRAN Package Check Results for Package alphavantager

Last updated on 2019-02-20 13:46:16 CET.

Flavor Version Tinstall Tcheck Ttotal Status Flags
r-devel-linux-x86_64-debian-clang 0.1.0 2.09 31.47 33.56 OK
r-devel-linux-x86_64-debian-gcc 0.1.0 1.76 24.87 26.63 OK
r-devel-linux-x86_64-fedora-clang 0.1.0 42.31 NOTE
r-devel-linux-x86_64-fedora-gcc 0.1.0 37.80 NOTE
r-devel-windows-ix86+x86_64 0.1.0 10.00 75.00 85.00 OK
r-patched-linux-x86_64 0.1.0 OK
r-patched-solaris-x86 0.1.0 62.70 NOTE
r-release-linux-x86_64 0.1.0 OK
r-release-windows-ix86+x86_64 0.1.0 6.00 62.00 68.00 OK
r-release-osx-x86_64 0.1.0 NOTE
r-oldrel-windows-ix86+x86_64 0.1.0 6.00 52.00 58.00 OK
r-oldrel-osx-x86_64 0.1.0 NOTE

Check Details

Version: 0.1.0
Check: dependencies in R code
Result: NOTE
    Namespace in Imports field not imported from: ‘devtools’
     All declared Imports should be used.
Flavors: r-devel-linux-x86_64-fedora-clang, r-devel-linux-x86_64-fedora-gcc, r-patched-solaris-x86, r-release-osx-x86_64, r-oldrel-osx-x86_64