CRAN Package Check Results for Package alphavantager

Last updated on 2018-08-21 21:50:54 CEST.

Flavor Version Tinstall Tcheck Ttotal Status Flags
r-devel-linux-x86_64-debian-clang 0.1.0 2.55 33.36 35.91 ERROR
r-devel-linux-x86_64-debian-gcc 0.1.0 2.04 25.45 27.49 ERROR
r-devel-linux-x86_64-fedora-clang 0.1.0 41.52 ERROR
r-devel-linux-x86_64-fedora-gcc 0.1.0 39.36 ERROR
r-devel-windows-ix86+x86_64 0.1.0 10.00 47.00 57.00 ERROR
r-patched-linux-x86_64 0.1.0 2.05 28.87 30.92 ERROR
r-patched-solaris-x86 0.1.0 63.00 ERROR
r-release-linux-x86_64 0.1.0 2.02 28.27 30.29 ERROR
r-release-windows-ix86+x86_64 0.1.0 6.00 62.00 68.00 ERROR
r-release-osx-x86_64 0.1.0 NOTE
r-oldrel-windows-ix86+x86_64 0.1.0 6.00 54.00 60.00 ERROR
r-oldrel-osx-x86_64 0.1.0 NOTE

Check Details

Version: 0.1.0
Check: tests
Result: ERROR
     Running ‘testthat.R’ [2s/5s]
    Running the tests in ‘tests/testthat.R’ failed.
    Complete output:
     > library(testthat)
     > library(alphavantager)
     >
     > test_check("alphavantager")
     ── 1. Error: call Technical Indicators (@test_av_get.R#69) ────────────────────
     Thank you for using Alpha Vantage! Please visit https://www.alphavantage.co/premium/ if you would like to have a higher API call volume.. API parameters used: symbol=MSFT, function=RSI, interval=monthly, time_period=60, series_type=close, apikey=HIDDEN_FOR_YOUR_SAFETY
     1: av_get(symbol, av_fun, interval = interval, time_period = time_period, series_type = series_type) at testthat/test_av_get.R:69
     2: stop(content, call. = F)
    
     ══ testthat results ═══════════════════════════════════════════════════════════
     OK: 12 SKIPPED: 0 FAILED: 1
     1. Error: call Technical Indicators (@test_av_get.R#69)
    
     Error: testthat unit tests failed
     Execution halted
Flavors: r-devel-linux-x86_64-debian-clang, r-patched-linux-x86_64, r-release-linux-x86_64

Version: 0.1.0
Check: tests
Result: ERROR
     Running ‘testthat.R’ [1s/4s]
    Running the tests in ‘tests/testthat.R’ failed.
    Complete output:
     > library(testthat)
     > library(alphavantager)
     >
     > test_check("alphavantager")
     ── 1. Error: call Technical Indicators (@test_av_get.R#69) ────────────────────
     Thank you for using Alpha Vantage! Please visit https://www.alphavantage.co/premium/ if you would like to have a higher API call volume.. API parameters used: symbol=MSFT, function=RSI, interval=monthly, time_period=60, series_type=close, apikey=HIDDEN_FOR_YOUR_SAFETY
     1: av_get(symbol, av_fun, interval = interval, time_period = time_period, series_type = series_type) at testthat/test_av_get.R:69
     2: stop(content, call. = F)
    
     ══ testthat results ═══════════════════════════════════════════════════════════
     OK: 12 SKIPPED: 0 FAILED: 1
     1. Error: call Technical Indicators (@test_av_get.R#69)
    
     Error: testthat unit tests failed
     Execution halted
Flavor: r-devel-linux-x86_64-debian-gcc

Version: 0.1.0
Check: dependencies in R code
Result: NOTE
    Namespace in Imports field not imported from: ‘devtools’
     All declared Imports should be used.
Flavors: r-devel-linux-x86_64-fedora-clang, r-devel-linux-x86_64-fedora-gcc, r-patched-solaris-x86, r-release-osx-x86_64, r-oldrel-osx-x86_64

Version: 0.1.0
Check: tests
Result: ERROR
     Running ‘testthat.R’
    Running the tests in ‘tests/testthat.R’ failed.
    Complete output:
     > library(testthat)
     > library(alphavantager)
     >
     > test_check("alphavantager")
     ── 1. Error: call Technical Indicators (@test_av_get.R#69) ────────────────────
     Thank you for using Alpha Vantage! Please visit https://www.alphavantage.co/premium/ if you would like to have a higher API call volume.. API parameters used: symbol=MSFT, function=RSI, interval=monthly, time_period=60, series_type=close, apikey=HIDDEN_FOR_YOUR_SAFETY
     1: av_get(symbol, av_fun, interval = interval, time_period = time_period, series_type = series_type) at testthat/test_av_get.R:69
     2: stop(content, call. = F)
    
     ══ testthat results ═══════════════════════════════════════════════════════════
     OK: 12 SKIPPED: 0 FAILED: 1
     1. Error: call Technical Indicators (@test_av_get.R#69)
    
     Error: testthat unit tests failed
     Execution halted
Flavors: r-devel-linux-x86_64-fedora-clang, r-devel-linux-x86_64-fedora-gcc

Version: 0.1.0
Check: tests
Result: ERROR
     Running 'testthat.R' [5s]
    Running the tests in 'tests/testthat.R' failed.
    Complete output:
     > library(testthat)
     > library(alphavantager)
     >
     > test_check("alphavantager")
     -- 1. Error: call Technical Indicators (@test_av_get.R#69) --------------------
     Thank you for using Alpha Vantage! Please visit https://www.alphavantage.co/premium/ if you would like to have a higher API call volume.. API parameters used: symbol=MSFT, function=RSI, interval=monthly, time_period=60, series_type=close, apikey=HIDDEN_FOR_YOUR_SAFETY
     1: av_get(symbol, av_fun, interval = interval, time_period = time_period, series_type = series_type) at testthat/test_av_get.R:69
     2: stop(content, call. = F)
    
     == testthat results ===========================================================
     OK: 12 SKIPPED: 0 FAILED: 1
     1. Error: call Technical Indicators (@test_av_get.R#69)
    
     Error: testthat unit tests failed
     Execution halted
Flavor: r-devel-windows-ix86+x86_64

Version: 0.1.0
Check: tests
Result: ERROR
     Running ‘testthat.R’ [3s/10s]
    Running the tests in ‘tests/testthat.R’ failed.
    Complete output:
     > library(testthat)
     > library(alphavantager)
     >
     > test_check("alphavantager")
     ── 1. Error: call Technical Indicators (@test_av_get.R#69) ────────────────────
     Thank you for using Alpha Vantage! Please visit https://www.alphavantage.co/premium/ if you would like to have a higher API call volume.. API parameters used: symbol=MSFT, function=RSI, interval=monthly, time_period=60, series_type=close, apikey=HIDDEN_FOR_YOUR_SAFETY
     1: av_get(symbol, av_fun, interval = interval, time_period = time_period, series_type = series_type) at testthat/test_av_get.R:69
     2: stop(content, call. = F)
    
     ══ testthat results ═══════════════════════════════════════════════════════════
     OK: 12 SKIPPED: 0 FAILED: 1
     1. Error: call Technical Indicators (@test_av_get.R#69)
    
     Error: testthat unit tests failed
     Execution halted
Flavor: r-patched-solaris-x86

Version: 0.1.0
Check: tests
Result: ERROR
     Running 'testthat.R' [5s]
    Running the tests in 'tests/testthat.R' failed.
    Complete output:
     > library(testthat)
     > library(alphavantager)
     >
     > test_check("alphavantager")
     -- 1. Error: call Technical Indicators (@test_av_get.R#69) --------------------
     Thank you for using Alpha Vantage! Please visit https://www.alphavantage.co/premium/ if you would like to have a higher API call volume.. API parameters used: symbol=MSFT, function=RSI, interval=monthly, time_period=60, series_type=close, apikey=HIDDEN_FOR_YOUR_SAFETY
     1: av_get(symbol, av_fun, interval = interval, time_period = time_period, series_type = series_type) at testthat/test_av_get.R:69
     2: stop(content, call. = F)
    
     == testthat results ===========================================================
     OK: 11 SKIPPED: 0 FAILED: 1
     1. Error: call Technical Indicators (@test_av_get.R#69)
    
     Error: testthat unit tests failed
     Execution halted
Flavor: r-release-windows-ix86+x86_64

Version: 0.1.0
Check: tests
Result: ERROR
     Running 'testthat.R' [8s]
    Running the tests in 'tests/testthat.R' failed.
    Complete output:
     > library(testthat)
     > library(alphavantager)
     >
     > test_check("alphavantager")
     -- 1. Error: call Technical Indicators (@test_av_get.R#69) --------------------
     Thank you for using Alpha Vantage! Please visit https://www.alphavantage.co/premium/ if you would like to have a higher API call volume.. API parameters used: symbol=MSFT, function=RSI, interval=monthly, time_period=60, series_type=close, apikey=HIDDEN_FOR_YOUR_SAFETY
     1: av_get(symbol, av_fun, interval = interval, time_period = time_period, series_type = series_type) at testthat/test_av_get.R:69
     2: stop(content, call. = F)
    
     == testthat results ===========================================================
     OK: 11 SKIPPED: 0 FAILED: 1
     1. Error: call Technical Indicators (@test_av_get.R#69)
    
     Error: testthat unit tests failed
     Execution halted
Flavor: r-oldrel-windows-ix86+x86_64