CRAN Package Check Results for Package alphavantager

Last updated on 2018-11-20 13:46:14 CET.

Flavor Version Tinstall Tcheck Ttotal Status Flags
r-devel-linux-x86_64-debian-clang 0.1.0 1.97 30.63 32.60 OK
r-devel-linux-x86_64-debian-gcc 0.1.0 1.75 24.35 26.10 OK
r-devel-linux-x86_64-fedora-clang 0.1.0 38.98 NOTE
r-devel-linux-x86_64-fedora-gcc 0.1.0 37.23 NOTE
r-devel-windows-ix86+x86_64 0.1.0 7.00 71.00 78.00 OK
r-patched-linux-x86_64 0.1.0 1.91 28.10 30.01 OK
r-patched-solaris-x86 0.1.0 59.90 NOTE
r-release-linux-x86_64 0.1.0 1.96 28.39 30.35 OK
r-release-windows-ix86+x86_64 0.1.0 4.00 72.00 76.00 OK
r-release-osx-x86_64 0.1.0 NOTE
r-oldrel-windows-ix86+x86_64 0.1.0 5.00 47.00 52.00 OK
r-oldrel-osx-x86_64 0.1.0 NOTE

Check Details

Version: 0.1.0
Check: dependencies in R code
Result: NOTE
    Namespace in Imports field not imported from: ‘devtools’
     All declared Imports should be used.
Flavors: r-devel-linux-x86_64-fedora-clang, r-devel-linux-x86_64-fedora-gcc, r-patched-solaris-x86, r-release-osx-x86_64, r-oldrel-osx-x86_64