CRAN Package Check Results for Package alphavantager

Last updated on 2018-05-23 15:47:23 CEST.

Flavor Version Tinstall Tcheck Ttotal Status Flags
r-devel-linux-x86_64-debian-clang 0.1.0 2.20 31.02 33.22 OK
r-devel-linux-x86_64-debian-gcc 0.1.0 0.29 1.31 1.60 ERROR
r-devel-linux-x86_64-fedora-clang 0.1.0 27.29 NOTE
r-devel-linux-x86_64-fedora-gcc 0.1.0 38.14 NOTE
r-devel-windows-ix86+x86_64 0.1.0 5.00 52.00 57.00 OK
r-patched-linux-x86_64 0.1.0 1.62 28.53 30.15 OK
r-patched-solaris-x86 0.1.0 58.00 NOTE
r-release-linux-x86_64 0.1.0 1.72 28.14 29.86 OK
r-release-windows-ix86+x86_64 0.1.0 5.00 62.00 67.00 OK
r-release-osx-x86_64 0.1.0 NOTE
r-oldrel-windows-ix86+x86_64 0.1.0 6.00 56.00 62.00 OK
r-oldrel-osx-x86_64 0.1.0 NOTE

Check Details

Version: 0.1.0
Check: package dependencies
Result: ERROR
    Packages required but not available:
     ‘dplyr’ ‘purrr’ ‘readr’ ‘tibble’ ‘tidyr’
    
    Packages suggested but not available for checking:
     ‘tidyquant’ ‘tidyverse’ ‘timetk’
    
    See section ‘The DESCRIPTION file’ in the ‘Writing R Extensions’
    manual.
Flavor: r-devel-linux-x86_64-debian-gcc

Version: 0.1.0
Check: dependencies in R code
Result: NOTE
    Namespace in Imports field not imported from: ‘devtools’
     All declared Imports should be used.
Flavors: r-devel-linux-x86_64-fedora-clang, r-devel-linux-x86_64-fedora-gcc, r-patched-solaris-x86, r-release-osx-x86_64, r-oldrel-osx-x86_64