Last updated on 2022-05-23 02:53:32 CEST.
Flavor | Version | Tinstall | Tcheck | Ttotal | Status | Flags |
---|---|---|---|---|---|---|
r-devel-linux-x86_64-debian-clang | 1.0.0 | 64.91 | 61.40 | 126.31 | NOTE | |
r-devel-linux-x86_64-debian-gcc | 1.0.0 | 42.07 | 47.87 | 89.94 | NOTE | |
r-devel-linux-x86_64-fedora-clang | 1.0.0 | 187.91 | NOTE | |||
r-devel-linux-x86_64-fedora-gcc | 1.0.0 | 147.09 | NOTE | |||
r-devel-windows-x86_64 | 1.0.0 | 73.00 | 100.00 | 173.00 | NOTE | |
r-patched-linux-x86_64 | 1.0.0 | 48.51 | 58.78 | 107.29 | NOTE | |
r-release-linux-x86_64 | 1.0.0 | 45.88 | 58.32 | 104.20 | NOTE | |
r-release-macos-arm64 | 1.0.0 | 40.00 | NOTE | |||
r-release-macos-x86_64 | 1.0.0 | 58.00 | NOTE | |||
r-release-windows-x86_64 | 1.0.0 | 67.00 | 102.00 | 169.00 | NOTE | |
r-oldrel-macos-arm64 | 1.0.0 | 45.00 | NOTE | |||
r-oldrel-macos-x86_64 | 1.0.0 | 88.00 | NOTE | |||
r-oldrel-windows-ix86+x86_64 | 1.0.0 | 141.00 | 123.00 | 264.00 | NOTE |
Version: 1.0.0
Check: LazyData
Result: NOTE
'LazyData' is specified without a 'data' directory
Flavors: r-devel-linux-x86_64-debian-clang, r-devel-linux-x86_64-debian-gcc, r-devel-linux-x86_64-fedora-clang, r-devel-linux-x86_64-fedora-gcc, r-devel-windows-x86_64, r-patched-linux-x86_64, r-release-linux-x86_64, r-release-macos-arm64, r-release-macos-x86_64, r-release-windows-x86_64, r-oldrel-macos-arm64, r-oldrel-macos-x86_64, r-oldrel-windows-ix86+x86_64