CRAN Package Check Results for Package ambient

Last updated on 2024-04-19 09:54:37 CEST.

Flavor Version Tinstall Tcheck Ttotal Status Flags
r-devel-linux-x86_64-debian-clang 1.0.2 23.00 53.27 76.27 NOTE
r-devel-linux-x86_64-debian-gcc 1.0.2 NOTE
r-devel-linux-x86_64-fedora-clang 1.0.2 108.48 NOTE
r-devel-linux-x86_64-fedora-gcc 1.0.2 101.29 NOTE
r-prerel-macos-arm64 1.0.2 33.00 NOTE
r-prerel-windows-x86_64 1.0.2 21.00 82.00 103.00 NOTE
r-patched-linux-x86_64 1.0.2 22.37 51.39 73.76 NOTE
r-release-linux-x86_64 1.0.2 22.92 51.99 74.91 NOTE
r-release-macos-arm64 1.0.2 39.00 NOTE
r-release-macos-x86_64 1.0.2 58.00 NOTE
r-release-windows-x86_64 1.0.2 22.00 86.00 108.00 NOTE
r-oldrel-macos-arm64 1.0.2 38.00 OK
r-oldrel-windows-x86_64 1.0.2 26.00 86.00 112.00 OK

Check Details

Version: 1.0.2
Check: C++ specification
Result: NOTE Specified C++11: please drop specification unless essential Flavors: r-devel-linux-x86_64-debian-clang, r-devel-linux-x86_64-debian-gcc, r-devel-linux-x86_64-fedora-clang, r-devel-linux-x86_64-fedora-gcc, r-prerel-macos-arm64, r-prerel-windows-x86_64, r-patched-linux-x86_64, r-release-linux-x86_64, r-release-macos-arm64, r-release-macos-x86_64, r-release-windows-x86_64