CRAN Package Check Results for Package ambiorix

Last updated on 2021-05-09 19:48:36 CEST.

Flavor Version Tinstall Tcheck Ttotal Status Flags
r-devel-linux-x86_64-debian-clang 1.0.2 9.27 27.12 36.39 NOTE
r-devel-linux-x86_64-debian-gcc 1.0.2 7.55 21.46 29.01 NOTE
r-devel-linux-x86_64-fedora-clang 1.0.2 54.68 NOTE
r-devel-linux-x86_64-fedora-gcc 1.0.2 44.95 NOTE
r-devel-windows-ix86+x86_64 1.0.2 11.00 46.00 57.00 NOTE
r-devel-windows-x86_64-gcc10-UCRT 1.0.2 NOTE
r-patched-linux-x86_64 1.0.2 7.96 26.65 34.61 NOTE
r-patched-solaris-x86 1.0.2 64.60 NOTE
r-release-linux-x86_64 1.0.2 6.95 26.68 33.63 OK
r-release-macos-x86_64 1.0.2 NOTE
r-release-windows-ix86+x86_64 1.0.2 11.00 35.00 46.00 OK
r-oldrel-macos-x86_64 1.0.2 NOTE
r-oldrel-windows-ix86+x86_64 1.0.2 12.00 47.00 59.00 OK

Check Details

Version: 1.0.2
Check: LazyData
Result: NOTE
     'LazyData' is specified without a 'data' directory
Flavors: r-devel-linux-x86_64-debian-clang, r-devel-linux-x86_64-debian-gcc, r-devel-linux-x86_64-fedora-clang, r-devel-linux-x86_64-fedora-gcc, r-devel-windows-ix86+x86_64, r-devel-windows-x86_64-gcc10-UCRT, r-patched-linux-x86_64

Version: 1.0.2
Check: dependencies in R code
Result: NOTE
    Namespaces in Imports field not imported from:
     ‘glue’ ‘promises’ ‘websocket’
     All declared Imports should be used.
Flavors: r-devel-linux-x86_64-fedora-clang, r-devel-linux-x86_64-fedora-gcc, r-devel-windows-x86_64-gcc10-UCRT, r-patched-solaris-x86, r-release-macos-x86_64, r-oldrel-macos-x86_64