CRAN Package Check Results for Package ameco

Last updated on 2018-08-15 18:47:45 CEST.

Flavor Version Tinstall Tcheck Ttotal Status Flags
r-devel-linux-x86_64-debian-clang 0.2.9 24.50 62.56 87.06 OK
r-devel-linux-x86_64-debian-gcc 0.2.9 21.13 52.31 73.44 OK
r-devel-linux-x86_64-fedora-clang 0.2.9 107.63 NOTE
r-devel-linux-x86_64-fedora-gcc 0.2.9 107.25 OK
r-devel-windows-ix86+x86_64 0.2.9 33.00 67.00 100.00 NOTE
r-patched-linux-x86_64 0.2.9 22.56 58.88 81.44 OK
r-patched-solaris-x86 0.2.9 206.60 NOTE
r-release-linux-x86_64 0.2.9 22.04 58.68 80.72 OK
r-release-windows-ix86+x86_64 0.2.9 40.00 73.00 113.00 NOTE
r-release-osx-x86_64 0.2.9 NOTE
r-oldrel-windows-ix86+x86_64 0.2.9 43.00 73.00 116.00 NOTE
r-oldrel-osx-x86_64 0.2.9 NOTE

Check Details

Version: 0.2.9
Check: installed package size
Result: NOTE
     installed size is 15.8Mb
     sub-directories of 1Mb or more:
     data 15.6Mb
Flavors: r-devel-linux-x86_64-fedora-clang, r-devel-windows-ix86+x86_64, r-patched-solaris-x86, r-release-windows-ix86+x86_64, r-release-osx-x86_64, r-oldrel-windows-ix86+x86_64, r-oldrel-osx-x86_64