CRAN Package Check Results for Package ameco

Last updated on 2018-10-19 11:47:59 CEST.

Flavor Version Tinstall Tcheck Ttotal Status Flags
r-devel-linux-x86_64-debian-clang 0.2.9 23.60 59.72 83.32 OK
r-devel-linux-x86_64-debian-gcc 0.2.9 23.44 49.56 73.00 OK
r-devel-linux-x86_64-fedora-clang 0.2.9 109.14 NOTE
r-devel-linux-x86_64-fedora-gcc 0.2.9 108.39 OK
r-devel-windows-ix86+x86_64 0.2.9 42.00 85.00 127.00 NOTE
r-patched-linux-x86_64 0.2.9 22.92 58.34 81.26 OK
r-patched-solaris-x86 0.2.9 205.80 NOTE
r-release-linux-x86_64 0.2.9 20.27 59.58 79.85 OK
r-release-windows-ix86+x86_64 0.2.9 34.00 94.00 128.00 NOTE
r-release-osx-x86_64 0.2.9 NOTE
r-oldrel-windows-ix86+x86_64 0.2.9 33.00 98.00 131.00 NOTE
r-oldrel-osx-x86_64 0.2.9 NOTE

Check Details

Version: 0.2.9
Check: installed package size
Result: NOTE
     installed size is 15.8Mb
     sub-directories of 1Mb or more:
     data 15.6Mb
Flavors: r-devel-linux-x86_64-fedora-clang, r-devel-windows-ix86+x86_64, r-patched-solaris-x86, r-release-windows-ix86+x86_64, r-release-osx-x86_64, r-oldrel-windows-ix86+x86_64, r-oldrel-osx-x86_64