CRAN Package Check Results for Package ameco

Last updated on 2019-01-24 09:49:25 CET.

Flavor Version Tinstall Tcheck Ttotal Status Flags
r-devel-linux-x86_64-debian-clang 0.2.9 22.62 60.53 83.15 OK
r-devel-linux-x86_64-debian-gcc 0.2.9 21.46 49.05 70.51 OK
r-devel-linux-x86_64-fedora-clang 0.2.9 110.31 NOTE
r-devel-linux-x86_64-fedora-gcc 0.2.9 108.52 OK
r-devel-windows-ix86+x86_64 0.2.9 40.00 115.00 155.00 NOTE
r-patched-linux-x86_64 0.2.9 23.53 59.91 83.44 OK
r-patched-solaris-x86 0.2.9 207.20 NOTE
r-release-linux-x86_64 0.2.9 22.75 58.69 81.44 OK
r-release-windows-ix86+x86_64 0.2.9 32.00 89.00 121.00 NOTE
r-release-osx-x86_64 0.2.9 NOTE
r-oldrel-windows-ix86+x86_64 0.2.9 43.00 71.00 114.00 NOTE
r-oldrel-osx-x86_64 0.2.9 NOTE

Check Details

Version: 0.2.9
Check: installed package size
Result: NOTE
     installed size is 15.8Mb
     sub-directories of 1Mb or more:
     data 15.6Mb
Flavors: r-devel-linux-x86_64-fedora-clang, r-devel-windows-ix86+x86_64, r-patched-solaris-x86, r-release-windows-ix86+x86_64, r-release-osx-x86_64, r-oldrel-windows-ix86+x86_64, r-oldrel-osx-x86_64