CRAN Package Check Results for Package ameco

Last updated on 2018-02-19 11:48:46 CET.

Flavor Version Tinstall Tcheck Ttotal Status Flags
r-devel-linux-x86_64-debian-clang 0.2.8 23.54 48.77 72.31 OK
r-devel-linux-x86_64-debian-gcc 0.2.8 17.21 45.26 62.47 OK
r-devel-linux-x86_64-fedora-clang 0.2.8 101.79 NOTE
r-devel-linux-x86_64-fedora-gcc 0.2.8 100.56 NOTE
r-devel-windows-ix86+x86_64 0.2.8 31.00 56.00 87.00 NOTE
r-patched-linux-x86_64 0.2.8 25.29 55.63 80.92 OK
r-patched-solaris-x86 0.2.8 193.60 NOTE
r-release-linux-x86_64 0.2.8 23.78 55.35 79.13 OK
r-release-windows-ix86+x86_64 0.2.8 39.00 80.00 119.00 NOTE
r-release-osx-x86_64 0.2.8 NOTE
r-oldrel-windows-ix86+x86_64 0.2.8 40.00 76.00 116.00 NOTE
r-oldrel-osx-x86_64 0.2.8 NOTE

Check Details

Version: 0.2.8
Check: installed package size
Result: NOTE
     installed size is 15.7Mb
     sub-directories of 1Mb or more:
     data 15.6Mb
Flavors: r-devel-linux-x86_64-fedora-clang, r-devel-linux-x86_64-fedora-gcc, r-devel-windows-ix86+x86_64, r-patched-solaris-x86, r-release-windows-ix86+x86_64, r-release-osx-x86_64, r-oldrel-windows-ix86+x86_64, r-oldrel-osx-x86_64