CRAN Package Check Results for Package ameco

Last updated on 2018-05-26 08:49:11 CEST.

Flavor Version Tinstall Tcheck Ttotal Status Flags
r-devel-linux-x86_64-debian-clang 0.2.9 21.80 59.65 81.45 OK
r-devel-linux-x86_64-debian-gcc 0.2.9 15.83 48.05 63.88 OK
r-devel-linux-x86_64-fedora-clang 0.2.9 110.41 NOTE
r-devel-linux-x86_64-fedora-gcc 0.2.9 107.24 NOTE
r-devel-windows-ix86+x86_64 0.2.9 32.00 67.00 99.00 NOTE
r-patched-linux-x86_64 0.2.9 23.43 57.44 80.87 OK
r-patched-solaris-x86 0.2.9 205.30 NOTE
r-release-linux-x86_64 0.2.9 23.60 57.52 81.12 OK
r-release-windows-ix86+x86_64 0.2.9 40.00 88.00 128.00 NOTE
r-release-osx-x86_64 0.2.9 NOTE
r-oldrel-windows-ix86+x86_64 0.2.9 44.00 64.00 108.00 NOTE
r-oldrel-osx-x86_64 0.2.8 NOTE

Check Details

Version: 0.2.9
Check: installed package size
Result: NOTE
     installed size is 15.8Mb
     sub-directories of 1Mb or more:
     data 15.6Mb
Flavors: r-devel-linux-x86_64-fedora-clang, r-devel-linux-x86_64-fedora-gcc, r-devel-windows-ix86+x86_64, r-patched-solaris-x86, r-release-windows-ix86+x86_64, r-release-osx-x86_64, r-oldrel-windows-ix86+x86_64

Version: 0.2.8
Check: installed package size
Result: NOTE
     installed size is 15.7Mb
     sub-directories of 1Mb or more:
     data 15.6Mb
Flavor: r-oldrel-osx-x86_64