CRAN Package Check Results for Package amelie

Last updated on 2024-06-22 03:49:26 CEST.

Flavor Version Tinstall Tcheck Ttotal Status Flags
r-devel-linux-x86_64-debian-clang 0.2.1 2.45 30.79 33.24 NOTE
r-devel-linux-x86_64-debian-gcc 0.2.1 1.82 23.50 25.32 NOTE
r-devel-linux-x86_64-fedora-clang 0.2.1 42.22 NOTE
r-devel-linux-x86_64-fedora-gcc 0.2.1 52.33 NOTE
r-devel-windows-x86_64 0.2.1 2.00 46.00 48.00 NOTE
r-patched-linux-x86_64 0.2.1 2.21 28.46 30.67 NOTE
r-release-linux-x86_64 0.2.1 2.33 29.01 31.34 NOTE
r-release-macos-arm64 0.2.1 23.00 NOTE
r-release-macos-x86_64 0.2.1 34.00 NOTE
r-release-windows-x86_64 0.2.1 4.00 47.00 51.00 NOTE
r-oldrel-macos-arm64 0.2.1 23.00 NOTE
r-oldrel-macos-x86_64 0.2.1 37.00 NOTE
r-oldrel-windows-x86_64 0.2.1 4.00 47.00 51.00 NOTE

Check Details

Version: 0.2.1
Check: LazyData
Result: NOTE 'LazyData' is specified without a 'data' directory Flavors: r-devel-linux-x86_64-debian-clang, r-devel-linux-x86_64-debian-gcc, r-devel-linux-x86_64-fedora-clang, r-devel-linux-x86_64-fedora-gcc, r-devel-windows-x86_64, r-patched-linux-x86_64, r-release-linux-x86_64, r-release-macos-arm64, r-release-macos-x86_64, r-release-windows-x86_64, r-oldrel-macos-arm64, r-oldrel-macos-x86_64, r-oldrel-windows-x86_64