CRAN Package Check Results for Package amen

Last updated on 2019-01-22 02:48:37 CET.

Flavor Version Tinstall Tcheck Ttotal Status Flags
r-devel-linux-x86_64-debian-clang 1.3 4.60 40.17 44.77 OK --no-vignettes
r-devel-linux-x86_64-debian-gcc 1.3 4.03 31.18 35.21 OK --no-vignettes
r-devel-linux-x86_64-fedora-clang 1.3 55.22 OK --no-build-vignettes
r-devel-linux-x86_64-fedora-gcc 1.3 51.96 OK --no-build-vignettes
r-devel-windows-ix86+x86_64 1.3 13.00 53.00 66.00 OK --no-vignettes
r-patched-linux-x86_64 1.3 4.68 37.38 42.06 OK --no-vignettes
r-patched-solaris-x86 1.3 73.80 OK --no-build-vignettes
r-release-linux-x86_64 1.3 4.71 37.13 41.84 OK --no-vignettes
r-release-windows-ix86+x86_64 1.3 7.00 64.00 71.00 OK --no-vignettes
r-release-osx-x86_64 1.3 FAIL
r-oldrel-windows-ix86+x86_64 1.3 7.00 44.00 51.00 OK --no-vignettes
r-oldrel-osx-x86_64 1.3 FAIL

Check Details

Version: 1.3
Check: re-building of vignette outputs
Result: WARN
    Error in re-building vignettes:
     ...
    Loading required package: network
    network: Classes for Relational Data
    Version 1.13.0.1 created on 2015-08-31.
    copyright (c) 2005, Carter T. Butts, University of California-Irvine
     Mark S. Handcock, University of California -- Los Angeles
     David R. Hunter, Penn State University
     Martina Morris, University of Washington
     Skye Bender-deMoll, University of Washington
     For citation information, type citation("network").
     Type help("network-package") to get started.
    
    
    Execution halted
Flavors: r-release-osx-x86_64, r-oldrel-osx-x86_64

Version: 1.3
Check: PDF version of manual
Result: FAIL
    
Flavors: r-release-osx-x86_64, r-oldrel-osx-x86_64