CRAN Package Check Results for Package amen

Last updated on 2018-02-22 11:57:35 CET.

Flavor Version Tinstall Tcheck Ttotal Status Flags
r-devel-linux-x86_64-debian-clang 1.3 4.78 33.57 38.35 OK --no-vignettes
r-devel-linux-x86_64-debian-gcc 1.3 4.52 28.47 32.99 OK --no-vignettes
r-devel-linux-x86_64-fedora-clang 1.3 54.93 OK --no-build-vignettes
r-devel-linux-x86_64-fedora-gcc 1.3 51.95 OK --no-build-vignettes
r-devel-windows-ix86+x86_64 1.3 10.00 53.00 63.00 OK --no-vignettes
r-patched-linux-x86_64 1.3 1.76 39.84 41.60 OK --no-vignettes
r-patched-solaris-x86 1.3 63.30 OK --no-build-vignettes
r-release-linux-x86_64 1.3 1.66 40.49 42.15 OK --no-vignettes
r-release-windows-ix86+x86_64 1.3 9.00 42.00 51.00 OK --no-vignettes
r-release-osx-x86_64 1.3 FAIL
r-oldrel-windows-ix86+x86_64 1.3 4.00 54.00 58.00 OK --no-vignettes
r-oldrel-osx-x86_64 1.3 FAIL

Check Details

Version: 1.3
Check: re-building of vignette outputs
Result: WARN
    Error in re-building vignettes:
     ...
    Loading required package: network
    network: Classes for Relational Data
    Version 1.13.0 created on 2015-08-31.
    copyright (c) 2005, Carter T. Butts, University of California-Irvine
     Mark S. Handcock, University of California -- Los Angeles
     David R. Hunter, Penn State University
     Martina Morris, University of Washington
     Skye Bender-deMoll, University of Washington
     For citation information, type citation("network").
     Type help("network-package") to get started.
    
    
    Execution halted
Flavors: r-release-osx-x86_64, r-oldrel-osx-x86_64

Version: 1.3
Check: PDF version of manual
Result: FAIL
    
Flavors: r-release-osx-x86_64, r-oldrel-osx-x86_64