CRAN Package Check Results for Package amt

Last updated on 2019-02-19 21:49:12 CET.

Flavor Version Tinstall Tcheck Ttotal Status Flags
r-devel-linux-x86_64-debian-clang 0.0.5.0 47.59 190.76 238.35 WARN
r-devel-linux-x86_64-debian-gcc 0.0.5.0 34.39 146.87 181.26 OK
r-devel-linux-x86_64-fedora-clang 0.0.5.0 329.89 NOTE
r-devel-linux-x86_64-fedora-gcc 0.0.5.0 287.97 NOTE
r-devel-windows-ix86+x86_64 0.0.5.0 110.00 380.00 490.00 OK
r-patched-linux-x86_64 0.0.5.0 37.81 174.19 212.00 OK
r-patched-solaris-x86 0.0.5.0 379.90 NOTE
r-release-linux-x86_64 0.0.5.0 42.28 169.34 211.62 OK
r-release-windows-ix86+x86_64 0.0.5.0 80.00 326.00 406.00 OK
r-release-osx-x86_64 0.0.5.0 NOTE
r-oldrel-windows-ix86+x86_64 0.0.5.0 77.00 299.00 376.00 OK
r-oldrel-osx-x86_64 0.0.5.0 NOTE

Check Details

Version: 0.0.5.0
Check: whether package can be installed
Result: WARN
    Found the following significant warnings:
     track_methods.cpp:22:16: warning: using integer absolute value function 'abs' when argument is of floating point type [-Wabsolute-value]
     track_methods.cpp:23:16: warning: using integer absolute value function 'abs' when argument is of floating point type [-Wabsolute-value]
     track_methods.cpp:50:22: warning: using integer absolute value function 'abs' when argument is of floating point type [-Wabsolute-value]
     track_methods.cpp:52:22: warning: using integer absolute value function 'abs' when argument is of floating point type [-Wabsolute-value]
     track_methods.cpp:55:27: warning: using integer absolute value function 'abs' when argument is of floating point type [-Wabsolute-value]
Flavor: r-devel-linux-x86_64-debian-clang

Version: 0.0.5.0
Check: dependencies in R code
Result: NOTE
    Namespaces in Imports field not imported from:
     ‘Rcpp’ ‘magrittr’
     All declared Imports should be used.
Flavors: r-devel-linux-x86_64-fedora-clang, r-devel-linux-x86_64-fedora-gcc, r-patched-solaris-x86, r-release-osx-x86_64, r-oldrel-osx-x86_64