CRAN Package Check Results for Package amt

Last updated on 2018-02-25 17:48:37 CET.

Flavor Version Tinstall Tcheck Ttotal Status Flags
r-devel-linux-x86_64-debian-clang 0.0.2.0 39.96 122.84 162.80 WARN
r-devel-linux-x86_64-debian-gcc 0.0.2.0 30.85 99.46 130.31 OK
r-devel-linux-x86_64-fedora-clang 0.0.2.0 209.14 NOTE
r-devel-linux-x86_64-fedora-gcc 0.0.2.0 194.01 NOTE
r-devel-windows-ix86+x86_64 0.0.2.0 105.00 245.00 350.00 OK
r-patched-linux-x86_64 0.0.2.0 36.39 142.49 178.88 OK
r-patched-solaris-x86 0.0.2.0 308.30 NOTE
r-release-linux-x86_64 0.0.2.0 32.94 141.36 174.30 OK
r-release-windows-ix86+x86_64 0.0.2.0 108.00 287.00 395.00 OK
r-release-osx-x86_64 0.0.2.0 NOTE
r-oldrel-windows-ix86+x86_64 0.0.2.0 80.00 194.00 274.00 OK

Check Details

Version: 0.0.2.0
Check: whether package can be installed
Result: WARN
    Found the following significant warnings:
     track_methods.cpp:22:16: warning: using integer absolute value function 'abs' when argument is of floating point type [-Wabsolute-value]
     track_methods.cpp:23:16: warning: using integer absolute value function 'abs' when argument is of floating point type [-Wabsolute-value]
     track_methods.cpp:50:22: warning: using integer absolute value function 'abs' when argument is of floating point type [-Wabsolute-value]
     track_methods.cpp:52:22: warning: using integer absolute value function 'abs' when argument is of floating point type [-Wabsolute-value]
     track_methods.cpp:55:27: warning: using integer absolute value function 'abs' when argument is of floating point type [-Wabsolute-value]
Flavor: r-devel-linux-x86_64-debian-clang

Version: 0.0.2.0
Check: dependencies in R code
Result: NOTE
    Namespace in Imports field not imported from: ‘Rcpp’
     All declared Imports should be used.
Flavors: r-devel-linux-x86_64-fedora-clang, r-devel-linux-x86_64-fedora-gcc, r-patched-solaris-x86, r-release-osx-x86_64