CRAN Package Check Results for Package amt

Last updated on 2018-05-25 22:47:25 CEST.

Flavor Version Tinstall Tcheck Ttotal Status Flags
r-devel-linux-x86_64-debian-clang 0.0.4.0 42.10 157.79 199.89 WARN
r-devel-linux-x86_64-debian-gcc 0.0.4.0 35.96 124.71 160.67 OK
r-devel-linux-x86_64-fedora-clang 0.0.4.0 266.27 NOTE
r-devel-linux-x86_64-fedora-gcc 0.0.4.0 243.83 NOTE
r-devel-windows-ix86+x86_64 0.0.4.0 83.00 224.00 307.00 OK
r-patched-linux-x86_64 0.0.4.0 40.99 130.76 171.75 OK
r-patched-solaris-x86 0.0.4.0 291.40 NOTE
r-release-linux-x86_64 0.0.4.0 39.13 131.36 170.49 OK
r-release-windows-ix86+x86_64 0.0.4.0 106.00 272.00 378.00 OK
r-release-osx-x86_64 0.0.4.0 NOTE
r-oldrel-windows-ix86+x86_64 0.0.4.0 103.00 203.00 306.00 OK
r-oldrel-osx-x86_64 0.0.3.0 NOTE

Check Details

Version: 0.0.4.0
Check: whether package can be installed
Result: WARN
    Found the following significant warnings:
     track_methods.cpp:22:16: warning: using integer absolute value function 'abs' when argument is of floating point type [-Wabsolute-value]
     track_methods.cpp:23:16: warning: using integer absolute value function 'abs' when argument is of floating point type [-Wabsolute-value]
     track_methods.cpp:50:22: warning: using integer absolute value function 'abs' when argument is of floating point type [-Wabsolute-value]
     track_methods.cpp:52:22: warning: using integer absolute value function 'abs' when argument is of floating point type [-Wabsolute-value]
     track_methods.cpp:55:27: warning: using integer absolute value function 'abs' when argument is of floating point type [-Wabsolute-value]
Flavor: r-devel-linux-x86_64-debian-clang

Version: 0.0.4.0
Check: dependencies in R code
Result: NOTE
    Namespaces in Imports field not imported from:
     ‘Rcpp’ ‘magrittr’
     All declared Imports should be used.
Flavors: r-devel-linux-x86_64-fedora-clang, r-devel-linux-x86_64-fedora-gcc, r-patched-solaris-x86, r-release-osx-x86_64

Version: 0.0.3.0
Check: dependencies in R code
Result: NOTE
    Namespace in Imports field not imported from: ‘Rcpp’
     All declared Imports should be used.
Flavor: r-oldrel-osx-x86_64