CRAN Package Check Results for Package amt

Last updated on 2018-08-19 09:47:54 CEST.

Flavor Version Tinstall Tcheck Ttotal Status Flags
r-devel-linux-x86_64-debian-clang 0.0.4.0 43.47 160.37 203.84 WARN
r-devel-linux-x86_64-debian-gcc 0.0.4.0 34.49 129.38 163.87 OK
r-devel-linux-x86_64-fedora-clang 0.0.4.0 252.71 NOTE
r-devel-linux-x86_64-fedora-gcc 0.0.4.0 241.10 NOTE
r-devel-windows-ix86+x86_64 0.0.4.0 105.00 295.00 400.00 OK
r-patched-linux-x86_64 0.0.4.0 44.04 133.46 177.50 OK
r-patched-solaris-x86 0.0.4.0 294.00 NOTE
r-release-linux-x86_64 0.0.4.0 39.47 134.45 173.92 OK
r-release-windows-ix86+x86_64 0.0.4.0 106.00 269.00 375.00 OK
r-release-osx-x86_64 0.0.4.0 NOTE
r-oldrel-windows-ix86+x86_64 0.0.4.0 80.00 223.00 303.00 OK
r-oldrel-osx-x86_64 0.0.4.0 NOTE

Check Details

Version: 0.0.4.0
Check: whether package can be installed
Result: WARN
    Found the following significant warnings:
     track_methods.cpp:22:16: warning: using integer absolute value function 'abs' when argument is of floating point type [-Wabsolute-value]
     track_methods.cpp:23:16: warning: using integer absolute value function 'abs' when argument is of floating point type [-Wabsolute-value]
     track_methods.cpp:50:22: warning: using integer absolute value function 'abs' when argument is of floating point type [-Wabsolute-value]
     track_methods.cpp:52:22: warning: using integer absolute value function 'abs' when argument is of floating point type [-Wabsolute-value]
     track_methods.cpp:55:27: warning: using integer absolute value function 'abs' when argument is of floating point type [-Wabsolute-value]
Flavor: r-devel-linux-x86_64-debian-clang

Version: 0.0.4.0
Check: dependencies in R code
Result: NOTE
    Namespaces in Imports field not imported from:
     ‘Rcpp’ ‘magrittr’
     All declared Imports should be used.
Flavors: r-devel-linux-x86_64-fedora-clang, r-devel-linux-x86_64-fedora-gcc, r-patched-solaris-x86, r-release-osx-x86_64, r-oldrel-osx-x86_64