CRAN Package Check Results for Package amt

Last updated on 2018-11-17 06:46:32 CET.

Flavor Version Tinstall Tcheck Ttotal Status Flags
r-devel-linux-x86_64-debian-clang 0.0.5.0 45.04 178.23 223.27 WARN
r-devel-linux-x86_64-debian-gcc 0.0.5.0 37.04 138.12 175.16 OK
r-devel-linux-x86_64-fedora-clang 0.0.5.0 313.79 NOTE
r-devel-linux-x86_64-fedora-gcc 0.0.5.0 258.99 NOTE
r-devel-windows-ix86+x86_64 0.0.5.0 114.00 329.00 443.00 OK
r-patched-linux-x86_64 0.0.5.0 51.19 167.58 218.77 OK
r-patched-solaris-x86 0.0.5.0 359.80 NOTE
r-release-linux-x86_64 0.0.5.0 43.99 164.98 208.97 OK
r-release-windows-ix86+x86_64 0.0.5.0 105.00 320.00 425.00 OK
r-release-osx-x86_64 0.0.5.0 NOTE
r-oldrel-windows-ix86+x86_64 0.0.5.0 117.00 368.00 485.00 OK
r-oldrel-osx-x86_64 0.0.5.0 NOTE

Check Details

Version: 0.0.5.0
Check: whether package can be installed
Result: WARN
    Found the following significant warnings:
     track_methods.cpp:22:16: warning: using integer absolute value function 'abs' when argument is of floating point type [-Wabsolute-value]
     track_methods.cpp:23:16: warning: using integer absolute value function 'abs' when argument is of floating point type [-Wabsolute-value]
     track_methods.cpp:50:22: warning: using integer absolute value function 'abs' when argument is of floating point type [-Wabsolute-value]
     track_methods.cpp:52:22: warning: using integer absolute value function 'abs' when argument is of floating point type [-Wabsolute-value]
     track_methods.cpp:55:27: warning: using integer absolute value function 'abs' when argument is of floating point type [-Wabsolute-value]
Flavor: r-devel-linux-x86_64-debian-clang

Version: 0.0.5.0
Check: dependencies in R code
Result: NOTE
    Namespaces in Imports field not imported from:
     ‘Rcpp’ ‘magrittr’
     All declared Imports should be used.
Flavors: r-devel-linux-x86_64-fedora-clang, r-devel-linux-x86_64-fedora-gcc, r-patched-solaris-x86, r-release-osx-x86_64, r-oldrel-osx-x86_64