Last updated on 2023-10-01 13:55:35 CEST.
Flavor | Version | Tinstall | Tcheck | Ttotal | Status | Flags |
---|---|---|---|---|---|---|
r-devel-linux-x86_64-debian-clang | 0.17-6 | 22.52 | 191.29 | 213.81 | NOTE | |
r-devel-linux-x86_64-debian-gcc | 0.17-6 | 18.01 | 142.96 | 160.97 | NOTE | |
r-devel-linux-x86_64-fedora-clang | 0.17-6 | 257.09 | NOTE | |||
r-devel-linux-x86_64-fedora-gcc | 0.17-6 | 278.79 | NOTE | |||
r-devel-windows-x86_64 | 0.17-6 | 22.00 | 192.00 | 214.00 | NOTE | |
r-patched-linux-x86_64 | 0.17-6 | 28.89 | 185.69 | 214.58 | NOTE | |
r-release-linux-x86_64 | 0.17-6 | 22.09 | 187.19 | 209.28 | NOTE | |
r-release-macos-arm64 | 0.17-6 | 88.00 | NOTE | |||
r-release-macos-x86_64 | 0.17-6 | 143.00 | NOTE | |||
r-release-windows-x86_64 | 0.17-6 | 26.00 | 226.00 | 252.00 | NOTE | |
r-oldrel-macos-arm64 | 0.17-6 | 78.00 | OK | |||
r-oldrel-macos-x86_64 | 0.17-6 | 105.00 | OK | |||
r-oldrel-windows-x86_64 | 0.17-6 | 27.00 | 217.00 | 244.00 | OK |
Version: 0.17-6
Check: Rd files
Result: NOTE
checkRd: (-1) deshrink.Rd:55: Escaped LaTeX specials: \&
checkRd: (-1) deshrink.Rd:51: Escaped LaTeX specials: \&
checkRd: (-1) plot.mat.Rd:60: Escaped LaTeX specials: \&
checkRd: (-1) plot.wa.Rd:46: Escaped LaTeX specials: \&
checkRd: (-1) predict.prcurve.Rd:5: Escaped LaTeX specials: \&
Flavors: r-devel-linux-x86_64-debian-clang, r-devel-linux-x86_64-debian-gcc, r-devel-linux-x86_64-fedora-clang, r-devel-linux-x86_64-fedora-gcc, r-devel-windows-x86_64, r-patched-linux-x86_64, r-release-linux-x86_64, r-release-macos-arm64, r-release-macos-x86_64, r-release-windows-x86_64