CRAN Package Check Results for Package analyzer

Last updated on 2022-06-30 22:55:24 CEST.

Flavor Version Tinstall Tcheck Ttotal Status Flags
r-devel-linux-x86_64-debian-clang 1.0.1 7.36 96.13 103.49 NOTE
r-devel-linux-x86_64-debian-gcc 1.0.1 6.11 71.28 77.39 NOTE
r-devel-linux-x86_64-fedora-clang 1.0.1 127.69 NOTE
r-devel-linux-x86_64-fedora-gcc 1.0.1 126.79 NOTE
r-devel-windows-x86_64 1.0.1 20.00 118.00 138.00 NOTE
r-patched-linux-x86_64 1.0.1 6.08 90.30 96.38 NOTE
r-release-linux-x86_64 1.0.1 6.13 89.87 96.00 NOTE
r-release-macos-arm64 1.0.1 40.00 NOTE
r-release-macos-x86_64 1.0.1 52.00 NOTE
r-release-windows-x86_64 1.0.1 34.00 118.00 152.00 NOTE
r-oldrel-macos-arm64 1.0.1 54.00 NOTE
r-oldrel-macos-x86_64 1.0.1 79.00 NOTE
r-oldrel-windows-ix86+x86_64 1.0.1 18.00 115.00 133.00 NOTE

Check Details

Version: 1.0.1
Check: LazyData
Result: NOTE
     'LazyData' is specified without a 'data' directory
Flavors: r-devel-linux-x86_64-debian-clang, r-devel-linux-x86_64-debian-gcc, r-devel-linux-x86_64-fedora-clang, r-devel-linux-x86_64-fedora-gcc, r-devel-windows-x86_64, r-patched-linux-x86_64, r-release-linux-x86_64, r-release-macos-arm64, r-release-macos-x86_64, r-release-windows-x86_64, r-oldrel-macos-arm64, r-oldrel-macos-x86_64, r-oldrel-windows-ix86+x86_64