CRAN Package Check Results for Package animaltracker

Last updated on 2022-09-27 11:51:07 CEST.

Flavor Version Tinstall Tcheck Ttotal Status Flags
r-devel-linux-x86_64-debian-clang 0.2.0 11.99 102.90 114.89 OK
r-devel-linux-x86_64-debian-gcc 0.2.0 8.13 76.14 84.27 OK
r-devel-linux-x86_64-fedora-clang 0.2.0 155.40 NOTE
r-devel-linux-x86_64-fedora-gcc 0.2.0 147.21 OK
r-devel-windows-x86_64 0.2.0 53.00 137.00 190.00 OK
r-patched-linux-x86_64 0.2.0 9.65 96.12 105.77 OK
r-release-linux-x86_64 0.2.0 9.99 94.70 104.69 OK
r-release-macos-arm64 0.2.0 39.00 OK
r-release-macos-x86_64 0.2.0 67.00 OK
r-release-windows-x86_64 0.2.0 115.00 133.00 248.00 OK
r-oldrel-macos-arm64 0.2.0 45.00 OK
r-oldrel-macos-x86_64 0.2.0 52.00 OK
r-oldrel-windows-ix86+x86_64 0.2.0 26.00 124.00 150.00 OK

Check Details

Version: 0.2.0
Check: package dependencies
Result: NOTE
    Imports includes 22 non-default packages.
    Importing from so many packages makes the package vulnerable to any of
    them becoming unavailable. Move as many as possible to Suggests and
    use conditionally.
Flavor: r-devel-linux-x86_64-fedora-clang