CRAN Package Check Results for Package animint2

Last updated on 2024-06-13 01:57:42 CEST.

Flavor Version Tinstall Tcheck Ttotal Status Flags
r-devel-linux-x86_64-debian-clang 2024.1.24 23.89 347.94 371.83 NOTE
r-devel-linux-x86_64-debian-gcc 2024.1.24 1.09 1.77 2.86 ERROR
r-devel-linux-x86_64-fedora-clang 2024.1.24 447.39 NOTE
r-devel-linux-x86_64-fedora-gcc 2024.1.24 422.57 NOTE
r-devel-windows-x86_64 2024.1.24 21.00 288.00 309.00 NOTE
r-patched-linux-x86_64 2024.1.24 35.97 329.91 365.88 NOTE
r-release-linux-x86_64 2024.1.24 26.22 324.04 350.26 NOTE
r-release-macos-arm64 2024.1.24 110.00 OK
r-release-macos-x86_64 2024.1.24 184.00 OK
r-release-windows-x86_64 2024.1.24 23.00 288.00 311.00 NOTE
r-oldrel-macos-arm64 2024.1.24 116.00 OK
r-oldrel-macos-x86_64 2024.1.24 260.00 OK
r-oldrel-windows-x86_64 2024.1.24 30.00 381.00 411.00 OK

Check Details

Version: 2024.1.24
Check: HTML version of manual
Result: NOTE Found the following HTML validation problems: stat_unique.html:110:1 (stat_unique.Rd:65): Warning: trimming empty <li> stat_unique.html:109:1 (stat_unique.Rd:65): Warning: trimming empty <ul> Flavors: r-devel-linux-x86_64-debian-clang, r-devel-linux-x86_64-fedora-clang, r-devel-linux-x86_64-fedora-gcc, r-devel-windows-x86_64, r-patched-linux-x86_64, r-release-linux-x86_64, r-release-windows-x86_64

Version: 2024.1.24
Check: package dependencies
Result: ERROR Package required but not available: ‘reshape2’ Packages suggested but not available for checking: 'gh', 'gistr', 'testthat', 'devtools', 'Hmisc', 'ggplot2' See section ‘The DESCRIPTION file’ in the ‘Writing R Extensions’ manual. Flavor: r-devel-linux-x86_64-debian-gcc