CRAN Package Check Results for Package anipaths

Last updated on 2018-02-21 20:47:06 CET.

Flavor Version Tinstall Tcheck Ttotal Status Flags
r-devel-linux-x86_64-debian-clang 0.8.0 2.38 22.95 25.33 OK
r-devel-linux-x86_64-debian-gcc 0.8.0 1.92 17.97 19.89 OK
r-devel-linux-x86_64-fedora-clang 0.8.0 30.74 NOTE
r-devel-linux-x86_64-fedora-gcc 0.8.0 28.85 NOTE
r-devel-windows-ix86+x86_64 0.8.0 3.00 32.00 35.00 OK
r-patched-linux-x86_64 0.8.0 1.85 25.96 27.81 OK
r-patched-solaris-x86 0.8.0 43.80 NOTE
r-release-linux-x86_64 0.8.0 1.78 25.55 27.33 OK
r-release-windows-ix86+x86_64 0.8.0 6.00 45.00 51.00 OK
r-release-osx-x86_64 0.8.0 NOTE
r-oldrel-windows-ix86+x86_64 0.8.0 3.00 36.00 39.00 OK
r-oldrel-osx-x86_64 0.8.0 NOTE

Check Details

Version: 0.8.0
Check: dependencies in R code
Result: NOTE
    Namespaces in Imports field not imported from:
     ‘knitr’ ‘rgdal’
     All declared Imports should be used.
Flavors: r-devel-linux-x86_64-fedora-clang, r-devel-linux-x86_64-fedora-gcc, r-patched-solaris-x86, r-release-osx-x86_64, r-oldrel-osx-x86_64