CRAN Package Check Results for Package anipaths

Last updated on 2018-08-15 08:48:33 CEST.

Flavor Version Tinstall Tcheck Ttotal Status Flags
r-devel-linux-x86_64-debian-clang 0.9.6 5.10 70.38 75.48 OK
r-devel-linux-x86_64-debian-gcc 0.9.6 6.39 57.11 63.50 OK
r-devel-linux-x86_64-fedora-clang 0.9.6 90.78 NOTE
r-devel-linux-x86_64-fedora-gcc 0.9.6 89.41 NOTE
r-devel-windows-ix86+x86_64 0.9.6 12.00 72.00 84.00 OK
r-patched-linux-x86_64 0.9.6 6.00 60.27 66.27 OK
r-patched-solaris-x86 0.9.6 128.80 NOTE
r-release-linux-x86_64 0.9.6 6.42 60.37 66.79 OK
r-release-windows-ix86+x86_64 0.9.6 12.00 76.00 88.00 OK
r-release-osx-x86_64 0.9.6 NOTE
r-oldrel-windows-ix86+x86_64 0.9.6 12.00 79.00 91.00 OK
r-oldrel-osx-x86_64 0.9.6 NOTE

Check Details

Version: 0.9.6
Check: dependencies in R code
Result: NOTE
    Namespaces in Imports field not imported from:
     ‘knitr’ ‘rgdal’
     All declared Imports should be used.
Flavors: r-devel-linux-x86_64-fedora-clang, r-devel-linux-x86_64-fedora-gcc, r-patched-solaris-x86, r-release-osx-x86_64, r-oldrel-osx-x86_64