CRAN Package Check Results for Package anipaths

Last updated on 2018-10-16 21:49:56 CEST.

Flavor Version Tinstall Tcheck Ttotal Status Flags
r-devel-linux-x86_64-debian-clang 0.9.6 6.74 72.96 79.70 OK
r-devel-linux-x86_64-debian-gcc 0.9.6 5.92 57.74 63.66 OK
r-devel-linux-x86_64-fedora-clang 0.9.6 94.17 NOTE
r-devel-linux-x86_64-fedora-gcc 0.9.6 92.27 NOTE
r-devel-windows-ix86+x86_64 0.9.6 11.00 106.00 117.00 OK
r-patched-linux-x86_64 0.9.6 6.50 60.52 67.02 OK
r-patched-solaris-x86 0.9.6 128.80 NOTE
r-release-linux-x86_64 0.9.6 5.28 60.60 65.88 OK
r-release-windows-ix86+x86_64 0.9.6 15.00 97.00 112.00 OK
r-release-osx-x86_64 0.9.6 NOTE
r-oldrel-windows-ix86+x86_64 0.9.6 12.00 101.00 113.00 OK
r-oldrel-osx-x86_64 0.9.6 NOTE

Check Details

Version: 0.9.6
Check: dependencies in R code
Result: NOTE
    Namespaces in Imports field not imported from:
     ‘knitr’ ‘rgdal’
     All declared Imports should be used.
Flavors: r-devel-linux-x86_64-fedora-clang, r-devel-linux-x86_64-fedora-gcc, r-patched-solaris-x86, r-release-osx-x86_64, r-oldrel-osx-x86_64