CRAN Package Check Results for Package anipaths

Last updated on 2019-01-23 08:48:55 CET.

Flavor Version Tinstall Tcheck Ttotal Status Flags
r-devel-linux-x86_64-debian-clang 0.9.6 5.41 64.45 69.86 OK
r-devel-linux-x86_64-debian-gcc 0.9.6 5.07 50.76 55.83 OK
r-devel-linux-x86_64-fedora-clang 0.9.6 83.38 NOTE
r-devel-linux-x86_64-fedora-gcc 0.9.6 79.02 NOTE
r-devel-windows-ix86+x86_64 0.9.6 13.00 98.00 111.00 OK
r-patched-linux-x86_64 0.9.6 4.46 60.63 65.09 OK
r-patched-solaris-x86 0.9.6 132.00 NOTE
r-release-linux-x86_64 0.9.6 5.89 60.67 66.56 OK
r-release-windows-ix86+x86_64 0.9.6 10.00 107.00 117.00 OK
r-release-osx-x86_64 0.9.6 NOTE
r-oldrel-windows-ix86+x86_64 0.9.6 9.00 104.00 113.00 OK
r-oldrel-osx-x86_64 0.9.6 NOTE

Check Details

Version: 0.9.6
Check: dependencies in R code
Result: NOTE
    Namespaces in Imports field not imported from:
     ‘knitr’ ‘rgdal’
     All declared Imports should be used.
Flavors: r-devel-linux-x86_64-fedora-clang, r-devel-linux-x86_64-fedora-gcc, r-patched-solaris-x86, r-release-osx-x86_64, r-oldrel-osx-x86_64