CRAN Package Check Results for Package anipaths

Last updated on 2018-05-25 13:47:39 CEST.

Flavor Version Tinstall Tcheck Ttotal Status Flags
r-devel-linux-x86_64-debian-clang 0.9.3 6.96 65.30 72.26 OK
r-devel-linux-x86_64-debian-gcc 0.9.3 5.34 51.09 56.43 OK
r-devel-linux-x86_64-fedora-clang 0.9.3 87.76 NOTE
r-devel-linux-x86_64-fedora-gcc 0.9.3 84.33 NOTE
r-devel-windows-ix86+x86_64 0.9.3 8.00 83.00 91.00 OK
r-patched-linux-x86_64 0.9.3 5.68 55.14 60.82 OK
r-patched-solaris-x86 0.9.3 114.60 NOTE
r-release-linux-x86_64 0.9.3 5.46 55.43 60.89 OK
r-release-windows-ix86+x86_64 0.9.3 12.00 65.00 77.00 OK
r-release-osx-x86_64 0.9.3 NOTE
r-oldrel-windows-ix86+x86_64 0.9.3 11.00 68.00 79.00 OK
r-oldrel-osx-x86_64 0.9.3 NOTE

Check Details

Version: 0.9.3
Check: dependencies in R code
Result: NOTE
    Namespaces in Imports field not imported from:
     ‘knitr’ ‘rgdal’
     All declared Imports should be used.
Flavors: r-devel-linux-x86_64-fedora-clang, r-devel-linux-x86_64-fedora-gcc, r-patched-solaris-x86, r-release-osx-x86_64, r-oldrel-osx-x86_64