CRAN Package Check Results for Package anndata

Last updated on 2022-08-12 04:53:17 CEST.

Flavor Version Tinstall Tcheck Ttotal Status Flags
r-devel-linux-x86_64-debian-clang 0.7.5.3 11.78 88.32 100.10 NOTE
r-devel-linux-x86_64-debian-gcc 0.7.5.3 7.73 67.37 75.10 NOTE
r-devel-linux-x86_64-fedora-clang 0.7.5.3 132.08 OK
r-devel-linux-x86_64-fedora-gcc 0.7.5.3 130.31 OK
r-devel-windows-x86_64 0.7.5.3 23.00 124.00 147.00 OK
r-patched-linux-x86_64 0.7.5.3 7.49 83.11 90.60 OK
r-release-linux-x86_64 0.7.5.3 7.18 83.89 91.07 OK
r-release-macos-arm64 0.7.5.3 38.00 OK
r-release-macos-x86_64 0.7.5.3 59.00 OK
r-release-windows-x86_64 0.7.5.3 21.00 124.00 145.00 OK
r-oldrel-macos-arm64 0.7.5.3 47.00 OK
r-oldrel-macos-x86_64 0.7.5.3 54.00 OK
r-oldrel-windows-ix86+x86_64 0.7.5.3 21.00 121.00 142.00 OK

Check Details

Version: 0.7.5.3
Check: HTML version of manual
Result: NOTE
    Found the following HTML validation problems:
    AnnData.html:1390:1: Warning: <a> anchor "method-new" already defined
    AnnData.html:1419:1: Warning: <a> anchor "method-copy" already defined
    AnnData.html:1501:1: Warning: <a> anchor "method-print" already defined
    AnnData.html:1571:1: Warning: <a> anchor "method-.set_py_object" already defined
    AnnData.html:1600:1: Warning: <a> anchor "method-.get_py_object" already defined
Flavors: r-devel-linux-x86_64-debian-clang, r-devel-linux-x86_64-debian-gcc