CRAN Package Check Results for Package annovarR

Last updated on 2019-02-18 05:49:11 CET.

Flavor Version Tinstall Tcheck Ttotal Status Flags
r-release-osx-x86_64 1.0.0 OK
r-oldrel-osx-x86_64 1.0.0 NOTE

Check Details

Version: 1.0.0
Check: package dependencies
Result: NOTE
    Package suggested but not available for checking: ‘org.Hs.eg.db’
Flavor: r-oldrel-osx-x86_64