CRAN Package Check Results for Package annovarR

Last updated on 2018-02-25 19:48:48 CET.

Flavor Version Tinstall Tcheck Ttotal Status Flags
r-devel-linux-x86_64-debian-clang 1.0.0 12.15 249.64 261.79 OK
r-devel-linux-x86_64-debian-gcc 1.0.0 13.18 192.97 206.15 OK
r-devel-windows-ix86+x86_64 1.0.0 40.00 303.00 343.00 OK
r-patched-linux-x86_64 1.0.0 13.35 278.38 291.73 OK
r-patched-solaris-x86 1.0.0 446.00 OK
r-release-linux-x86_64 1.0.0 13.85 275.71 289.56 OK
r-release-windows-ix86+x86_64 1.0.0 40.00 404.00 444.00 OK
r-release-osx-x86_64 1.0.0 NOTE
r-oldrel-windows-ix86+x86_64 1.0.0 26.00 283.00 309.00 OK
r-oldrel-osx-x86_64 1.0.0 ERROR

Check Details

Version: 1.0.0
Check: package dependencies
Result: NOTE
    Package suggested but not available for checking: ‘org.Hs.eg.db’
Flavor: r-release-osx-x86_64

Version: 1.0.0
Check: package dependencies
Result: ERROR
    Packages required but not available: ‘BioInstaller’ ‘ngstk’
    
    Package required and available but unsuitable version: ‘configr’
    
    See section ‘The DESCRIPTION file’ in the ‘Writing R Extensions’
    manual.
Flavor: r-oldrel-osx-x86_64