CRAN Package Check Results for Package annovarR

Last updated on 2018-05-24 08:48:29 CEST.

Flavor Version Tinstall Tcheck Ttotal Status Flags
r-devel-linux-x86_64-debian-clang 1.0.0 18.26 222.60 240.86 OK
r-devel-linux-x86_64-debian-gcc 1.0.0 16.05 218.92 234.97 OK
r-devel-linux-x86_64-fedora-clang 1.0.0 368.94 ERROR
r-devel-linux-x86_64-fedora-gcc 1.0.0 354.54 ERROR
r-devel-windows-ix86+x86_64 1.0.0 31.00 292.00 323.00 OK
r-patched-linux-x86_64 1.0.0 14.92 242.37 257.29 OK
r-patched-solaris-x86 1.0.0 428.80 NOTE
r-release-linux-x86_64 1.0.0 15.15 240.60 255.75 OK
r-release-windows-ix86+x86_64 1.0.0 41.00 357.00 398.00 OK
r-release-osx-x86_64 1.0.0 OK
r-oldrel-windows-ix86+x86_64 1.0.0 44.00 378.00 422.00 OK
r-oldrel-osx-x86_64 1.0.0 NOTE

Check Details

Version: 1.0.0
Check: installed package size
Result: NOTE
     installed size is 5.0Mb
     sub-directories of 1Mb or more:
     extdata 4.6Mb
Flavors: r-devel-linux-x86_64-fedora-clang, r-devel-linux-x86_64-fedora-gcc, r-patched-solaris-x86

Version: 1.0.0
Check: tests
Result: ERROR
     Running ‘testthat.R’ [45s/61s]
    Running the tests in ‘tests/testthat.R’ failed.
    Complete output:
     > library(testthat)
     > library(DBI)
     > library(annovarR)
     >
     >
     > test_check("annovarR")
     OMP: Warning #96: Cannot form a team with 7 threads, using 2 instead.
     OMP: Hint Consider unsetting KMP_DEVICE_THREAD_LIMIT (KMP_ALL_THREADS), KMP_TEAMS_THREAD_LIMIT, and OMP_THREAD_LIMIT (if any are set).
     /usr/bin/perl /opt/bin/annovar/table_annovar.pl /tmp/RtmpYeVsUO/file924576a05d9d /opt/bin/annovar/humandb -buildver hg19 -remove -protocol refGene -operation g -nastring NA
     /usr/bin/perl /opt/bin/annovar//table_annovar.pl /tmp/test.vcf /opt/bin/annovar//humandb -buildver hg19 -out /tmp/RtmpYeVsUO/file92455c7d9cb2 -remove -protocol ensGene -operation g -nastring NA -vcfinput
     trying URL 'https://raw.githubusercontent.com/Miachol/ftp/master/files/GRCh37_MT_ensGene.txt'
     Content type 'text/plain; charset=utf-8' length 3131 bytes
     ==================================================
     downloaded 3131 bytes
    
     perl /data/gannet/ripley/tmp/annovar.dir/annotate_variation.pl -downdb -buildver hg19 -webfrom annovar avsnp147 /data/gannet/ripley/tmp/annovar.dir/humandb
     perl /data/gannet/ripley/tmp/annovar.dir/annotate_variation.pl -buildver hg19 /data/gannet/ripley/tmp/annovar.dir/humandb
     perl /data/gannet/ripley/tmp/annovar.dir/annotate_variation.pl -regionanno -buildver hg19 -dbtype cytoBand /data/gannet/ripley/tmp/annovar.dir/humandb
     perl /data/gannet/ripley/tmp/annovar.dir/annotate_variation.pl -filter -buildver hg19 -dbtype avsnp147 /data/gannet/ripley/tmp/annovar.dir/humandb
     perl /data/gannet/ripley/tmp/annovar.dir/table_annovar.pl example.avinput /data/gannet/ripley/tmp/annovar.dir/humandb -buildver hg19 -remove -protocol refGene,cytoBand,avsnp147 -operation g,r,f -nastring NA
     perl /data/gannet/ripley/tmp/annovar.dir/convert2annovar.pl -format vcf4old example.vcf > example.avinput
     vep --cache_version 91 --assembly GRCh37 --dir /data/gannet/ripley/.vep --output_file variant_effect_output.txt --cache --offline --everything
     vcfanno_linux64 -p 2 /data/gannet/ripley/R/packages/tests-clang/annovarR.Rcheck/annovarR/extdata/demo/vcfanno_demo/conf.toml input.vcf > output.vcf
     ── 1. Error: select.dat.full.match (@test_utils.R#22) ─────────────────────────
     Failed to connect to database: Unknown database 'annovarr'
     1: dbConnect(RMySQL::MySQL(), dbname = "annovarr") at testthat/test_utils.R:22
     2: dbConnect(RMySQL::MySQL(), dbname = "annovarr")
     3: .local(drv, ...)
    
     INFO [2018-05-23 18:20:49] info.msg
     [1] "print.vb"
     ══ testthat results ═══════════════════════════════════════════════════════════
     OK: 93 SKIPPED: 0 FAILED: 1
     1. Error: select.dat.full.match (@test_utils.R#22)
    
     Error: testthat unit tests failed
     Execution halted
Flavor: r-devel-linux-x86_64-fedora-clang

Version: 1.0.0
Check: tests
Result: ERROR
     Running ‘testthat.R’ [45s/51s]
    Running the tests in ‘tests/testthat.R’ failed.
    Complete output:
     > library(testthat)
     > library(DBI)
     > library(annovarR)
     >
     >
     > test_check("annovarR")
     /usr/bin/perl /opt/bin/annovar/table_annovar.pl /tmp/RtmpsPUDjp/filebac3766bcb70 /opt/bin/annovar/humandb -buildver hg19 -remove -protocol refGene -operation g -nastring NA
     /usr/bin/perl /opt/bin/annovar//table_annovar.pl /tmp/test.vcf /opt/bin/annovar//humandb -buildver hg19 -out /tmp/RtmpsPUDjp/filebac326da9f58 -remove -protocol ensGene -operation g -nastring NA -vcfinput
     trying URL 'https://raw.githubusercontent.com/Miachol/ftp/master/files/GRCh37_MT_ensGene.txt'
     Content type 'text/plain; charset=utf-8' length 3131 bytes
     ==================================================
     downloaded 3131 bytes
    
     perl /data/gannet/ripley/tmp/annovar.dir/annotate_variation.pl -downdb -buildver hg19 -webfrom annovar avsnp147 /data/gannet/ripley/tmp/annovar.dir/humandb
     perl /data/gannet/ripley/tmp/annovar.dir/annotate_variation.pl -buildver hg19 /data/gannet/ripley/tmp/annovar.dir/humandb
     perl /data/gannet/ripley/tmp/annovar.dir/annotate_variation.pl -regionanno -buildver hg19 -dbtype cytoBand /data/gannet/ripley/tmp/annovar.dir/humandb
     perl /data/gannet/ripley/tmp/annovar.dir/annotate_variation.pl -filter -buildver hg19 -dbtype avsnp147 /data/gannet/ripley/tmp/annovar.dir/humandb
     perl /data/gannet/ripley/tmp/annovar.dir/table_annovar.pl example.avinput /data/gannet/ripley/tmp/annovar.dir/humandb -buildver hg19 -remove -protocol refGene,cytoBand,avsnp147 -operation g,r,f -nastring NA
     perl /data/gannet/ripley/tmp/annovar.dir/convert2annovar.pl -format vcf4old example.vcf > example.avinput
     vep --cache_version 91 --assembly GRCh37 --dir /data/gannet/ripley/.vep --output_file variant_effect_output.txt --cache --offline --everything
     vcfanno_linux64 -p 2 /data/gannet/ripley/R/packages/tests-devel/annovarR.Rcheck/annovarR/extdata/demo/vcfanno_demo/conf.toml input.vcf > output.vcf
     ── 1. Error: select.dat.full.match (@test_utils.R#22) ─────────────────────────
     Failed to connect to database: Unknown database 'annovarr'
     1: dbConnect(RMySQL::MySQL(), dbname = "annovarr") at testthat/test_utils.R:22
     2: dbConnect(RMySQL::MySQL(), dbname = "annovarr")
     3: .local(drv, ...)
    
     INFO [2018-05-23 22:00:03] info.msg
     [1] "print.vb"
     ══ testthat results ═══════════════════════════════════════════════════════════
     OK: 93 SKIPPED: 0 FAILED: 1
     1. Error: select.dat.full.match (@test_utils.R#22)
    
     Error: testthat unit tests failed
     Execution halted
Flavor: r-devel-linux-x86_64-fedora-gcc

Version: 1.0.0
Check: package dependencies
Result: NOTE
    Package suggested but not available for checking: ‘org.Hs.eg.db’
Flavor: r-oldrel-osx-x86_64