CRAN Package Check Results for Package anomalyDetection

Last updated on 2018-08-17 21:47:57 CEST.

Flavor Version Tinstall Tcheck Ttotal Status Flags
r-devel-linux-x86_64-debian-clang 0.2.5 25.34 46.33 71.67 OK
r-devel-linux-x86_64-debian-gcc 0.2.5 24.46 83.57 108.03 OK
r-devel-linux-x86_64-fedora-clang 0.2.5 90.86 NOTE
r-devel-linux-x86_64-fedora-gcc 0.2.5 92.75 NOTE
r-devel-windows-ix86+x86_64 0.2.5 79.00 112.00 191.00 OK
r-patched-linux-x86_64 0.2.5 30.23 63.95 94.18 OK
r-patched-solaris-x86 0.2.5 103.50 NOTE
r-release-linux-x86_64 0.2.5 27.64 77.48 105.12 OK
r-release-windows-ix86+x86_64 0.2.5 68.00 100.00 168.00 OK
r-release-osx-x86_64 0.2.5 NOTE
r-oldrel-windows-ix86+x86_64 0.2.5 51.00 80.00 131.00 OK
r-oldrel-osx-x86_64 0.2.5 NOTE

Check Details

Version: 0.2.5
Check: dependencies in R code
Result: NOTE
    Namespace in Imports field not imported from: ‘caret’
     All declared Imports should be used.
Flavors: r-devel-linux-x86_64-fedora-clang, r-devel-linux-x86_64-fedora-gcc, r-patched-solaris-x86, r-release-osx-x86_64, r-oldrel-osx-x86_64

Version: 0.2.5
Check: use of SHLIB_OPENMP_*FLAGS in Makefiles
Result: NOTE
     src/Makevars: SHLIB_OPENMP_CXXFLAGS is included in PKG_CXXFLAGS but not in PKG_LIBS
     src/Makevars: SHLIB_OPENMP_CFLAGS is included in PKG_LIBS but not in PKG_CFLAGS
     src/Makevars.win: SHLIB_OPENMP_CXXFLAGS is included in PKG_CXXFLAGS but not in PKG_LIBS
     src/Makevars.win: SHLIB_OPENMP_CFLAGS is included in PKG_LIBS but not in PKG_CFLAGS
    Use of these macros is discussed in sect 1.2.1.1 of ‘Writing R
    Extensions’. The macros for different languages may differ so the
    matching macro must be used in PKG_CXXFLAGS (etc) and match that used
    in PKG_LIBS (except for F77: see the manual).
Flavors: r-devel-linux-x86_64-fedora-clang, r-devel-linux-x86_64-fedora-gcc