CRAN Package Check Results for Package antaresProcessing

Last updated on 2018-11-18 21:47:13 CET.

Flavor Version Tinstall Tcheck Ttotal Status Flags
r-devel-linux-x86_64-debian-clang 0.16.0 4.23 111.38 115.61 ERROR
r-devel-linux-x86_64-debian-gcc 0.16.0 2.88 66.37 69.25 OK
r-devel-linux-x86_64-fedora-clang 0.16.0 112.64 OK
r-devel-linux-x86_64-fedora-gcc 0.16.0 96.96 OK
r-devel-windows-ix86+x86_64 0.16.0 11.00 118.00 129.00 OK
r-patched-linux-x86_64 0.16.0 3.66 83.18 86.84 OK
r-patched-solaris-x86 0.16.0 145.50 ERROR
r-release-linux-x86_64 0.16.0 3.35 82.45 85.80 OK
r-release-windows-ix86+x86_64 0.16.0 12.00 151.00 163.00 OK
r-release-osx-x86_64 0.16.0 OK
r-oldrel-windows-ix86+x86_64 0.16.0 7.00 134.00 141.00 OK
r-oldrel-osx-x86_64 0.16.0 OK

Check Details

Version: 0.16.0
Check: package dependencies
Result: NOTE
    Package suggested but not available for checking: ‘rhdf5’
Flavors: r-devel-linux-x86_64-debian-clang, r-patched-solaris-x86

Version: 0.16.0
Check: tests
Result: ERROR
     Running ‘testthat.R’ [71s/48s]
    Running the tests in ‘tests/testthat.R’ failed.
    Complete output:
     > library(testthat)
     > library(antaresProcessing)
     Loading required package: antaresRead
    
     Attaching package: 'antaresProcessing'
    
     The following object is masked from 'package:testthat':
    
     compare
    
     >
     > test_check("antaresProcessing")
     Failed with error: 'there is no package called 'rhdf5''
     ── 1. Error: h5 : processing, write results (@test-h5_processing.R#19) ────────
     object 'h5file' not found
     1: skipFunctionH5() at testthat/test-h5_processing.R:19
     2: skip_if(is.null(h5file), "h5file is null") at testthat/test-h5_processing.R:5
     3: isTRUE(condition)
    
     ── 2. Error: h5 : processing, write results mcAll (@test-h5_processing.R#44) ──
     object 'h5file' not found
     1: skipFunctionH5() at testthat/test-h5_processing.R:44
     2: skip_if(is.null(h5file), "h5file is null") at testthat/test-h5_processing.R:5
     3: isTRUE(condition)
    
     ── 3. Error: h5 : all data (@test-h5_processing.R#69) ─────────────────────────
     object 'h5file' not found
     1: skipFunctionH5() at testthat/test-h5_processing.R:69
     2: skip_if(is.null(h5file), "h5file is null") at testthat/test-h5_processing.R:5
     3: isTRUE(condition)
    
     ── 4. Error: h5 : processing calc by user (@test-h5_processing.R#85) ──────────
     object 'h5file' not found
     1: skipFunctionH5() at testthat/test-h5_processing.R:85
     2: skip_if(is.null(h5file), "h5file is null") at testthat/test-h5_processing.R:5
     3: isTRUE(condition)
    
     ── 5. Error: h5 : processing calc by straitements (@test-h5_processing.R#99) ──
     object 'h5file' not found
     1: skipFunctionH5() at testthat/test-h5_processing.R:99
     2: skip_if(is.null(h5file), "h5file is null") at testthat/test-h5_processing.R:5
     3: isTRUE(condition)
    
     ── 6. Error: h5 : processing calc links clusters discticcts (@test-h5_processing
     object 'h5file' not found
     1: skipFunctionH5() at testthat/test-h5_processing.R:115
     2: skip_if(is.null(h5file), "h5file is null") at testthat/test-h5_processing.R:5
     3: isTRUE(condition)
    
     ── 7. Error: h5 : processing Out_addNetLoad (@test-h5_processing.R#133) ───────
     object 'h5file' not found
     1: skipFunctionH5() at testthat/test-h5_processing.R:133
     2: skip_if(is.null(h5file), "h5file is null") at testthat/test-h5_processing.R:5
     3: isTRUE(condition)
    
     ── 8. Error: h5 : processing Out_addDownwardMargin (@test-h5_processing.R#144)
     object 'h5file' not found
     1: skipFunctionH5() at testthat/test-h5_processing.R:144
     2: skip_if(is.null(h5file), "h5file is null") at testthat/test-h5_processing.R:5
     3: isTRUE(condition)
    
     ── 9. Error: h5 : processing Out_addUpwardMargin (@test-h5_processing.R#157) ──
     object 'h5file' not found
     1: skipFunctionH5() at testthat/test-h5_processing.R:157
     2: skip_if(is.null(h5file), "h5file is null") at testthat/test-h5_processing.R:5
     3: isTRUE(condition)
    
     ── 10. Error: h5 : processing Out_addExportAndImport (@test-h5_processing.R#170)
     object 'h5file' not found
     1: skipFunctionH5() at testthat/test-h5_processing.R:170
     2: skip_if(is.null(h5file), "h5file is null") at testthat/test-h5_processing.R:5
     3: isTRUE(condition)
    
     ── 11. Error: h5 : processing Out_addLoadFactorLink (@test-h5_processing.R#183)
     object 'h5file' not found
     1: skipFunctionH5() at testthat/test-h5_processing.R:183
     2: skip_if(is.null(h5file), "h5file is null") at testthat/test-h5_processing.R:5
     3: isTRUE(condition)
    
     ── 12. Error: h5 : processing Out_externalDependency (@test-h5_processing.R#193)
     object 'h5file' not found
     1: skipFunctionH5() at testthat/test-h5_processing.R:193
     2: skip_if(is.null(h5file), "h5file is null") at testthat/test-h5_processing.R:5
     3: isTRUE(condition)
    
     ── 13. Error: h5 : processing Out_loadFactor (@test-h5_processing.R#213) ──────
     object 'h5file' not found
     1: skipFunctionH5() at testthat/test-h5_processing.R:213
     2: skip_if(is.null(h5file), "h5file is null") at testthat/test-h5_processing.R:5
     3: isTRUE(condition)
    
     ── 14. Error: h5 : processing Out_modulation (@test-h5_processing.R#225) ──────
     object 'h5file' not found
     1: skipFunctionH5() at testthat/test-h5_processing.R:225
     2: skip_if(is.null(h5file), "h5file is null") at testthat/test-h5_processing.R:5
     3: isTRUE(condition)
    
     ── 15. Error: h5 : processing netLoadRamp (@test-h5_processing.R#238) ─────────
     object 'h5file' not found
     1: skipFunctionH5() at testthat/test-h5_processing.R:238
     2: skip_if(is.null(h5file), "h5file is null") at testthat/test-h5_processing.R:5
     3: isTRUE(condition)
    
     ── 16. Error: h5 : processing surplus (@test-h5_processing.R#255) ─────────────
     object 'h5file' not found
     1: skipFunctionH5() at testthat/test-h5_processing.R:255
     2: skip_if(is.null(h5file), "h5file is null") at testthat/test-h5_processing.R:5
     3: isTRUE(condition)
    
     ── 17. Error: h5 : Out_surplusClusters (@test-h5_processing.R#278) ────────────
     object 'h5file' not found
     1: skipFunctionH5() at testthat/test-h5_processing.R:278
     2: skip_if(is.null(h5file), "h5file is null") at testthat/test-h5_processing.R:5
     3: isTRUE(condition)
    
     ── 18. Error: No h5 opts (@test-h5_processing.R#294) ──────────────────────────
     object 'h5file' not found
     1: skipFunctionH5() at testthat/test-h5_processing.R:294
     2: skip_if(is.null(h5file), "h5file is null") at testthat/test-h5_processing.R:5
     3: isTRUE(condition)
    
     ── 19. Error: Write boolean (@test-h5_processing.R#303) ───────────────────────
     object 'h5file' not found
     1: skipFunctionH5() at testthat/test-h5_processing.R:303
     2: skip_if(is.null(h5file), "h5file is null") at testthat/test-h5_processing.R:5
     3: isTRUE(condition)
    
     ── 20. Error: Write character (@test-h5_processing.R#310) ─────────────────────
     object 'h5file' not found
     1: skipFunctionH5() at testthat/test-h5_processing.R:310
     2: skip_if(is.null(h5file), "h5file is null") at testthat/test-h5_processing.R:5
     3: isTRUE(condition)
    
     Failed with error: 'there is no package called 'rhdf5''
     ══ testthat results ═══════════════════════════════════════════════════════════
     OK: 240 SKIPPED: 0 FAILED: 20
     1. Error: h5 : processing, write results (@test-h5_processing.R#19)
     2. Error: h5 : processing, write results mcAll (@test-h5_processing.R#44)
     3. Error: h5 : all data (@test-h5_processing.R#69)
     4. Error: h5 : processing calc by user (@test-h5_processing.R#85)
     5. Error: h5 : processing calc by straitements (@test-h5_processing.R#99)
     6. Error: h5 : processing calc links clusters discticcts (@test-h5_processing.R#115)
     7. Error: h5 : processing Out_addNetLoad (@test-h5_processing.R#133)
     8. Error: h5 : processing Out_addDownwardMargin (@test-h5_processing.R#144)
     9. Error: h5 : processing Out_addUpwardMargin (@test-h5_processing.R#157)
     1. ...
    
     Error: testthat unit tests failed
     Execution halted
Flavor: r-devel-linux-x86_64-debian-clang

Version: 0.16.0
Check: tests
Result: ERROR
     Running ‘testthat.R’ [69s/84s]
    Running the tests in ‘tests/testthat.R’ failed.
    Complete output:
     > library(testthat)
     > library(antaresProcessing)
     Loading required package: antaresRead
    
     Attaching package: 'antaresProcessing'
    
     The following object is masked from 'package:testthat':
    
     compare
    
     >
     > test_check("antaresProcessing")
     Failed with error: 'there is no package called 'rhdf5''
     ── 1. Error: h5 : processing, write results (@test-h5_processing.R#19) ────────
     object 'h5file' not found
     1: skipFunctionH5() at testthat/test-h5_processing.R:19
     2: skip_if(is.null(h5file), "h5file is null") at testthat/test-h5_processing.R:5
     3: isTRUE(condition)
    
     ── 2. Error: h5 : processing, write results mcAll (@test-h5_processing.R#44) ──
     object 'h5file' not found
     1: skipFunctionH5() at testthat/test-h5_processing.R:44
     2: skip_if(is.null(h5file), "h5file is null") at testthat/test-h5_processing.R:5
     3: isTRUE(condition)
    
     ── 3. Error: h5 : all data (@test-h5_processing.R#69) ─────────────────────────
     object 'h5file' not found
     1: skipFunctionH5() at testthat/test-h5_processing.R:69
     2: skip_if(is.null(h5file), "h5file is null") at testthat/test-h5_processing.R:5
     3: isTRUE(condition)
    
     ── 4. Error: h5 : processing calc by user (@test-h5_processing.R#85) ──────────
     object 'h5file' not found
     1: skipFunctionH5() at testthat/test-h5_processing.R:85
     2: skip_if(is.null(h5file), "h5file is null") at testthat/test-h5_processing.R:5
     3: isTRUE(condition)
    
     ── 5. Error: h5 : processing calc by straitements (@test-h5_processing.R#99) ──
     object 'h5file' not found
     1: skipFunctionH5() at testthat/test-h5_processing.R:99
     2: skip_if(is.null(h5file), "h5file is null") at testthat/test-h5_processing.R:5
     3: isTRUE(condition)
    
     ── 6. Error: h5 : processing calc links clusters discticcts (@test-h5_processing
     object 'h5file' not found
     1: skipFunctionH5() at testthat/test-h5_processing.R:115
     2: skip_if(is.null(h5file), "h5file is null") at testthat/test-h5_processing.R:5
     3: isTRUE(condition)
    
     ── 7. Error: h5 : processing Out_addNetLoad (@test-h5_processing.R#133) ───────
     object 'h5file' not found
     1: skipFunctionH5() at testthat/test-h5_processing.R:133
     2: skip_if(is.null(h5file), "h5file is null") at testthat/test-h5_processing.R:5
     3: isTRUE(condition)
    
     ── 8. Error: h5 : processing Out_addDownwardMargin (@test-h5_processing.R#144)
     object 'h5file' not found
     1: skipFunctionH5() at testthat/test-h5_processing.R:144
     2: skip_if(is.null(h5file), "h5file is null") at testthat/test-h5_processing.R:5
     3: isTRUE(condition)
    
     ── 9. Error: h5 : processing Out_addUpwardMargin (@test-h5_processing.R#157) ──
     object 'h5file' not found
     1: skipFunctionH5() at testthat/test-h5_processing.R:157
     2: skip_if(is.null(h5file), "h5file is null") at testthat/test-h5_processing.R:5
     3: isTRUE(condition)
    
     ── 10. Error: h5 : processing Out_addExportAndImport (@test-h5_processing.R#170)
     object 'h5file' not found
     1: skipFunctionH5() at testthat/test-h5_processing.R:170
     2: skip_if(is.null(h5file), "h5file is null") at testthat/test-h5_processing.R:5
     3: isTRUE(condition)
    
     ── 11. Error: h5 : processing Out_addLoadFactorLink (@test-h5_processing.R#183)
     object 'h5file' not found
     1: skipFunctionH5() at testthat/test-h5_processing.R:183
     2: skip_if(is.null(h5file), "h5file is null") at testthat/test-h5_processing.R:5
     3: isTRUE(condition)
    
     ── 12. Error: h5 : processing Out_externalDependency (@test-h5_processing.R#193)
     object 'h5file' not found
     1: skipFunctionH5() at testthat/test-h5_processing.R:193
     2: skip_if(is.null(h5file), "h5file is null") at testthat/test-h5_processing.R:5
     3: isTRUE(condition)
    
     ── 13. Error: h5 : processing Out_loadFactor (@test-h5_processing.R#213) ──────
     object 'h5file' not found
     1: skipFunctionH5() at testthat/test-h5_processing.R:213
     2: skip_if(is.null(h5file), "h5file is null") at testthat/test-h5_processing.R:5
     3: isTRUE(condition)
    
     ── 14. Error: h5 : processing Out_modulation (@test-h5_processing.R#225) ──────
     object 'h5file' not found
     1: skipFunctionH5() at testthat/test-h5_processing.R:225
     2: skip_if(is.null(h5file), "h5file is null") at testthat/test-h5_processing.R:5
     3: isTRUE(condition)
    
     ── 15. Error: h5 : processing netLoadRamp (@test-h5_processing.R#238) ─────────
     object 'h5file' not found
     1: skipFunctionH5() at testthat/test-h5_processing.R:238
     2: skip_if(is.null(h5file), "h5file is null") at testthat/test-h5_processing.R:5
     3: isTRUE(condition)
    
     ── 16. Error: h5 : processing surplus (@test-h5_processing.R#255) ─────────────
     object 'h5file' not found
     1: skipFunctionH5() at testthat/test-h5_processing.R:255
     2: skip_if(is.null(h5file), "h5file is null") at testthat/test-h5_processing.R:5
     3: isTRUE(condition)
    
     ── 17. Error: h5 : Out_surplusClusters (@test-h5_processing.R#278) ────────────
     object 'h5file' not found
     1: skipFunctionH5() at testthat/test-h5_processing.R:278
     2: skip_if(is.null(h5file), "h5file is null") at testthat/test-h5_processing.R:5
     3: isTRUE(condition)
    
     ── 18. Error: No h5 opts (@test-h5_processing.R#294) ──────────────────────────
     object 'h5file' not found
     1: skipFunctionH5() at testthat/test-h5_processing.R:294
     2: skip_if(is.null(h5file), "h5file is null") at testthat/test-h5_processing.R:5
     3: isTRUE(condition)
    
     ── 19. Error: Write boolean (@test-h5_processing.R#303) ───────────────────────
     object 'h5file' not found
     1: skipFunctionH5() at testthat/test-h5_processing.R:303
     2: skip_if(is.null(h5file), "h5file is null") at testthat/test-h5_processing.R:5
     3: isTRUE(condition)
    
     ── 20. Error: Write character (@test-h5_processing.R#310) ─────────────────────
     object 'h5file' not found
     1: skipFunctionH5() at testthat/test-h5_processing.R:310
     2: skip_if(is.null(h5file), "h5file is null") at testthat/test-h5_processing.R:5
     3: isTRUE(condition)
    
     Failed with error: 'there is no package called 'rhdf5''
     ══ testthat results ═══════════════════════════════════════════════════════════
     OK: 240 SKIPPED: 0 FAILED: 20
     1. Error: h5 : processing, write results (@test-h5_processing.R#19)
     2. Error: h5 : processing, write results mcAll (@test-h5_processing.R#44)
     3. Error: h5 : all data (@test-h5_processing.R#69)
     4. Error: h5 : processing calc by user (@test-h5_processing.R#85)
     5. Error: h5 : processing calc by straitements (@test-h5_processing.R#99)
     6. Error: h5 : processing calc links clusters discticcts (@test-h5_processing.R#115)
     7. Error: h5 : processing Out_addNetLoad (@test-h5_processing.R#133)
     8. Error: h5 : processing Out_addDownwardMargin (@test-h5_processing.R#144)
     9. Error: h5 : processing Out_addUpwardMargin (@test-h5_processing.R#157)
     1. ...
    
     Error: testthat unit tests failed
     Execution halted
Flavor: r-patched-solaris-x86