CRAN Package Check Results for Package antaresProcessing

Last updated on 2018-08-20 07:47:30 CEST.

Flavor Version Tinstall Tcheck Ttotal Status Flags
r-devel-linux-x86_64-debian-clang 0.15.3 3.78 99.64 103.42 OK
r-devel-linux-x86_64-debian-gcc 0.15.3 3.57 62.82 66.39 OK
r-devel-linux-x86_64-fedora-clang 0.15.3 105.70 OK
r-devel-linux-x86_64-fedora-gcc 0.15.3 94.61 OK
r-devel-windows-ix86+x86_64 0.15.3 13.00 142.00 155.00 OK
r-patched-linux-x86_64 0.15.3 2.56 75.21 77.77 OK
r-patched-solaris-x86 0.15.3 131.70 ERROR
r-release-linux-x86_64 0.15.3 2.73 73.66 76.39 OK
r-release-windows-ix86+x86_64 0.15.3 13.00 131.00 144.00 OK
r-release-osx-x86_64 0.15.3 OK
r-oldrel-windows-ix86+x86_64 0.15.3 7.00 114.00 121.00 OK
r-oldrel-osx-x86_64 0.15.3 OK

Check Details

Version: 0.15.3
Check: package dependencies
Result: NOTE
    Package suggested but not available for checking: ‘rhdf5’
Flavor: r-patched-solaris-x86

Version: 0.15.3
Check: tests
Result: ERROR
     Running ‘testthat.R’ [57s/70s]
    Running the tests in ‘tests/testthat.R’ failed.
    Complete output:
     > library(testthat)
     > library(antaresProcessing)
     Loading required package: antaresRead
    
     Attaching package: 'antaresProcessing'
    
     The following object is masked from 'package:testthat':
    
     compare
    
     >
     > test_check("antaresProcessing")
     Failed with error: 'there is no package called 'rhdf5''
     ── 1. Error: h5 : processing, write results (@test-h5_processing.R#18) ────────
     object 'h5file' not found
     1: skipFunctionH5() at testthat/test-h5_processing.R:18
     2: skip_if(is.null(h5file), "h5file is null") at testthat/test-h5_processing.R:5
     3: isTRUE(condition)
    
     ── 2. Error: h5 : processing, write results mcAll (@test-h5_processing.R#43) ──
     object 'h5file' not found
     1: skipFunctionH5() at testthat/test-h5_processing.R:43
     2: skip_if(is.null(h5file), "h5file is null") at testthat/test-h5_processing.R:5
     3: isTRUE(condition)
    
     ── 3. Error: h5 : all data (@test-h5_processing.R#68) ─────────────────────────
     object 'h5file' not found
     1: skipFunctionH5() at testthat/test-h5_processing.R:68
     2: skip_if(is.null(h5file), "h5file is null") at testthat/test-h5_processing.R:5
     3: isTRUE(condition)
    
     ── 4. Error: h5 : processing calc by user (@test-h5_processing.R#84) ──────────
     object 'h5file' not found
     1: skipFunctionH5() at testthat/test-h5_processing.R:84
     2: skip_if(is.null(h5file), "h5file is null") at testthat/test-h5_processing.R:5
     3: isTRUE(condition)
    
     ── 5. Error: h5 : processing calc by straitements (@test-h5_processing.R#98) ──
     object 'h5file' not found
     1: skipFunctionH5() at testthat/test-h5_processing.R:98
     2: skip_if(is.null(h5file), "h5file is null") at testthat/test-h5_processing.R:5
     3: isTRUE(condition)
    
     ── 6. Error: h5 : processing calc links clusters discticcts (@test-h5_processing
     object 'h5file' not found
     1: skipFunctionH5() at testthat/test-h5_processing.R:114
     2: skip_if(is.null(h5file), "h5file is null") at testthat/test-h5_processing.R:5
     3: isTRUE(condition)
    
     ── 7. Error: h5 : processing Out_addNetLoad (@test-h5_processing.R#132) ───────
     object 'h5file' not found
     1: skipFunctionH5() at testthat/test-h5_processing.R:132
     2: skip_if(is.null(h5file), "h5file is null") at testthat/test-h5_processing.R:5
     3: isTRUE(condition)
    
     ── 8. Error: h5 : processing Out_addDownwardMargin (@test-h5_processing.R#143)
     object 'h5file' not found
     1: skipFunctionH5() at testthat/test-h5_processing.R:143
     2: skip_if(is.null(h5file), "h5file is null") at testthat/test-h5_processing.R:5
     3: isTRUE(condition)
    
     ── 9. Error: h5 : processing Out_addUpwardMargin (@test-h5_processing.R#156) ──
     object 'h5file' not found
     1: skipFunctionH5() at testthat/test-h5_processing.R:156
     2: skip_if(is.null(h5file), "h5file is null") at testthat/test-h5_processing.R:5
     3: isTRUE(condition)
    
     ── 10. Error: h5 : processing Out_addExportAndImport (@test-h5_processing.R#169)
     object 'h5file' not found
     1: skipFunctionH5() at testthat/test-h5_processing.R:169
     2: skip_if(is.null(h5file), "h5file is null") at testthat/test-h5_processing.R:5
     3: isTRUE(condition)
    
     ── 11. Error: h5 : processing Out_addLoadFactorLink (@test-h5_processing.R#182)
     object 'h5file' not found
     1: skipFunctionH5() at testthat/test-h5_processing.R:182
     2: skip_if(is.null(h5file), "h5file is null") at testthat/test-h5_processing.R:5
     3: isTRUE(condition)
    
     ── 12. Error: h5 : processing Out_externalDependency (@test-h5_processing.R#192)
     object 'h5file' not found
     1: skipFunctionH5() at testthat/test-h5_processing.R:192
     2: skip_if(is.null(h5file), "h5file is null") at testthat/test-h5_processing.R:5
     3: isTRUE(condition)
    
     ── 13. Error: h5 : processing Out_loadFactor (@test-h5_processing.R#212) ──────
     object 'h5file' not found
     1: skipFunctionH5() at testthat/test-h5_processing.R:212
     2: skip_if(is.null(h5file), "h5file is null") at testthat/test-h5_processing.R:5
     3: isTRUE(condition)
    
     ── 14. Error: h5 : processing Out_modulation (@test-h5_processing.R#224) ──────
     object 'h5file' not found
     1: skipFunctionH5() at testthat/test-h5_processing.R:224
     2: skip_if(is.null(h5file), "h5file is null") at testthat/test-h5_processing.R:5
     3: isTRUE(condition)
    
     ── 15. Error: h5 : processing netLoadRamp (@test-h5_processing.R#237) ─────────
     object 'h5file' not found
     1: skipFunctionH5() at testthat/test-h5_processing.R:237
     2: skip_if(is.null(h5file), "h5file is null") at testthat/test-h5_processing.R:5
     3: isTRUE(condition)
    
     ── 16. Error: h5 : processing surplus (@test-h5_processing.R#254) ─────────────
     object 'h5file' not found
     1: skipFunctionH5() at testthat/test-h5_processing.R:254
     2: skip_if(is.null(h5file), "h5file is null") at testthat/test-h5_processing.R:5
     3: isTRUE(condition)
    
     ── 17. Error: h5 : Out_surplusClusters (@test-h5_processing.R#277) ────────────
     object 'h5file' not found
     1: skipFunctionH5() at testthat/test-h5_processing.R:277
     2: skip_if(is.null(h5file), "h5file is null") at testthat/test-h5_processing.R:5
     3: isTRUE(condition)
    
     ── 18. Error: No h5 opts (@test-h5_processing.R#293) ──────────────────────────
     object 'h5file' not found
     1: skipFunctionH5() at testthat/test-h5_processing.R:293
     2: skip_if(is.null(h5file), "h5file is null") at testthat/test-h5_processing.R:5
     3: isTRUE(condition)
    
     ── 19. Error: Write boolean (@test-h5_processing.R#302) ───────────────────────
     object 'h5file' not found
     1: skipFunctionH5() at testthat/test-h5_processing.R:302
     2: skip_if(is.null(h5file), "h5file is null") at testthat/test-h5_processing.R:5
     3: isTRUE(condition)
    
     ── 20. Error: Write character (@test-h5_processing.R#309) ─────────────────────
     object 'h5file' not found
     1: skipFunctionH5() at testthat/test-h5_processing.R:309
     2: skip_if(is.null(h5file), "h5file is null") at testthat/test-h5_processing.R:5
     3: isTRUE(condition)
    
     Failed with error: 'there is no package called 'rhdf5''
     ══ testthat results ═══════════════════════════════════════════════════════════
     OK: 203 SKIPPED: 0 FAILED: 20
     1. Error: h5 : processing, write results (@test-h5_processing.R#18)
     2. Error: h5 : processing, write results mcAll (@test-h5_processing.R#43)
     3. Error: h5 : all data (@test-h5_processing.R#68)
     4. Error: h5 : processing calc by user (@test-h5_processing.R#84)
     5. Error: h5 : processing calc by straitements (@test-h5_processing.R#98)
     6. Error: h5 : processing calc links clusters discticcts (@test-h5_processing.R#114)
     7. Error: h5 : processing Out_addNetLoad (@test-h5_processing.R#132)
     8. Error: h5 : processing Out_addDownwardMargin (@test-h5_processing.R#143)
     9. Error: h5 : processing Out_addUpwardMargin (@test-h5_processing.R#156)
     1. ...
    
     Error: testthat unit tests failed
     Execution halted
Flavor: r-patched-solaris-x86