CRAN Package Check Results for Package antaresProcessing

Last updated on 2018-05-24 19:49:16 CEST.

Flavor Version Tinstall Tcheck Ttotal Status Flags
r-devel-linux-x86_64-debian-clang 0.15.2 4.17 101.74 105.91 ERROR
r-devel-linux-x86_64-debian-gcc 0.15.2 3.20 60.91 64.11 ERROR
r-devel-linux-x86_64-fedora-clang 0.15.2 138.82 OK
r-devel-linux-x86_64-fedora-gcc 0.15.2 112.30 OK
r-devel-windows-ix86+x86_64 0.15.2 7.00 135.00 142.00 OK
r-patched-linux-x86_64 0.15.2 4.11 75.86 79.97 ERROR
r-patched-solaris-x86 0.15.2 131.30 ERROR
r-release-linux-x86_64 0.15.2 3.59 75.56 79.15 ERROR
r-release-windows-ix86+x86_64 0.15.2 11.00 154.00 165.00 OK
r-release-osx-x86_64 0.15.2 OK
r-oldrel-windows-ix86+x86_64 0.15.2 8.00 108.00 116.00 OK
r-oldrel-osx-x86_64 0.15.1 OK

Check Details

Version: 0.15.2
Check: tests
Result: ERROR
     Running ‘testthat.R’ [66s/35s]
    Running the tests in ‘tests/testthat.R’ failed.
    Complete output:
     > library(testthat)
     > library(antaresProcessing)
     Loading required package: antaresRead
    
     Attaching package: 'antaresProcessing'
    
     The following object is masked from 'package:testthat':
    
     compare
    
     >
     > test_check("antaresProcessing")
     ── 1. Error: h5 : processing, write results (@test-h5_processing.R#15) ────────
     HDF5. File accessibilty. Unable to open file.
     1: setSimulationPath(h5file) at testthat/test-h5_processing.R:15
     2: setSimulationPathH5(path)
     3: .getOptionsH5(path)
     4: rhdf5::H5Fopen(path)
    
     ── 2. Error: h5 : processing, write results mcAll (@test-h5_processing.R#40) ──
     HDF5. File accessibilty. Unable to open file.
     1: setSimulationPath(h5file) at testthat/test-h5_processing.R:40
     2: setSimulationPathH5(path)
     3: .getOptionsH5(path)
     4: rhdf5::H5Fopen(path)
    
     ── 3. Error: h5 : all data (@test-h5_processing.R#64) ─────────────────────────
     HDF5. File accessibilty. Unable to open file.
     1: setSimulationPath(h5file) at testthat/test-h5_processing.R:64
     2: setSimulationPathH5(path)
     3: .getOptionsH5(path)
     4: rhdf5::H5Fopen(path)
    
     ── 4. Error: h5 : processing calc by user (@test-h5_processing.R#80) ──────────
     HDF5. File accessibilty. Unable to open file.
     1: setSimulationPath(h5file) at testthat/test-h5_processing.R:80
     2: setSimulationPathH5(path)
     3: .getOptionsH5(path)
     4: rhdf5::H5Fopen(path)
    
     ── 5. Failure: h5 : processing calc by straitements (@test-h5_processing.R#100)
     identical(UpwardMargin_out$interconnectedUpwardMargin, UpwardMargin_recalc$areas$interconnectedUpwardMargin) isn't true.
    
     ── 6. Failure: h5 : processing calc by straitements (@test-h5_processing.R#103)
     identical(UpwardMargin_out$isolatedUpwardMargin, UpwardMargin_recalc$areas$isolatedUpwardMargin) isn't true.
    
     ── 7. Error: h5 : processing calc links clusters discticcts (@test-h5_processing
     HDF5. File accessibilty. Unable to open file.
     1: setSimulationPath(h5file) at testthat/test-h5_processing.R:110
     2: setSimulationPathH5(path)
     3: .getOptionsH5(path)
     4: rhdf5::H5Fopen(path)
    
     ── 8. Error: h5 : processing Out_addNetLoad (@test-h5_processing.R#128) ───────
     HDF5. File accessibilty. Unable to open file.
     1: setSimulationPath(h5file) at testthat/test-h5_processing.R:128
     2: setSimulationPathH5(path)
     3: .getOptionsH5(path)
     4: rhdf5::H5Fopen(path)
    
     ── 9. Error: h5 : processing Out_addDownwardMargin (@test-h5_processing.R#139)
     HDF5. File accessibilty. Unable to open file.
     1: setSimulationPath(h5file) at testthat/test-h5_processing.R:139
     2: setSimulationPathH5(path)
     3: .getOptionsH5(path)
     4: rhdf5::H5Fopen(path)
    
     ── 10. Error: h5 : processing Out_addUpwardMargin (@test-h5_processing.R#152) ─
     HDF5. File accessibilty. Unable to open file.
     1: setSimulationPath(h5file) at testthat/test-h5_processing.R:152
     2: setSimulationPathH5(path)
     3: .getOptionsH5(path)
     4: rhdf5::H5Fopen(path)
    
     ── 11. Error: h5 : processing Out_addExportAndImport (@test-h5_processing.R#165)
     HDF5. File accessibilty. Unable to open file.
     1: setSimulationPath(h5file) at testthat/test-h5_processing.R:165
     2: setSimulationPathH5(path)
     3: .getOptionsH5(path)
     4: rhdf5::H5Fopen(path)
    
     ── 12. Error: h5 : processing Out_addLoadFactorLink (@test-h5_processing.R#178)
     HDF5. File accessibilty. Unable to open file.
     1: setSimulationPath(h5file) at testthat/test-h5_processing.R:178
     2: setSimulationPathH5(path)
     3: .getOptionsH5(path)
     4: rhdf5::H5Fopen(path)
    
     ── 13. Error: h5 : processing Out_externalDependency (@test-h5_processing.R#188)
     HDF5. File accessibilty. Unable to open file.
     1: setSimulationPath(h5file) at testthat/test-h5_processing.R:188
     2: setSimulationPathH5(path)
     3: .getOptionsH5(path)
     4: rhdf5::H5Fopen(path)
    
     ── 14. Error: h5 : processing Out_loadFactor (@test-h5_processing.R#208) ──────
     HDF5. File accessibilty. Unable to open file.
     1: setSimulationPath(h5file) at testthat/test-h5_processing.R:208
     2: setSimulationPathH5(path)
     3: .getOptionsH5(path)
     4: rhdf5::H5Fopen(path)
    
     ── 15. Error: h5 : processing Out_modulation (@test-h5_processing.R#220) ──────
     HDF5. File accessibilty. Unable to open file.
     1: setSimulationPath(h5file) at testthat/test-h5_processing.R:220
     2: setSimulationPathH5(path)
     3: .getOptionsH5(path)
     4: rhdf5::H5Fopen(path)
    
     ── 16. Error: h5 : processing netLoadRamp (@test-h5_processing.R#233) ─────────
     HDF5. File accessibilty. Unable to open file.
     1: setSimulationPath(h5file) at testthat/test-h5_processing.R:233
     2: setSimulationPathH5(path)
     3: .getOptionsH5(path)
     4: rhdf5::H5Fopen(path)
    
     ── 17. Error: h5 : processing surplus (@test-h5_processing.R#250) ─────────────
     HDF5. File accessibilty. Unable to open file.
     1: setSimulationPath(h5file) at testthat/test-h5_processing.R:250
     2: setSimulationPathH5(path)
     3: .getOptionsH5(path)
     4: rhdf5::H5Fopen(path)
    
     ── 18. Error: h5 : Out_surplusClusters (@test-h5_processing.R#273) ────────────
     HDF5. File accessibilty. Unable to open file.
     1: setSimulationPath(h5file) at testthat/test-h5_processing.R:273
     2: setSimulationPathH5(path)
     3: .getOptionsH5(path)
     4: rhdf5::H5Fopen(path)
    
     ── 19. Error: No h5 opts (@test-h5_processing.R#289) ──────────────────────────
     HDF5. File accessibilty. Unable to open file.
     1: setSimulationPath(h5file) at testthat/test-h5_processing.R:289
     2: setSimulationPathH5(path)
     3: .getOptionsH5(path)
     4: rhdf5::H5Fopen(path)
    
     ── 20. Error: Write boolean (@test-h5_processing.R#298) ───────────────────────
     HDF5. File accessibilty. Unable to open file.
     1: setSimulationPath(h5file) at testthat/test-h5_processing.R:298
     2: setSimulationPathH5(path)
     3: .getOptionsH5(path)
     4: rhdf5::H5Fopen(path)
    
     ── 21. Error: Write character (@test-h5_processing.R#305) ─────────────────────
     HDF5. File accessibilty. Unable to open file.
     1: setSimulationPath(h5file) at testthat/test-h5_processing.R:305
     2: setSimulationPathH5(path)
     3: .getOptionsH5(path)
     4: rhdf5::H5Fopen(path)
    
     ══ testthat results ═══════════════════════════════════════════════════════════
     OK: 205 SKIPPED: 0 FAILED: 21
     1. Error: h5 : processing, write results (@test-h5_processing.R#15)
     2. Error: h5 : processing, write results mcAll (@test-h5_processing.R#40)
     3. Error: h5 : all data (@test-h5_processing.R#64)
     4. Error: h5 : processing calc by user (@test-h5_processing.R#80)
     5. Failure: h5 : processing calc by straitements (@test-h5_processing.R#100)
     6. Failure: h5 : processing calc by straitements (@test-h5_processing.R#103)
     7. Error: h5 : processing calc links clusters discticcts (@test-h5_processing.R#110)
     8. Error: h5 : processing Out_addNetLoad (@test-h5_processing.R#128)
     9. Error: h5 : processing Out_addDownwardMargin (@test-h5_processing.R#139)
     1. ...
    
     Error: testthat unit tests failed
     Execution halted
Flavor: r-devel-linux-x86_64-debian-clang

Version: 0.15.2
Check: tests
Result: ERROR
     Running ‘testthat.R’ [29s/45s]
    Running the tests in ‘tests/testthat.R’ failed.
    Complete output:
     > library(testthat)
     > library(antaresProcessing)
     Loading required package: antaresRead
    
     Attaching package: 'antaresProcessing'
    
     The following object is masked from 'package:testthat':
    
     compare
    
     >
     > test_check("antaresProcessing")
     ── 1. Error: h5 : processing, write results (@test-h5_processing.R#15) ────────
     HDF5. File accessibilty. Unable to open file.
     1: setSimulationPath(h5file) at testthat/test-h5_processing.R:15
     2: setSimulationPathH5(path)
     3: .getOptionsH5(path)
     4: rhdf5::H5Fopen(path)
    
     ── 2. Error: h5 : processing, write results mcAll (@test-h5_processing.R#40) ──
     HDF5. File accessibilty. Unable to open file.
     1: setSimulationPath(h5file) at testthat/test-h5_processing.R:40
     2: setSimulationPathH5(path)
     3: .getOptionsH5(path)
     4: rhdf5::H5Fopen(path)
    
     ── 3. Error: h5 : all data (@test-h5_processing.R#64) ─────────────────────────
     HDF5. File accessibilty. Unable to open file.
     1: setSimulationPath(h5file) at testthat/test-h5_processing.R:64
     2: setSimulationPathH5(path)
     3: .getOptionsH5(path)
     4: rhdf5::H5Fopen(path)
    
     ── 4. Error: h5 : processing calc by user (@test-h5_processing.R#80) ──────────
     HDF5. File accessibilty. Unable to open file.
     1: setSimulationPath(h5file) at testthat/test-h5_processing.R:80
     2: setSimulationPathH5(path)
     3: .getOptionsH5(path)
     4: rhdf5::H5Fopen(path)
    
     ── 5. Failure: h5 : processing calc by straitements (@test-h5_processing.R#100)
     identical(UpwardMargin_out$interconnectedUpwardMargin, UpwardMargin_recalc$areas$interconnectedUpwardMargin) isn't true.
    
     ── 6. Failure: h5 : processing calc by straitements (@test-h5_processing.R#103)
     identical(UpwardMargin_out$isolatedUpwardMargin, UpwardMargin_recalc$areas$isolatedUpwardMargin) isn't true.
    
     ── 7. Error: h5 : processing calc links clusters discticcts (@test-h5_processing
     HDF5. File accessibilty. Unable to open file.
     1: setSimulationPath(h5file) at testthat/test-h5_processing.R:110
     2: setSimulationPathH5(path)
     3: .getOptionsH5(path)
     4: rhdf5::H5Fopen(path)
    
     ── 8. Error: h5 : processing Out_addNetLoad (@test-h5_processing.R#128) ───────
     HDF5. File accessibilty. Unable to open file.
     1: setSimulationPath(h5file) at testthat/test-h5_processing.R:128
     2: setSimulationPathH5(path)
     3: .getOptionsH5(path)
     4: rhdf5::H5Fopen(path)
    
     ── 9. Error: h5 : processing Out_addDownwardMargin (@test-h5_processing.R#139)
     HDF5. File accessibilty. Unable to open file.
     1: setSimulationPath(h5file) at testthat/test-h5_processing.R:139
     2: setSimulationPathH5(path)
     3: .getOptionsH5(path)
     4: rhdf5::H5Fopen(path)
    
     ── 10. Error: h5 : processing Out_addUpwardMargin (@test-h5_processing.R#152) ─
     HDF5. File accessibilty. Unable to open file.
     1: setSimulationPath(h5file) at testthat/test-h5_processing.R:152
     2: setSimulationPathH5(path)
     3: .getOptionsH5(path)
     4: rhdf5::H5Fopen(path)
    
     ── 11. Error: h5 : processing Out_addExportAndImport (@test-h5_processing.R#165)
     HDF5. File accessibilty. Unable to open file.
     1: setSimulationPath(h5file) at testthat/test-h5_processing.R:165
     2: setSimulationPathH5(path)
     3: .getOptionsH5(path)
     4: rhdf5::H5Fopen(path)
    
     ── 12. Error: h5 : processing Out_addLoadFactorLink (@test-h5_processing.R#178)
     HDF5. File accessibilty. Unable to open file.
     1: setSimulationPath(h5file) at testthat/test-h5_processing.R:178
     2: setSimulationPathH5(path)
     3: .getOptionsH5(path)
     4: rhdf5::H5Fopen(path)
    
     ── 13. Error: h5 : processing Out_externalDependency (@test-h5_processing.R#188)
     HDF5. File accessibilty. Unable to open file.
     1: setSimulationPath(h5file) at testthat/test-h5_processing.R:188
     2: setSimulationPathH5(path)
     3: .getOptionsH5(path)
     4: rhdf5::H5Fopen(path)
    
     ── 14. Error: h5 : processing Out_loadFactor (@test-h5_processing.R#208) ──────
     HDF5. File accessibilty. Unable to open file.
     1: setSimulationPath(h5file) at testthat/test-h5_processing.R:208
     2: setSimulationPathH5(path)
     3: .getOptionsH5(path)
     4: rhdf5::H5Fopen(path)
    
     ── 15. Error: h5 : processing Out_modulation (@test-h5_processing.R#220) ──────
     HDF5. File accessibilty. Unable to open file.
     1: setSimulationPath(h5file) at testthat/test-h5_processing.R:220
     2: setSimulationPathH5(path)
     3: .getOptionsH5(path)
     4: rhdf5::H5Fopen(path)
    
     ── 16. Error: h5 : processing netLoadRamp (@test-h5_processing.R#233) ─────────
     HDF5. File accessibilty. Unable to open file.
     1: setSimulationPath(h5file) at testthat/test-h5_processing.R:233
     2: setSimulationPathH5(path)
     3: .getOptionsH5(path)
     4: rhdf5::H5Fopen(path)
    
     ── 17. Error: h5 : processing surplus (@test-h5_processing.R#250) ─────────────
     HDF5. File accessibilty. Unable to open file.
     1: setSimulationPath(h5file) at testthat/test-h5_processing.R:250
     2: setSimulationPathH5(path)
     3: .getOptionsH5(path)
     4: rhdf5::H5Fopen(path)
    
     ── 18. Error: h5 : Out_surplusClusters (@test-h5_processing.R#273) ────────────
     HDF5. File accessibilty. Unable to open file.
     1: setSimulationPath(h5file) at testthat/test-h5_processing.R:273
     2: setSimulationPathH5(path)
     3: .getOptionsH5(path)
     4: rhdf5::H5Fopen(path)
    
     ── 19. Error: No h5 opts (@test-h5_processing.R#289) ──────────────────────────
     HDF5. File accessibilty. Unable to open file.
     1: setSimulationPath(h5file) at testthat/test-h5_processing.R:289
     2: setSimulationPathH5(path)
     3: .getOptionsH5(path)
     4: rhdf5::H5Fopen(path)
    
     ── 20. Error: Write boolean (@test-h5_processing.R#298) ───────────────────────
     HDF5. File accessibilty. Unable to open file.
     1: setSimulationPath(h5file) at testthat/test-h5_processing.R:298
     2: setSimulationPathH5(path)
     3: .getOptionsH5(path)
     4: rhdf5::H5Fopen(path)
    
     ── 21. Error: Write character (@test-h5_processing.R#305) ─────────────────────
     HDF5. File accessibilty. Unable to open file.
     1: setSimulationPath(h5file) at testthat/test-h5_processing.R:305
     2: setSimulationPathH5(path)
     3: .getOptionsH5(path)
     4: rhdf5::H5Fopen(path)
    
     ══ testthat results ═══════════════════════════════════════════════════════════
     OK: 205 SKIPPED: 0 FAILED: 21
     1. Error: h5 : processing, write results (@test-h5_processing.R#15)
     2. Error: h5 : processing, write results mcAll (@test-h5_processing.R#40)
     3. Error: h5 : all data (@test-h5_processing.R#64)
     4. Error: h5 : processing calc by user (@test-h5_processing.R#80)
     5. Failure: h5 : processing calc by straitements (@test-h5_processing.R#100)
     6. Failure: h5 : processing calc by straitements (@test-h5_processing.R#103)
     7. Error: h5 : processing calc links clusters discticcts (@test-h5_processing.R#110)
     8. Error: h5 : processing Out_addNetLoad (@test-h5_processing.R#128)
     9. Error: h5 : processing Out_addDownwardMargin (@test-h5_processing.R#139)
     1. ...
    
     Error: testthat unit tests failed
     Execution halted
Flavor: r-devel-linux-x86_64-debian-gcc

Version: 0.15.2
Check: tests
Result: ERROR
     Running ‘testthat.R’ [39s/50s]
    Running the tests in ‘tests/testthat.R’ failed.
    Complete output:
     > library(testthat)
     > library(antaresProcessing)
     Loading required package: antaresRead
    
     Attaching package: 'antaresProcessing'
    
     The following object is masked from 'package:testthat':
    
     compare
    
     >
     > test_check("antaresProcessing")
     ── 1. Error: h5 : processing, write results (@test-h5_processing.R#15) ────────
     HDF5. File accessibilty. Unable to open file.
     1: setSimulationPath(h5file) at testthat/test-h5_processing.R:15
     2: setSimulationPathH5(path)
     3: .getOptionsH5(path)
     4: rhdf5::H5Fopen(path)
    
     ── 2. Error: h5 : processing, write results mcAll (@test-h5_processing.R#40) ──
     HDF5. File accessibilty. Unable to open file.
     1: setSimulationPath(h5file) at testthat/test-h5_processing.R:40
     2: setSimulationPathH5(path)
     3: .getOptionsH5(path)
     4: rhdf5::H5Fopen(path)
    
     ── 3. Error: h5 : all data (@test-h5_processing.R#64) ─────────────────────────
     HDF5. File accessibilty. Unable to open file.
     1: setSimulationPath(h5file) at testthat/test-h5_processing.R:64
     2: setSimulationPathH5(path)
     3: .getOptionsH5(path)
     4: rhdf5::H5Fopen(path)
    
     ── 4. Error: h5 : processing calc by user (@test-h5_processing.R#80) ──────────
     HDF5. File accessibilty. Unable to open file.
     1: setSimulationPath(h5file) at testthat/test-h5_processing.R:80
     2: setSimulationPathH5(path)
     3: .getOptionsH5(path)
     4: rhdf5::H5Fopen(path)
    
     ── 5. Failure: h5 : processing calc by straitements (@test-h5_processing.R#100)
     identical(UpwardMargin_out$interconnectedUpwardMargin, UpwardMargin_recalc$areas$interconnectedUpwardMargin) isn't true.
    
     ── 6. Failure: h5 : processing calc by straitements (@test-h5_processing.R#103)
     identical(UpwardMargin_out$isolatedUpwardMargin, UpwardMargin_recalc$areas$isolatedUpwardMargin) isn't true.
    
     ── 7. Error: h5 : processing calc links clusters discticcts (@test-h5_processing
     HDF5. File accessibilty. Unable to open file.
     1: setSimulationPath(h5file) at testthat/test-h5_processing.R:110
     2: setSimulationPathH5(path)
     3: .getOptionsH5(path)
     4: rhdf5::H5Fopen(path)
    
     ── 8. Error: h5 : processing Out_addNetLoad (@test-h5_processing.R#128) ───────
     HDF5. File accessibilty. Unable to open file.
     1: setSimulationPath(h5file) at testthat/test-h5_processing.R:128
     2: setSimulationPathH5(path)
     3: .getOptionsH5(path)
     4: rhdf5::H5Fopen(path)
    
     ── 9. Error: h5 : processing Out_addDownwardMargin (@test-h5_processing.R#139)
     HDF5. File accessibilty. Unable to open file.
     1: setSimulationPath(h5file) at testthat/test-h5_processing.R:139
     2: setSimulationPathH5(path)
     3: .getOptionsH5(path)
     4: rhdf5::H5Fopen(path)
    
     ── 10. Error: h5 : processing Out_addUpwardMargin (@test-h5_processing.R#152) ─
     HDF5. File accessibilty. Unable to open file.
     1: setSimulationPath(h5file) at testthat/test-h5_processing.R:152
     2: setSimulationPathH5(path)
     3: .getOptionsH5(path)
     4: rhdf5::H5Fopen(path)
    
     ── 11. Error: h5 : processing Out_addExportAndImport (@test-h5_processing.R#165)
     HDF5. File accessibilty. Unable to open file.
     1: setSimulationPath(h5file) at testthat/test-h5_processing.R:165
     2: setSimulationPathH5(path)
     3: .getOptionsH5(path)
     4: rhdf5::H5Fopen(path)
    
     ── 12. Error: h5 : processing Out_addLoadFactorLink (@test-h5_processing.R#178)
     HDF5. File accessibilty. Unable to open file.
     1: setSimulationPath(h5file) at testthat/test-h5_processing.R:178
     2: setSimulationPathH5(path)
     3: .getOptionsH5(path)
     4: rhdf5::H5Fopen(path)
    
     ── 13. Error: h5 : processing Out_externalDependency (@test-h5_processing.R#188)
     HDF5. File accessibilty. Unable to open file.
     1: setSimulationPath(h5file) at testthat/test-h5_processing.R:188
     2: setSimulationPathH5(path)
     3: .getOptionsH5(path)
     4: rhdf5::H5Fopen(path)
    
     ── 14. Error: h5 : processing Out_loadFactor (@test-h5_processing.R#208) ──────
     HDF5. File accessibilty. Unable to open file.
     1: setSimulationPath(h5file) at testthat/test-h5_processing.R:208
     2: setSimulationPathH5(path)
     3: .getOptionsH5(path)
     4: rhdf5::H5Fopen(path)
    
     ── 15. Error: h5 : processing Out_modulation (@test-h5_processing.R#220) ──────
     HDF5. File accessibilty. Unable to open file.
     1: setSimulationPath(h5file) at testthat/test-h5_processing.R:220
     2: setSimulationPathH5(path)
     3: .getOptionsH5(path)
     4: rhdf5::H5Fopen(path)
    
     ── 16. Error: h5 : processing netLoadRamp (@test-h5_processing.R#233) ─────────
     HDF5. File accessibilty. Unable to open file.
     1: setSimulationPath(h5file) at testthat/test-h5_processing.R:233
     2: setSimulationPathH5(path)
     3: .getOptionsH5(path)
     4: rhdf5::H5Fopen(path)
    
     ── 17. Error: h5 : processing surplus (@test-h5_processing.R#250) ─────────────
     HDF5. File accessibilty. Unable to open file.
     1: setSimulationPath(h5file) at testthat/test-h5_processing.R:250
     2: setSimulationPathH5(path)
     3: .getOptionsH5(path)
     4: rhdf5::H5Fopen(path)
    
     ── 18. Error: h5 : Out_surplusClusters (@test-h5_processing.R#273) ────────────
     HDF5. File accessibilty. Unable to open file.
     1: setSimulationPath(h5file) at testthat/test-h5_processing.R:273
     2: setSimulationPathH5(path)
     3: .getOptionsH5(path)
     4: rhdf5::H5Fopen(path)
    
     ── 19. Error: No h5 opts (@test-h5_processing.R#289) ──────────────────────────
     HDF5. File accessibilty. Unable to open file.
     1: setSimulationPath(h5file) at testthat/test-h5_processing.R:289
     2: setSimulationPathH5(path)
     3: .getOptionsH5(path)
     4: rhdf5::H5Fopen(path)
    
     ── 20. Error: Write boolean (@test-h5_processing.R#298) ───────────────────────
     HDF5. File accessibilty. Unable to open file.
     1: setSimulationPath(h5file) at testthat/test-h5_processing.R:298
     2: setSimulationPathH5(path)
     3: .getOptionsH5(path)
     4: rhdf5::H5Fopen(path)
    
     ── 21. Error: Write character (@test-h5_processing.R#305) ─────────────────────
     HDF5. File accessibilty. Unable to open file.
     1: setSimulationPath(h5file) at testthat/test-h5_processing.R:305
     2: setSimulationPathH5(path)
     3: .getOptionsH5(path)
     4: rhdf5::H5Fopen(path)
    
     ══ testthat results ═══════════════════════════════════════════════════════════
     OK: 205 SKIPPED: 0 FAILED: 21
     1. Error: h5 : processing, write results (@test-h5_processing.R#15)
     2. Error: h5 : processing, write results mcAll (@test-h5_processing.R#40)
     3. Error: h5 : all data (@test-h5_processing.R#64)
     4. Error: h5 : processing calc by user (@test-h5_processing.R#80)
     5. Failure: h5 : processing calc by straitements (@test-h5_processing.R#100)
     6. Failure: h5 : processing calc by straitements (@test-h5_processing.R#103)
     7. Error: h5 : processing calc links clusters discticcts (@test-h5_processing.R#110)
     8. Error: h5 : processing Out_addNetLoad (@test-h5_processing.R#128)
     9. Error: h5 : processing Out_addDownwardMargin (@test-h5_processing.R#139)
     1. ...
    
     Error: testthat unit tests failed
     Execution halted
Flavor: r-patched-linux-x86_64

Version: 0.15.2
Check: package dependencies
Result: NOTE
    Package suggested but not available for checking: ‘rhdf5’
Flavor: r-patched-solaris-x86

Version: 0.15.2
Check: tests
Result: ERROR
     Running ‘testthat.R’ [57s/75s]
    Running the tests in ‘tests/testthat.R’ failed.
    Complete output:
     > library(testthat)
     > library(antaresProcessing)
     Loading required package: antaresRead
    
     Attaching package: 'antaresProcessing'
    
     The following object is masked from 'package:testthat':
    
     compare
    
     >
     > test_check("antaresProcessing")
     Failed with error: 'there is no package called 'rhdf5''
     ── 1. Error: h5 : processing, write results (@test-h5_processing.R#13) ────────
     object 'h5file' not found
     1: skipFunctionH5() at testthat/test-h5_processing.R:13
     2: skip_if(is.null(h5file), "h5file is null") at testthat/test-h5_processing.R:5
     3: isTRUE(condition)
    
     ── 2. Error: h5 : processing, write results mcAll (@test-h5_processing.R#38) ──
     object 'h5file' not found
     1: skipFunctionH5() at testthat/test-h5_processing.R:38
     2: skip_if(is.null(h5file), "h5file is null") at testthat/test-h5_processing.R:5
     3: isTRUE(condition)
    
     ── 3. Error: h5 : all data (@test-h5_processing.R#63) ─────────────────────────
     object 'h5file' not found
     1: skipFunctionH5() at testthat/test-h5_processing.R:63
     2: skip_if(is.null(h5file), "h5file is null") at testthat/test-h5_processing.R:5
     3: isTRUE(condition)
    
     ── 4. Error: h5 : processing calc by user (@test-h5_processing.R#79) ──────────
     object 'h5file' not found
     1: skipFunctionH5() at testthat/test-h5_processing.R:79
     2: skip_if(is.null(h5file), "h5file is null") at testthat/test-h5_processing.R:5
     3: isTRUE(condition)
    
     ── 5. Error: h5 : processing calc by straitements (@test-h5_processing.R#93) ──
     object 'h5file' not found
     1: skipFunctionH5() at testthat/test-h5_processing.R:93
     2: skip_if(is.null(h5file), "h5file is null") at testthat/test-h5_processing.R:5
     3: isTRUE(condition)
    
     ── 6. Error: h5 : processing calc links clusters discticcts (@test-h5_processing
     object 'h5file' not found
     1: skipFunctionH5() at testthat/test-h5_processing.R:109
     2: skip_if(is.null(h5file), "h5file is null") at testthat/test-h5_processing.R:5
     3: isTRUE(condition)
    
     ── 7. Error: h5 : processing Out_addNetLoad (@test-h5_processing.R#127) ───────
     object 'h5file' not found
     1: skipFunctionH5() at testthat/test-h5_processing.R:127
     2: skip_if(is.null(h5file), "h5file is null") at testthat/test-h5_processing.R:5
     3: isTRUE(condition)
    
     ── 8. Error: h5 : processing Out_addDownwardMargin (@test-h5_processing.R#138)
     object 'h5file' not found
     1: skipFunctionH5() at testthat/test-h5_processing.R:138
     2: skip_if(is.null(h5file), "h5file is null") at testthat/test-h5_processing.R:5
     3: isTRUE(condition)
    
     ── 9. Error: h5 : processing Out_addUpwardMargin (@test-h5_processing.R#151) ──
     object 'h5file' not found
     1: skipFunctionH5() at testthat/test-h5_processing.R:151
     2: skip_if(is.null(h5file), "h5file is null") at testthat/test-h5_processing.R:5
     3: isTRUE(condition)
    
     ── 10. Error: h5 : processing Out_addExportAndImport (@test-h5_processing.R#164)
     object 'h5file' not found
     1: skipFunctionH5() at testthat/test-h5_processing.R:164
     2: skip_if(is.null(h5file), "h5file is null") at testthat/test-h5_processing.R:5
     3: isTRUE(condition)
    
     ── 11. Error: h5 : processing Out_addLoadFactorLink (@test-h5_processing.R#177)
     object 'h5file' not found
     1: skipFunctionH5() at testthat/test-h5_processing.R:177
     2: skip_if(is.null(h5file), "h5file is null") at testthat/test-h5_processing.R:5
     3: isTRUE(condition)
    
     ── 12. Error: h5 : processing Out_externalDependency (@test-h5_processing.R#187)
     object 'h5file' not found
     1: skipFunctionH5() at testthat/test-h5_processing.R:187
     2: skip_if(is.null(h5file), "h5file is null") at testthat/test-h5_processing.R:5
     3: isTRUE(condition)
    
     ── 13. Error: h5 : processing Out_loadFactor (@test-h5_processing.R#207) ──────
     object 'h5file' not found
     1: skipFunctionH5() at testthat/test-h5_processing.R:207
     2: skip_if(is.null(h5file), "h5file is null") at testthat/test-h5_processing.R:5
     3: isTRUE(condition)
    
     ── 14. Error: h5 : processing Out_modulation (@test-h5_processing.R#219) ──────
     object 'h5file' not found
     1: skipFunctionH5() at testthat/test-h5_processing.R:219
     2: skip_if(is.null(h5file), "h5file is null") at testthat/test-h5_processing.R:5
     3: isTRUE(condition)
    
     ── 15. Error: h5 : processing netLoadRamp (@test-h5_processing.R#232) ─────────
     object 'h5file' not found
     1: skipFunctionH5() at testthat/test-h5_processing.R:232
     2: skip_if(is.null(h5file), "h5file is null") at testthat/test-h5_processing.R:5
     3: isTRUE(condition)
    
     ── 16. Error: h5 : processing surplus (@test-h5_processing.R#249) ─────────────
     object 'h5file' not found
     1: skipFunctionH5() at testthat/test-h5_processing.R:249
     2: skip_if(is.null(h5file), "h5file is null") at testthat/test-h5_processing.R:5
     3: isTRUE(condition)
    
     ── 17. Error: h5 : Out_surplusClusters (@test-h5_processing.R#272) ────────────
     object 'h5file' not found
     1: skipFunctionH5() at testthat/test-h5_processing.R:272
     2: skip_if(is.null(h5file), "h5file is null") at testthat/test-h5_processing.R:5
     3: isTRUE(condition)
    
     ── 18. Error: No h5 opts (@test-h5_processing.R#288) ──────────────────────────
     object 'h5file' not found
     1: skipFunctionH5() at testthat/test-h5_processing.R:288
     2: skip_if(is.null(h5file), "h5file is null") at testthat/test-h5_processing.R:5
     3: isTRUE(condition)
    
     ── 19. Error: Write boolean (@test-h5_processing.R#297) ───────────────────────
     object 'h5file' not found
     1: skipFunctionH5() at testthat/test-h5_processing.R:297
     2: skip_if(is.null(h5file), "h5file is null") at testthat/test-h5_processing.R:5
     3: isTRUE(condition)
    
     ── 20. Error: Write character (@test-h5_processing.R#304) ─────────────────────
     object 'h5file' not found
     1: skipFunctionH5() at testthat/test-h5_processing.R:304
     2: skip_if(is.null(h5file), "h5file is null") at testthat/test-h5_processing.R:5
     3: isTRUE(condition)
    
     Failed with error: 'there is no package called 'rhdf5''
     ══ testthat results ═══════════════════════════════════════════════════════════
     OK: 203 SKIPPED: 0 FAILED: 20
     1. Error: h5 : processing, write results (@test-h5_processing.R#13)
     2. Error: h5 : processing, write results mcAll (@test-h5_processing.R#38)
     3. Error: h5 : all data (@test-h5_processing.R#63)
     4. Error: h5 : processing calc by user (@test-h5_processing.R#79)
     5. Error: h5 : processing calc by straitements (@test-h5_processing.R#93)
     6. Error: h5 : processing calc links clusters discticcts (@test-h5_processing.R#109)
     7. Error: h5 : processing Out_addNetLoad (@test-h5_processing.R#127)
     8. Error: h5 : processing Out_addDownwardMargin (@test-h5_processing.R#138)
     9. Error: h5 : processing Out_addUpwardMargin (@test-h5_processing.R#151)
     1. ...
    
     Error: testthat unit tests failed
     Execution halted
Flavor: r-patched-solaris-x86

Version: 0.15.2
Check: tests
Result: ERROR
     Running ‘testthat.R’ [39s/51s]
    Running the tests in ‘tests/testthat.R’ failed.
    Complete output:
     > library(testthat)
     > library(antaresProcessing)
     Loading required package: antaresRead
    
     Attaching package: 'antaresProcessing'
    
     The following object is masked from 'package:testthat':
    
     compare
    
     >
     > test_check("antaresProcessing")
     ── 1. Error: h5 : processing, write results (@test-h5_processing.R#15) ────────
     HDF5. File accessibilty. Unable to open file.
     1: setSimulationPath(h5file) at testthat/test-h5_processing.R:15
     2: setSimulationPathH5(path)
     3: .getOptionsH5(path)
     4: rhdf5::H5Fopen(path)
    
     ── 2. Error: h5 : processing, write results mcAll (@test-h5_processing.R#40) ──
     HDF5. File accessibilty. Unable to open file.
     1: setSimulationPath(h5file) at testthat/test-h5_processing.R:40
     2: setSimulationPathH5(path)
     3: .getOptionsH5(path)
     4: rhdf5::H5Fopen(path)
    
     ── 3. Error: h5 : all data (@test-h5_processing.R#64) ─────────────────────────
     HDF5. File accessibilty. Unable to open file.
     1: setSimulationPath(h5file) at testthat/test-h5_processing.R:64
     2: setSimulationPathH5(path)
     3: .getOptionsH5(path)
     4: rhdf5::H5Fopen(path)
    
     ── 4. Error: h5 : processing calc by user (@test-h5_processing.R#80) ──────────
     HDF5. File accessibilty. Unable to open file.
     1: setSimulationPath(h5file) at testthat/test-h5_processing.R:80
     2: setSimulationPathH5(path)
     3: .getOptionsH5(path)
     4: rhdf5::H5Fopen(path)
    
     ── 5. Failure: h5 : processing calc by straitements (@test-h5_processing.R#100)
     identical(UpwardMargin_out$interconnectedUpwardMargin, UpwardMargin_recalc$areas$interconnectedUpwardMargin) isn't true.
    
     ── 6. Failure: h5 : processing calc by straitements (@test-h5_processing.R#103)
     identical(UpwardMargin_out$isolatedUpwardMargin, UpwardMargin_recalc$areas$isolatedUpwardMargin) isn't true.
    
     ── 7. Error: h5 : processing calc links clusters discticcts (@test-h5_processing
     HDF5. File accessibilty. Unable to open file.
     1: setSimulationPath(h5file) at testthat/test-h5_processing.R:110
     2: setSimulationPathH5(path)
     3: .getOptionsH5(path)
     4: rhdf5::H5Fopen(path)
    
     ── 8. Error: h5 : processing Out_addNetLoad (@test-h5_processing.R#128) ───────
     HDF5. File accessibilty. Unable to open file.
     1: setSimulationPath(h5file) at testthat/test-h5_processing.R:128
     2: setSimulationPathH5(path)
     3: .getOptionsH5(path)
     4: rhdf5::H5Fopen(path)
    
     ── 9. Error: h5 : processing Out_addDownwardMargin (@test-h5_processing.R#139)
     HDF5. File accessibilty. Unable to open file.
     1: setSimulationPath(h5file) at testthat/test-h5_processing.R:139
     2: setSimulationPathH5(path)
     3: .getOptionsH5(path)
     4: rhdf5::H5Fopen(path)
    
     ── 10. Error: h5 : processing Out_addUpwardMargin (@test-h5_processing.R#152) ─
     HDF5. File accessibilty. Unable to open file.
     1: setSimulationPath(h5file) at testthat/test-h5_processing.R:152
     2: setSimulationPathH5(path)
     3: .getOptionsH5(path)
     4: rhdf5::H5Fopen(path)
    
     ── 11. Error: h5 : processing Out_addExportAndImport (@test-h5_processing.R#165)
     HDF5. File accessibilty. Unable to open file.
     1: setSimulationPath(h5file) at testthat/test-h5_processing.R:165
     2: setSimulationPathH5(path)
     3: .getOptionsH5(path)
     4: rhdf5::H5Fopen(path)
    
     ── 12. Error: h5 : processing Out_addLoadFactorLink (@test-h5_processing.R#178)
     HDF5. File accessibilty. Unable to open file.
     1: setSimulationPath(h5file) at testthat/test-h5_processing.R:178
     2: setSimulationPathH5(path)
     3: .getOptionsH5(path)
     4: rhdf5::H5Fopen(path)
    
     ── 13. Error: h5 : processing Out_externalDependency (@test-h5_processing.R#188)
     HDF5. File accessibilty. Unable to open file.
     1: setSimulationPath(h5file) at testthat/test-h5_processing.R:188
     2: setSimulationPathH5(path)
     3: .getOptionsH5(path)
     4: rhdf5::H5Fopen(path)
    
     ── 14. Error: h5 : processing Out_loadFactor (@test-h5_processing.R#208) ──────
     HDF5. File accessibilty. Unable to open file.
     1: setSimulationPath(h5file) at testthat/test-h5_processing.R:208
     2: setSimulationPathH5(path)
     3: .getOptionsH5(path)
     4: rhdf5::H5Fopen(path)
    
     ── 15. Error: h5 : processing Out_modulation (@test-h5_processing.R#220) ──────
     HDF5. File accessibilty. Unable to open file.
     1: setSimulationPath(h5file) at testthat/test-h5_processing.R:220
     2: setSimulationPathH5(path)
     3: .getOptionsH5(path)
     4: rhdf5::H5Fopen(path)
    
     ── 16. Error: h5 : processing netLoadRamp (@test-h5_processing.R#233) ─────────
     HDF5. File accessibilty. Unable to open file.
     1: setSimulationPath(h5file) at testthat/test-h5_processing.R:233
     2: setSimulationPathH5(path)
     3: .getOptionsH5(path)
     4: rhdf5::H5Fopen(path)
    
     ── 17. Error: h5 : processing surplus (@test-h5_processing.R#250) ─────────────
     HDF5. File accessibilty. Unable to open file.
     1: setSimulationPath(h5file) at testthat/test-h5_processing.R:250
     2: setSimulationPathH5(path)
     3: .getOptionsH5(path)
     4: rhdf5::H5Fopen(path)
    
     ── 18. Error: h5 : Out_surplusClusters (@test-h5_processing.R#273) ────────────
     HDF5. File accessibilty. Unable to open file.
     1: setSimulationPath(h5file) at testthat/test-h5_processing.R:273
     2: setSimulationPathH5(path)
     3: .getOptionsH5(path)
     4: rhdf5::H5Fopen(path)
    
     ── 19. Error: No h5 opts (@test-h5_processing.R#289) ──────────────────────────
     HDF5. File accessibilty. Unable to open file.
     1: setSimulationPath(h5file) at testthat/test-h5_processing.R:289
     2: setSimulationPathH5(path)
     3: .getOptionsH5(path)
     4: rhdf5::H5Fopen(path)
    
     ── 20. Error: Write boolean (@test-h5_processing.R#298) ───────────────────────
     HDF5. File accessibilty. Unable to open file.
     1: setSimulationPath(h5file) at testthat/test-h5_processing.R:298
     2: setSimulationPathH5(path)
     3: .getOptionsH5(path)
     4: rhdf5::H5Fopen(path)
    
     ── 21. Error: Write character (@test-h5_processing.R#305) ─────────────────────
     HDF5. File accessibilty. Unable to open file.
     1: setSimulationPath(h5file) at testthat/test-h5_processing.R:305
     2: setSimulationPathH5(path)
     3: .getOptionsH5(path)
     4: rhdf5::H5Fopen(path)
    
     ══ testthat results ═══════════════════════════════════════════════════════════
     OK: 205 SKIPPED: 0 FAILED: 21
     1. Error: h5 : processing, write results (@test-h5_processing.R#15)
     2. Error: h5 : processing, write results mcAll (@test-h5_processing.R#40)
     3. Error: h5 : all data (@test-h5_processing.R#64)
     4. Error: h5 : processing calc by user (@test-h5_processing.R#80)
     5. Failure: h5 : processing calc by straitements (@test-h5_processing.R#100)
     6. Failure: h5 : processing calc by straitements (@test-h5_processing.R#103)
     7. Error: h5 : processing calc links clusters discticcts (@test-h5_processing.R#110)
     8. Error: h5 : processing Out_addNetLoad (@test-h5_processing.R#128)
     9. Error: h5 : processing Out_addDownwardMargin (@test-h5_processing.R#139)
     1. ...
    
     Error: testthat unit tests failed
     Execution halted
Flavor: r-release-linux-x86_64