CRAN Package Check Results for Package antaresRead

Last updated on 2019-01-22 07:49:01 CET.

Flavor Version Tinstall Tcheck Ttotal Status Flags
r-devel-linux-x86_64-debian-clang 2.2.1 5.14 294.80 299.94 WARN
r-devel-linux-x86_64-debian-gcc 2.2.2 5.42 371.98 377.40 OK
r-devel-linux-x86_64-fedora-clang 2.2.2 206.90 OK
r-devel-linux-x86_64-fedora-gcc 2.2.2 198.20 OK
r-devel-windows-ix86+x86_64 2.2.2 15.00 222.00 237.00 OK
r-patched-linux-x86_64 2.2.1 7.22 335.20 342.42 OK
r-patched-solaris-x86 2.2.2 208.70 WARN
r-release-linux-x86_64 2.2.2 6.62 314.88 321.50 OK
r-release-windows-ix86+x86_64 2.2.2 9.00 147.00 156.00 OK
r-release-osx-x86_64 2.2.1 WARN
r-oldrel-windows-ix86+x86_64 2.2.1 9.00 153.00 162.00 NOTE
r-oldrel-osx-x86_64 2.2.1 WARN

Check Details

Version: 2.2.1
Check: package dependencies
Result: NOTE
    Package suggested but not available for checking: ‘rhdf5’
Flavor: r-devel-linux-x86_64-debian-clang

Version: 2.2.1
Check: re-building of vignette outputs
Result: WARN
    Error(s) in re-building vignettes:
     ...
    duplicated vignette title:
     ‘Vignette Title’
    
    --- re-building ‘antares.Rmd’ using rmarkdown
    --- finished re-building ‘antares.Rmd’
    
    --- re-building ‘antaresH5.Rmd’ using rmarkdown
    --- finished re-building ‘antaresH5.Rmd’
    
    Error: Duplicate vignette titles.
     Ensure that the %\VignetteIndexEntry lines in the vignette sources
     correspond to the vignette titles.
    Execution halted
Flavor: r-devel-linux-x86_64-debian-clang

Version: 2.2.2
Check: re-building of vignette outputs
Result: WARN
    Error in re-building vignettes:
     ...
    Warning in engine$weave(file, quiet = quiet, encoding = enc) :
     Pandoc (>= 1.12.3) and/or pandoc-citeproc not available. Falling back to R Markdown v1.
    Warning in engine$weave(file, quiet = quiet, encoding = enc) :
     Pandoc (>= 1.12.3) and/or pandoc-citeproc not available. Falling back to R Markdown v1.
    Quitting from lines 38-72 (antaresH5.Rmd)
    Error: processing vignette 'antaresH5.Rmd' failed with diagnostics:
    there is no package called 'webshot'
    Execution halted
Flavor: r-patched-solaris-x86

Version: 2.2.1
Check: re-building of vignette outputs
Result: WARN
    Error in re-building vignettes:
     ...
    Warning in engine$weave(file, quiet = quiet, encoding = enc) :
     Pandoc (>= 1.12.3) and/or pandoc-citeproc not available. Falling back to R Markdown v1.
    Warning in engine$weave(file, quiet = quiet, encoding = enc) :
     Pandoc (>= 1.12.3) and/or pandoc-citeproc not available. Falling back to R Markdown v1.
    Quitting from lines 39-73 (antaresH5.Rmd)
    Error: processing vignette 'antaresH5.Rmd' failed with diagnostics:
    cannot open the connection
    Execution halted
Flavors: r-release-osx-x86_64, r-oldrel-osx-x86_64

Version: 2.2.1
Check: dependencies in R code
Result: NOTE
    Missing or unexported object: 'rhdf5::h5closeAll'
Flavors: r-oldrel-windows-ix86+x86_64, r-oldrel-osx-x86_64