CRAN Package Check Results for Package antaresRead

Last updated on 2018-05-26 21:46:20 CEST.

Flavor Version Tinstall Tcheck Ttotal Status Flags
r-devel-linux-x86_64-debian-clang 2.1.1 6.04 443.58 449.62 OK
r-devel-linux-x86_64-debian-gcc 2.1.1 5.38 212.82 218.20 OK
r-devel-linux-x86_64-fedora-clang 2.1.1 68.65 OK --no-tests
r-devel-linux-x86_64-fedora-gcc 2.1.1 66.50 OK --no-tests
r-devel-windows-ix86+x86_64 2.1.1 10.00 447.00 457.00 ERROR
r-patched-linux-x86_64 2.1.1 6.04 262.07 268.11 OK
r-patched-solaris-x86 2.1.1 171.30 WARN
r-release-linux-x86_64 2.1.1 5.90 254.83 260.73 OK
r-release-windows-ix86+x86_64 2.1.1 13.00 513.00 526.00 OK
r-release-osx-x86_64 2.1.1 WARN
r-oldrel-windows-ix86+x86_64 2.1.1 8.00 404.00 412.00 OK
r-oldrel-osx-x86_64 2.1.0 WARN

Check Details

Version: 2.1.1
Check: tests
Result: ERROR
     Running 'testthat.R' [378s]
    Running the tests in 'tests/testthat.R' failed.
    Complete output:
     > #Copyright © 2016 RTE Réseau de transport dâ<c2><80><c2><99>électricité
     >
     > require(testthat)
     Loading required package: testthat
     > require(antaresRead)
     Loading required package: antaresRead
     > require(plyr)
     Loading required package: plyr
     >
     >
     > #Maybe include this in some test-file.R
     > #is.solaris<-function(){
     > # grepl('SunOS',Sys.info()['sysname'])
     > #}
     >
     > #if(!is.solaris()){
     >
     > test_check("antaresRead")
     Error: memory exhausted (limit reached?)
     Error: memory exhausted (limit reached?)
     Error: memory exhausted (limit reached?)
     Error: memory exhausted (limit reached?)
     Error: memory exhausted (limit reached?)
     Error: memory exhausted (limit reached?)
     Execution halted
Flavor: r-devel-windows-ix86+x86_64

Version: 2.1.1
Check: package dependencies
Result: NOTE
    Package suggested but not available for checking: ‘rhdf5’
Flavor: r-patched-solaris-x86

Version: 2.1.1
Check: re-building of vignette outputs
Result: WARN
    Error in re-building vignettes:
     ...
    Warning in engine$weave(file, quiet = quiet, encoding = enc) :
     Pandoc (>= 1.12.3) and/or pandoc-citeproc not available. Falling back to R Markdown v1.
    Warning in engine$weave(file, quiet = quiet, encoding = enc) :
     Pandoc (>= 1.12.3) and/or pandoc-citeproc not available. Falling back to R Markdown v1.
    Quitting from lines 39-73 (antaresH5.Rmd)
    Error: processing vignette 'antaresH5.Rmd' failed with diagnostics:
    there is no package called 'webshot'
    Execution halted
Flavor: r-patched-solaris-x86

Version: 2.1.1
Check: re-building of vignette outputs
Result: WARN
    Error in re-building vignettes:
     ...
    Warning in engine$weave(file, quiet = quiet, encoding = enc) :
     Pandoc (>= 1.12.3) and/or pandoc-citeproc not available. Falling back to R Markdown v1.
    Warning in engine$weave(file, quiet = quiet, encoding = enc) :
     Pandoc (>= 1.12.3) and/or pandoc-citeproc not available. Falling back to R Markdown v1.
    Quitting from lines 39-73 (antaresH5.Rmd)
    Error: processing vignette 'antaresH5.Rmd' failed with diagnostics:
    cannot open the connection
    Execution halted
Flavor: r-release-osx-x86_64

Version: 2.1.0
Check: package dependencies
Result: NOTE
    Package suggested but not available for checking: ‘rhdf5’
Flavor: r-oldrel-osx-x86_64

Version: 2.1.0
Check: re-building of vignette outputs
Result: WARN
    Error in re-building vignettes:
     ...
    Warning in engine$weave(file, quiet = quiet, encoding = enc) :
     Pandoc (>= 1.12.3) and/or pandoc-citeproc not available. Falling back to R Markdown v1.
    Warning in engine$weave(file, quiet = quiet, encoding = enc) :
     Pandoc (>= 1.12.3) and/or pandoc-citeproc not available. Falling back to R Markdown v1.
    Quitting from lines 39-73 (antaresH5.Rmd)
    Error: processing vignette 'antaresH5.Rmd' failed with diagnostics:
    cannot open the connection
    Execution halted
Flavor: r-oldrel-osx-x86_64