CRAN Package Check Results for Package antaresRead

Last updated on 2018-08-17 00:49:37 CEST.

Flavor Version Tinstall Tcheck Ttotal Status Flags
r-devel-linux-x86_64-debian-clang 2.1.2 6.99 365.66 372.65 OK
r-devel-linux-x86_64-debian-gcc 2.1.2 5.11 166.07 171.18 OK
r-devel-linux-x86_64-fedora-clang 2.1.2 297.74 OK
r-devel-linux-x86_64-fedora-gcc 2.1.2 224.28 OK
r-devel-windows-ix86+x86_64 2.1.2 15.00 378.00 393.00 OK
r-patched-linux-x86_64 2.1.2 5.65 200.87 206.52 OK
r-patched-solaris-x86 2.1.2 168.60 WARN
r-release-linux-x86_64 2.1.2 4.98 195.50 200.48 OK
r-release-windows-ix86+x86_64 2.1.2 15.00 360.00 375.00 OK
r-release-osx-x86_64 2.1.2 WARN
r-oldrel-windows-ix86+x86_64 2.1.2 10.00 325.00 335.00 OK
r-oldrel-osx-x86_64 2.1.2 WARN

Check Details

Version: 2.1.2
Check: package dependencies
Result: NOTE
    Package suggested but not available for checking: ‘rhdf5’
Flavor: r-patched-solaris-x86

Version: 2.1.2
Check: re-building of vignette outputs
Result: WARN
    Error in re-building vignettes:
     ...
    Warning in engine$weave(file, quiet = quiet, encoding = enc) :
     Pandoc (>= 1.12.3) and/or pandoc-citeproc not available. Falling back to R Markdown v1.
    Warning in engine$weave(file, quiet = quiet, encoding = enc) :
     Pandoc (>= 1.12.3) and/or pandoc-citeproc not available. Falling back to R Markdown v1.
    Quitting from lines 39-73 (antaresH5.Rmd)
    Error: processing vignette 'antaresH5.Rmd' failed with diagnostics:
    there is no package called 'webshot'
    Execution halted
Flavor: r-patched-solaris-x86

Version: 2.1.2
Check: re-building of vignette outputs
Result: WARN
    Error in re-building vignettes:
     ...
    Warning in engine$weave(file, quiet = quiet, encoding = enc) :
     Pandoc (>= 1.12.3) and/or pandoc-citeproc not available. Falling back to R Markdown v1.
    Warning in engine$weave(file, quiet = quiet, encoding = enc) :
     Pandoc (>= 1.12.3) and/or pandoc-citeproc not available. Falling back to R Markdown v1.
    Quitting from lines 39-73 (antaresH5.Rmd)
    Error: processing vignette 'antaresH5.Rmd' failed with diagnostics:
    cannot open the connection
    Execution halted
Flavors: r-release-osx-x86_64, r-oldrel-osx-x86_64