CRAN Package Check Results for Package antaresRead

Last updated on 2018-10-16 10:50:57 CEST.

Flavor Version Tinstall Tcheck Ttotal Status Flags
r-devel-linux-x86_64-debian-clang 2.2.0 6.17 187.89 194.06 NOTE
r-devel-linux-x86_64-debian-gcc 2.2.0 4.94 94.97 99.91 OK
r-devel-linux-x86_64-fedora-clang 2.2.0 167.01 OK
r-devel-linux-x86_64-fedora-gcc 2.2.0 140.52 OK
r-devel-windows-ix86+x86_64 2.2.0 15.00 207.00 222.00 OK
r-patched-linux-x86_64 2.2.0 4.45 114.02 118.47 OK
r-patched-solaris-x86 2.2.0 190.10 WARN
r-release-linux-x86_64 2.2.0 7.00 112.26 119.26 OK
r-release-windows-ix86+x86_64 2.2.0 15.00 204.00 219.00 OK
r-release-osx-x86_64 2.2.0 WARN
r-oldrel-windows-ix86+x86_64 2.2.0 9.00 203.00 212.00 NOTE
r-oldrel-osx-x86_64 2.2.0 WARN

Check Details

Version: 2.2.0
Check: package dependencies
Result: NOTE
    Package suggested but not available for checking: ‘rhdf5’
Flavors: r-devel-linux-x86_64-debian-clang, r-patched-solaris-x86

Version: 2.2.0
Check: re-building of vignette outputs
Result: WARN
    Error in re-building vignettes:
     ...
    Warning in engine$weave(file, quiet = quiet, encoding = enc) :
     Pandoc (>= 1.12.3) and/or pandoc-citeproc not available. Falling back to R Markdown v1.
    Warning in engine$weave(file, quiet = quiet, encoding = enc) :
     Pandoc (>= 1.12.3) and/or pandoc-citeproc not available. Falling back to R Markdown v1.
    Quitting from lines 39-73 (antaresH5.Rmd)
    Error: processing vignette 'antaresH5.Rmd' failed with diagnostics:
    there is no package called 'webshot'
    Execution halted
Flavor: r-patched-solaris-x86

Version: 2.2.0
Check: re-building of vignette outputs
Result: WARN
    Error in re-building vignettes:
     ...
    Warning in engine$weave(file, quiet = quiet, encoding = enc) :
     Pandoc (>= 1.12.3) and/or pandoc-citeproc not available. Falling back to R Markdown v1.
    Warning in engine$weave(file, quiet = quiet, encoding = enc) :
     Pandoc (>= 1.12.3) and/or pandoc-citeproc not available. Falling back to R Markdown v1.
    Quitting from lines 39-73 (antaresH5.Rmd)
    Error: processing vignette 'antaresH5.Rmd' failed with diagnostics:
    cannot open the connection
    Execution halted
Flavors: r-release-osx-x86_64, r-oldrel-osx-x86_64

Version: 2.2.0
Check: dependencies in R code
Result: NOTE
    Missing or unexported object: 'rhdf5::h5closeAll'
Flavors: r-oldrel-windows-ix86+x86_64, r-oldrel-osx-x86_64