CRAN Package Check Results for Package antaresRead

Last updated on 2018-02-18 03:46:43 CET.

Flavor Version Tinstall Tcheck Ttotal Status Flags
r-devel-linux-x86_64-debian-clang 2.0.2 5.53 453.07 458.60 OK
r-devel-linux-x86_64-debian-gcc 2.0.2 4.27 200.33 204.60 OK
r-devel-linux-x86_64-fedora-clang 2.0.2 134.89 ERROR
r-devel-linux-x86_64-fedora-gcc 2.0.2 116.76 ERROR
r-devel-windows-ix86+x86_64 2.0.2 10.00 376.00 386.00 OK
r-patched-linux-x86_64 2.0.2 2.69 282.76 285.45 OK
r-patched-solaris-x86 2.0.2 77.90 WARN
r-release-linux-x86_64 2.0.2 2.22 275.49 277.71 OK
r-release-windows-ix86+x86_64 2.0.2 7.00 500.00 507.00 OK
r-release-osx-x86_64 2.0.2 ERROR
r-oldrel-windows-ix86+x86_64 2.0.2 5.00 470.00 475.00 OK
r-oldrel-osx-x86_64 2.0.2 WARN

Check Details

Version: 2.0.2
Check: package dependencies
Result: NOTE
    Package suggested but not available for checking: ‘rhdf5’
Flavors: r-devel-linux-x86_64-fedora-clang, r-devel-linux-x86_64-fedora-gcc, r-release-osx-x86_64

Version: 2.0.2
Check: tests
Result: ERROR
     Running ‘testthat.R’ [74s/67s]
    Running the tests in ‘tests/testthat.R’ failed.
    Complete output:
     > #Copyright © 2016 RTE Réseau de transport d’électricité
     >
     > require(testthat)
     Loading required package: testthat
     > require(antaresRead)
     Loading required package: antaresRead
     > require(plyr)
     Loading required package: plyr
     >
     >
     >
     > is.solaris<-function()grepl('SunOS',Sys.info()['sysname'])
     >
     > if(!is.solaris()){
     + test_check("antaresRead")
     + }
     OMP: Warning #96: Cannot form a team with 9 threads, using 2 instead.
     OMP: Hint Consider unsetting KMP_DEVICE_THREAD_LIMIT (KMP_ALL_THREADS), KMP_TEAMS_THREAD_LIMIT, and OMP_THREAD_LIMIT (if any are set).
     Failed with error: 'there is no package called 'rhdf5''
     Failed with error: 'there is no package called 'rhdf5''
     Failed with error: 'there is no package called 'rhdf5''
     Failed with error: 'there is no package called 'rhdf5''
     Failed with error: 'there is no package called 'rhdf5''
     Failed with error: 'there is no package called 'rhdf5''
     ── 1. Error: (unknown) (@test-viewAntares.R#39) ───────────────────────────────
     object 'tpDir' not found
     1: unlink(tpDir, recursive = TRUE) at testthat/test-viewAntares.R:39
    
     ══ testthat results ═══════════════════════════════════════════════════════════
     OK: 660 SKIPPED: 2 FAILED: 1
     1. Error: (unknown) (@test-viewAntares.R#39)
    
     Error: testthat unit tests failed
     Execution halted
Flavor: r-devel-linux-x86_64-fedora-clang

Version: 2.0.2
Check: tests
Result: ERROR
     Running ‘testthat.R’ [57s/66s]
    Running the tests in ‘tests/testthat.R’ failed.
    Complete output:
     > #Copyright © 2016 RTE Réseau de transport d’électricité
     >
     > require(testthat)
     Loading required package: testthat
     > require(antaresRead)
     Loading required package: antaresRead
     > require(plyr)
     Loading required package: plyr
     >
     >
     >
     > is.solaris<-function()grepl('SunOS',Sys.info()['sysname'])
     >
     > if(!is.solaris()){
     + test_check("antaresRead")
     + }
     Failed with error: 'there is no package called 'rhdf5''
     Failed with error: 'there is no package called 'rhdf5''
     Failed with error: 'there is no package called 'rhdf5''
     Failed with error: 'there is no package called 'rhdf5''
     Failed with error: 'there is no package called 'rhdf5''
     Failed with error: 'there is no package called 'rhdf5''
     ── 1. Error: (unknown) (@test-viewAntares.R#39) ───────────────────────────────
     object 'tpDir' not found
     1: unlink(tpDir, recursive = TRUE) at testthat/test-viewAntares.R:39
    
     ══ testthat results ═══════════════════════════════════════════════════════════
     OK: 660 SKIPPED: 2 FAILED: 1
     1. Error: (unknown) (@test-viewAntares.R#39)
    
     Error: testthat unit tests failed
     Execution halted
Flavor: r-devel-linux-x86_64-fedora-gcc

Version: 2.0.2
Check: re-building of vignette outputs
Result: WARN
    Error in re-building vignettes:
     ...
    Warning in engine$weave(file, quiet = quiet, encoding = enc) :
     Pandoc (>= 1.12.3) and/or pandoc-citeproc not available. Falling back to R Markdown v1.
    Warning in engine$weave(file, quiet = quiet, encoding = enc) :
     Pandoc (>= 1.12.3) and/or pandoc-citeproc not available. Falling back to R Markdown v1.
    Quitting from lines 39-73 (antaresH5.Rmd)
    Error: processing vignette 'antaresH5.Rmd' failed with diagnostics:
    cannot open the connection
    Execution halted
Flavors: r-patched-solaris-x86, r-release-osx-x86_64, r-oldrel-osx-x86_64

Version: 2.0.2
Check: tests
Result: ERROR
     Running ‘testthat.R’ [130s/39s]
    Running the tests in ‘tests/testthat.R’ failed.
    Last 13 lines of output:
     Failed with error: 'there is no package called 'rhdf5''
     Failed with error: 'there is no package called 'rhdf5''
     Failed with error: 'there is no package called 'rhdf5''
     Failed with error: 'there is no package called 'rhdf5''
     Failed with error: 'there is no package called 'rhdf5''
     ── 1. Error: (unknown) (@test-viewAntares.R#39) ───────────────────────────────
     object 'tpDir' not found
     1: unlink(tpDir, recursive = TRUE) at testthat/test-viewAntares.R:39
    
     ══ testthat results ═══════════════════════════════════════════════════════════
     OK: 660 SKIPPED: 2 FAILED: 1
     1. Error: (unknown) (@test-viewAntares.R#39)
    
     Error: testthat unit tests failed
     Execution halted
Flavor: r-release-osx-x86_64