CRAN Package Check Results for Package antaresViz

Last updated on 2018-02-23 12:47:06 CET.

Flavor Version Tinstall Tcheck Ttotal Status Flags
r-release-osx-x86_64 0.12.0 ERROR
r-oldrel-osx-x86_64 0.12.0 OK

Check Details

Version: 0.12.0
Check: package dependencies
Result: ERROR
    Packages required and available but unsuitable versions:
     ‘antaresRead’ ‘antaresProcessing’
    
    Package suggested but not available for checking: ‘rhdf5’
    
    See section ‘The DESCRIPTION file’ in the ‘Writing R Extensions’
    manual.
Flavor: r-release-osx-x86_64