CRAN Package Check Results for Package antaresViz

Last updated on 2018-08-21 12:50:18 CEST.

Flavor Version Tinstall Tcheck Ttotal Status Flags
r-devel-linux-x86_64-debian-clang 0.14.0 14.95 188.39 203.34 OK
r-devel-linux-x86_64-debian-gcc 0.14.0 13.34 146.63 159.97 OK
r-devel-linux-x86_64-fedora-clang 0.14.0 235.79 OK
r-devel-linux-x86_64-fedora-gcc 0.14.0 229.57 OK
r-devel-windows-ix86+x86_64 0.14.0 47.00 206.00 253.00 OK
r-patched-linux-x86_64 0.14.0 14.08 155.39 169.47 OK
r-patched-solaris-x86 0.14.0 308.10 NOTE
r-release-linux-x86_64 0.14.0 15.72 156.59 172.31 OK
r-release-windows-ix86+x86_64 0.14.0 43.00 273.00 316.00 OK
r-release-osx-x86_64 0.14.0 OK
r-oldrel-windows-ix86+x86_64 0.14.0 23.00 237.00 260.00 OK
r-oldrel-osx-x86_64 0.14.0 OK

Check Details

Version: 0.14.0
Check: package dependencies
Result: NOTE
    Package suggested but not available for checking: ‘rhdf5’
Flavor: r-patched-solaris-x86