CRAN Package Check Results for Package antitrust

Last updated on 2021-05-08 03:53:19 CEST.

Flavor Version Tinstall Tcheck Ttotal Status Flags
r-devel-linux-x86_64-debian-clang 0.99.25 13.04 81.39 94.43 OK
r-devel-linux-x86_64-debian-gcc 0.99.25 10.50 60.84 71.34 OK
r-devel-linux-x86_64-fedora-clang 0.99.25 128.68 OK
r-devel-linux-x86_64-fedora-gcc 0.99.25 111.52 OK
r-devel-windows-ix86+x86_64 0.99.14 18.00 104.00 122.00 OK
r-devel-windows-x86_64-gcc10-UCRT 0.99.25 OK
r-patched-linux-x86_64 0.99.14 12.15 78.25 90.40 OK
r-patched-solaris-x86 0.99.14 132.70 NOTE
r-release-linux-x86_64 0.99.14 11.52 75.91 87.43 OK
r-release-macos-x86_64 0.99.14 NOTE
r-release-windows-ix86+x86_64 0.99.25 16.00 79.00 95.00 OK
r-oldrel-macos-x86_64 0.99.25 OK
r-oldrel-windows-ix86+x86_64 0.99.14 19.00 100.00 119.00 OK

Check Details

Version: 0.99.14
Check: dependencies in R code
Result: NOTE
    Namespaces in Imports field not imported from:
     ‘MASS’ ‘evd’
     All declared Imports should be used.
Flavors: r-patched-solaris-x86, r-release-macos-x86_64