CRAN Package Check Results for Package antitrust

Last updated on 2025-01-24 02:48:19 CET.

Flavor Version Tinstall Tcheck Ttotal Status Flags
r-devel-linux-x86_64-debian-clang 0.99.26 11.02 74.16 85.18 NOTE
r-devel-linux-x86_64-debian-gcc 0.99.26 8.57 49.48 58.05 NOTE
r-devel-linux-x86_64-fedora-clang 0.99.26 147.59 NOTE
r-devel-linux-x86_64-fedora-gcc 0.99.26 140.64 NOTE
r-devel-windows-x86_64 0.99.26 12.00 90.00 102.00 NOTE
r-patched-linux-x86_64 0.99.26 11.06 68.95 80.01 NOTE
r-release-linux-x86_64 0.99.26 9.62 69.26 78.88 NOTE
r-release-macos-arm64 0.99.26 44.00 NOTE
r-release-macos-x86_64 0.99.26 77.00 NOTE
r-release-windows-x86_64 0.99.26 13.00 91.00 104.00 NOTE
r-oldrel-macos-arm64 0.99.26 45.00 OK
r-oldrel-macos-x86_64 0.99.26 72.00 NOTE
r-oldrel-windows-x86_64 0.99.26 13.00 106.00 119.00 OK

Check Details

Version: 0.99.26
Check: Rd files
Result: NOTE checkRd: (-1) PS-methods.Rd:61: Lost braces in \itemize; \value handles \item{}{} directly checkRd: (-1) PS-methods.Rd:62: Lost braces in \itemize; \value handles \item{}{} directly checkRd: (-1) PS-methods.Rd:63: Lost braces in \itemize; \value handles \item{}{} directly checkRd: (-1) PS-methods.Rd:64: Lost braces in \itemize; \value handles \item{}{} directly checkRd: (-1) PS-methods.Rd:65-67: Lost braces in \itemize; \value handles \item{}{} directly checkRd: (-1) Sim-Functions.Rd:126: Lost braces in \itemize; meant \describe ? checkRd: (-1) Sim-Functions.Rd:127-129: Lost braces in \itemize; meant \describe ? checkRd: (-1) Sim-Functions.Rd:135: Lost braces in \itemize; meant \describe ? checkRd: (-1) Sim-Functions.Rd:136-137: Lost braces in \itemize; meant \describe ? checkRd: (-1) Sim-Functions.Rd:138-140: Lost braces in \itemize; meant \describe ? checkRd: (-1) Sim-Functions.Rd:141-143: Lost braces in \itemize; meant \describe ? Flavors: r-devel-linux-x86_64-debian-clang, r-devel-linux-x86_64-debian-gcc, r-devel-linux-x86_64-fedora-clang, r-devel-linux-x86_64-fedora-gcc, r-devel-windows-x86_64, r-patched-linux-x86_64, r-release-linux-x86_64, r-release-macos-arm64, r-release-macos-x86_64, r-release-windows-x86_64

Version: 0.99.26
Check: package dependencies
Result: NOTE Package suggested but not available for checking: ‘competitiontoolbox’ Flavor: r-oldrel-macos-x86_64

Version: 0.99.26
Check: Rd cross-references
Result: NOTE Package unavailable to check Rd xrefs: ‘competitiontoolbox’ Flavor: r-oldrel-macos-x86_64