CRAN Package Check Results for Package anytime

Last updated on 2019-05-27 09:50:06 CEST.

Flavor Version Tinstall Tcheck Ttotal Status Flags
r-devel-linux-x86_64-debian-clang 0.3.3 29.24 44.18 73.42 OK
r-devel-linux-x86_64-debian-gcc 0.3.3 22.98 36.86 59.84 OK
r-devel-linux-x86_64-fedora-clang 0.3.3 98.84 OK
r-devel-linux-x86_64-fedora-gcc 0.3.3 92.66 OK
r-devel-windows-ix86+x86_64 0.3.3 64.00 105.00 169.00 WARN
r-patched-linux-x86_64 0.3.3 OK
r-patched-solaris-x86 0.3.3 103.10 OK
r-release-linux-x86_64 0.3.3 24.48 44.50 68.98 OK
r-release-windows-ix86+x86_64 0.3.3 67.00 152.00 219.00 OK
r-release-osx-x86_64 0.3.3 OK
r-oldrel-windows-ix86+x86_64 0.3.3 76.00 102.00 178.00 OK
r-oldrel-osx-x86_64 0.3.3 OK

Check Details

Version: 0.3.3
Check: whether package can be installed
Result: WARN
    Found the following significant warnings:
     d:/RCompile/CRANpkg/lib/3.7/BH/include/boost/winapi/basic_types.hpp:212:44: warning: ISO C++ 1998 does not support 'long long' [-Wlong-long]
     d:/RCompile/CRANpkg/lib/3.7/BH/include/boost/winapi/basic_types.hpp:213:53: warning: ISO C++ 1998 does not support 'long long' [-Wlong-long]
Flavor: r-devel-windows-ix86+x86_64