CRAN Package Check Results for Package anytime

Last updated on 2019-01-21 17:48:21 CET.

Flavor Version Tinstall Tcheck Ttotal Status Flags
r-devel-linux-x86_64-debian-clang 0.3.3 29.18 44.77 73.95 OK
r-devel-linux-x86_64-debian-gcc 0.3.3 22.34 36.16 58.50 OK
r-devel-linux-x86_64-fedora-clang 0.3.3 97.44 OK
r-devel-linux-x86_64-fedora-gcc 0.3.3 90.51 OK
r-devel-windows-ix86+x86_64 0.3.3 79.00 159.00 238.00 WARN
r-patched-linux-x86_64 0.3.3 30.27 43.10 73.37 OK
r-patched-solaris-x86 0.3.3 95.40 OK
r-release-linux-x86_64 0.3.3 28.68 41.83 70.51 OK
r-release-windows-ix86+x86_64 0.3.3 47.00 152.00 199.00 OK
r-release-osx-x86_64 0.3.3 OK
r-oldrel-windows-ix86+x86_64 0.3.3 79.00 102.00 181.00 OK
r-oldrel-osx-x86_64 0.3.3 OK

Check Details

Version: 0.3.3
Check: whether package can be installed
Result: WARN
    Found the following significant warnings:
     d:/RCompile/CRANpkg/lib/3.6/BH/include/boost/winapi/basic_types.hpp:212:44: warning: ISO C++ 1998 does not support 'long long' [-Wlong-long]
     d:/RCompile/CRANpkg/lib/3.6/BH/include/boost/winapi/basic_types.hpp:213:53: warning: ISO C++ 1998 does not support 'long long' [-Wlong-long]
Flavor: r-devel-windows-ix86+x86_64