CRAN Package Check Results for Package aod

Last updated on 2020-01-21 23:50:45 CET.

Flavor Version Tinstall Tcheck Ttotal Status Flags
r-devel-linux-x86_64-debian-clang 1.3.1 6.91 42.89 49.80 NOTE
r-devel-linux-x86_64-debian-gcc 1.3.1 5.50 33.18 38.68 NOTE
r-devel-linux-x86_64-fedora-clang 1.3.1 58.69 NOTE
r-devel-linux-x86_64-fedora-gcc 1.3.1 58.63 NOTE
r-devel-windows-ix86+x86_64 1.3.1 21.00 78.00 99.00 NOTE
r-devel-windows-ix86+x86_64-gcc8 1.3.1 18.00 62.00 80.00 NOTE
r-patched-linux-x86_64 1.3.1 5.60 38.06 43.66 NOTE
r-patched-solaris-x86 1.3.1 75.90 NOTE
r-release-linux-x86_64 1.3.1 4.78 38.22 43.00 NOTE
r-release-windows-ix86+x86_64 1.3.1 14.00 77.00 91.00 NOTE
r-release-osx-x86_64 1.3.1 NOTE
r-oldrel-windows-ix86+x86_64 1.3.1 7.00 51.00 58.00 NOTE
r-oldrel-osx-x86_64 1.3.1 NOTE

Check Details

Version: 1.3.1
Check: dependencies in R code
Result: NOTE
    'library' or 'require' call to 'boot' in package code.
     Please use :: or requireNamespace() instead.
     See section 'Suggested packages' in the 'Writing R Extensions' manual.
Flavors: r-devel-linux-x86_64-debian-clang, r-devel-linux-x86_64-debian-gcc, r-devel-linux-x86_64-fedora-clang, r-devel-linux-x86_64-fedora-gcc, r-devel-windows-ix86+x86_64, r-devel-windows-ix86+x86_64-gcc8, r-patched-linux-x86_64, r-patched-solaris-x86, r-release-linux-x86_64, r-release-windows-ix86+x86_64, r-release-osx-x86_64, r-oldrel-windows-ix86+x86_64, r-oldrel-osx-x86_64

Version: 1.3.1
Check: R code for possible problems
Result: NOTE
    varbin: no visible global function definition for 'boot'
    Undefined global functions or variables:
     boot
Flavors: r-devel-linux-x86_64-debian-clang, r-devel-linux-x86_64-debian-gcc, r-devel-linux-x86_64-fedora-clang, r-devel-linux-x86_64-fedora-gcc, r-devel-windows-ix86+x86_64, r-devel-windows-ix86+x86_64-gcc8, r-patched-linux-x86_64, r-patched-solaris-x86, r-release-linux-x86_64, r-release-windows-ix86+x86_64, r-release-osx-x86_64, r-oldrel-windows-ix86+x86_64, r-oldrel-osx-x86_64