CRAN Package Check Results for Package aod

Last updated on 2019-08-23 15:46:51 CEST.

Flavor Version Tinstall Tcheck Ttotal Status Flags
r-devel-linux-x86_64-debian-clang 1.3.1 5.20 39.43 44.63 NOTE
r-devel-linux-x86_64-debian-gcc 1.3.1 NOTE
r-devel-linux-x86_64-fedora-clang 1.3.1 55.43 NOTE
r-devel-linux-x86_64-fedora-gcc 1.3.1 53.02 NOTE
r-devel-windows-ix86+x86_64 1.3.1 9.00 72.00 81.00 NOTE
r-patched-linux-x86_64 1.3.1 5.43 38.86 44.29 NOTE
r-patched-solaris-x86 1.3.1 78.10 NOTE
r-release-linux-x86_64 1.3.1 4.86 39.15 44.01 NOTE
r-release-windows-ix86+x86_64 1.3.1 10.00 74.00 84.00 NOTE
r-release-osx-x86_64 1.3.1 NOTE
r-oldrel-windows-ix86+x86_64 1.3.1 17.00 70.00 87.00 NOTE
r-oldrel-osx-x86_64 1.3.1 NOTE

Check Details

Version: 1.3.1
Check: dependencies in R code
Result: NOTE
    'library' or 'require' call to 'boot' in package code.
     Please use :: or requireNamespace() instead.
     See section 'Suggested packages' in the 'Writing R Extensions' manual.
Flavors: r-devel-linux-x86_64-debian-clang, r-devel-linux-x86_64-debian-gcc, r-devel-linux-x86_64-fedora-clang, r-devel-linux-x86_64-fedora-gcc, r-devel-windows-ix86+x86_64, r-patched-linux-x86_64, r-patched-solaris-x86, r-release-linux-x86_64, r-release-windows-ix86+x86_64, r-release-osx-x86_64, r-oldrel-windows-ix86+x86_64, r-oldrel-osx-x86_64

Version: 1.3.1
Check: R code for possible problems
Result: NOTE
    varbin: no visible global function definition for 'boot'
    Undefined global functions or variables:
     boot
Flavors: r-devel-linux-x86_64-debian-clang, r-devel-linux-x86_64-debian-gcc, r-devel-linux-x86_64-fedora-clang, r-devel-linux-x86_64-fedora-gcc, r-devel-windows-ix86+x86_64, r-patched-linux-x86_64, r-patched-solaris-x86, r-release-linux-x86_64, r-release-windows-ix86+x86_64, r-release-osx-x86_64, r-oldrel-windows-ix86+x86_64, r-oldrel-osx-x86_64