CRAN Package Check Results for Package aos

Last updated on 2022-12-01 04:51:45 CET.

Flavor Version Tinstall Tcheck Ttotal Status Flags
r-devel-linux-x86_64-debian-clang 0.1.0 2.16 29.31 31.47 NOTE
r-devel-linux-x86_64-debian-gcc 0.1.0 2.26 22.48 24.74 NOTE
r-devel-linux-x86_64-fedora-clang 0.1.0 49.07 NOTE
r-devel-linux-x86_64-fedora-gcc 0.1.0 47.33 NOTE
r-devel-windows-x86_64 0.1.0 9.00 55.00 64.00 NOTE
r-patched-linux-x86_64 0.1.0 2.66 27.54 30.20 NOTE
r-release-linux-x86_64 0.1.0 2.66 28.09 30.75 NOTE
r-release-macos-arm64 0.1.0 18.00 NOTE
r-release-macos-x86_64 0.1.0 24.00 NOTE
r-release-windows-x86_64 0.1.0 9.00 54.00 63.00 NOTE
r-oldrel-macos-arm64 0.1.0 20.00 NOTE
r-oldrel-macos-x86_64 0.1.0 28.00 NOTE
r-oldrel-windows-ix86+x86_64 0.1.0 7.00 52.00 59.00 NOTE

Check Details

Version: 0.1.0
Check: LazyData
Result: NOTE
     'LazyData' is specified without a 'data' directory
Flavors: r-devel-linux-x86_64-debian-clang, r-devel-linux-x86_64-debian-gcc, r-devel-linux-x86_64-fedora-clang, r-devel-linux-x86_64-fedora-gcc, r-devel-windows-x86_64, r-patched-linux-x86_64, r-release-linux-x86_64, r-release-macos-arm64, r-release-macos-x86_64, r-release-windows-x86_64, r-oldrel-macos-arm64, r-oldrel-macos-x86_64, r-oldrel-windows-ix86+x86_64