CRAN Package Check Results for Package apaTables

Last updated on 2018-11-21 10:50:31 CET.

Flavor Version Tinstall Tcheck Ttotal Status Flags
r-devel-linux-x86_64-debian-clang 2.0.5 5.28 59.15 64.43 OK
r-devel-linux-x86_64-debian-gcc 2.0.5 4.31 45.70 50.01 OK
r-devel-linux-x86_64-fedora-clang 2.0.5 74.04 OK
r-devel-linux-x86_64-fedora-gcc 2.0.5 71.43 OK
r-devel-windows-ix86+x86_64 2.0.5 13.00 102.00 115.00 OK
r-patched-linux-x86_64 2.0.5 5.32 55.60 60.92 OK
r-patched-solaris-x86 2.0.5 105.20 OK
r-release-linux-x86_64 2.0.5 6.01 55.88 61.89 OK
r-release-windows-ix86+x86_64 2.0.5 11.00 77.00 88.00 OK
r-release-osx-x86_64 2.0.5 OK
r-oldrel-windows-ix86+x86_64 2.0.5 7.00 91.00 98.00 OK
r-oldrel-osx-x86_64 2.0.5 ERROR

Check Details

Version: 2.0.5
Check: examples
Result: ERROR
    Running examples in ‘apaTables-Ex.R’ failed
    The error most likely occurred in:
    
    > ### Name: apa.reg.table
    > ### Title: Creates a regresion table in APA style
    > ### Aliases: apa.reg.table
    >
    > ### ** Examples
    >
    > # View top few rows of goggles data set
    > # from Discovering Statistics Using R
    > head(album)
     adverts sales airplay attract
    1 10.256 330 43 10
    2 985.685 120 28 7
    3 1445.563 360 35 7
    4 1188.193 270 33 7
    5 574.513 220 44 5
    6 568.954 170 19 5
    >
    > # Single block example
    > blk1 <- lm(sales ~ adverts + airplay, data=album)
    > apa.reg.table(blk1)
    Error in if (number_predictors > 1) { : argument is of length zero
    Calls: apa.reg.table -> apa_single_block
    Execution halted
Flavor: r-oldrel-osx-x86_64