CRAN Package Check Results for Package apaTables

Last updated on 2018-02-21 22:47:49 CET.

Flavor Version Tinstall Tcheck Ttotal Status Flags
r-devel-linux-x86_64-debian-clang 1.5.1 5.12 48.68 53.80 OK
r-devel-linux-x86_64-debian-gcc 1.5.1 3.46 38.27 41.73 OK
r-devel-linux-x86_64-fedora-clang 1.5.1 64.83 OK
r-devel-linux-x86_64-fedora-gcc 1.5.1 62.72 OK
r-devel-windows-ix86+x86_64 1.5.1 8.00 59.00 67.00 OK
r-patched-linux-x86_64 1.5.1 2.20 54.29 56.49 OK
r-patched-solaris-x86 1.5.1 3.70 ERROR
r-release-linux-x86_64 1.5.1 3.30 54.57 57.87 OK
r-release-windows-ix86+x86_64 1.5.1 14.00 90.00 104.00 OK
r-release-osx-x86_64 1.5.1 OK
r-oldrel-windows-ix86+x86_64 1.5.1 7.00 61.00 68.00 OK
r-oldrel-osx-x86_64 1.5.1 OK

Check Details

Version: 1.5.1
Check: package dependencies
Result: ERROR
    Package required but not available: ‘MBESS’
    
    See section ‘The DESCRIPTION file’ in the ‘Writing R Extensions’
    manual.
Flavor: r-patched-solaris-x86