Last updated on 2022-05-20 01:50:59 CEST.
Flavor | Version | Tinstall | Tcheck | Ttotal | Status | Flags |
---|---|---|---|---|---|---|
r-devel-linux-x86_64-debian-clang | 1.4.9 | 67.35 | 133.40 | 200.75 | NOTE | |
r-devel-linux-x86_64-debian-gcc | 1.4.9 | 54.22 | 99.74 | 153.96 | NOTE | |
r-devel-linux-x86_64-fedora-clang | 1.4.9 | 290.77 | NOTE | |||
r-devel-linux-x86_64-fedora-gcc | 1.4.9 | 250.82 | NOTE | |||
r-devel-windows-x86_64 | 1.4.9 | 120.00 | 194.00 | 314.00 | NOTE | |
r-patched-linux-x86_64 | 1.4.9 | 63.21 | 125.06 | 188.27 | OK | |
r-release-linux-x86_64 | 1.4.9 | 58.75 | 126.56 | 185.31 | OK | |
r-release-macos-arm64 | 1.4.9 | 65.00 | OK | |||
r-release-macos-x86_64 | 1.4.9 | 90.00 | OK | |||
r-release-windows-x86_64 | 1.4.9 | 111.00 | 196.00 | 307.00 | OK | |
r-oldrel-macos-arm64 | 1.4.9 | 75.00 | OK | |||
r-oldrel-macos-x86_64 | 1.4.9 | 91.00 | OK | |||
r-oldrel-windows-ix86+x86_64 | 1.4.9 | 167.00 | 202.00 | 369.00 | OK |
Version: 1.4.9
Check: Rd files
Result: NOTE
checkRd: (7) APResult-class.Rd:92-94: \item in \describe must have non-empty label
checkRd: (7) APResult-class.Rd:95-99: \item in \describe must have non-empty label
checkRd: (7) AggExResult-class.Rd:81-84: \item in \describe must have non-empty label
checkRd: (7) AggExResult-class.Rd:85-89: \item in \describe must have non-empty label
checkRd: (7) ExClust-class.Rd:69-71: \item in \describe must have non-empty label
checkRd: (7) ExClust-class.Rd:72-76: \item in \describe must have non-empty label
Flavors: r-devel-linux-x86_64-debian-clang, r-devel-linux-x86_64-debian-gcc, r-devel-linux-x86_64-fedora-clang, r-devel-linux-x86_64-fedora-gcc, r-devel-windows-x86_64
Version: 1.4.9
Check: HTML version of manual
Result: NOTE
Found the following problems:
APResult-class.Rd:144:1: Warning: trimming empty <dt>
APResult-class.Rd:148:1: Warning: trimming empty <dt>
AggExResult-class.Rd:129:1: Warning: trimming empty <dt>
AggExResult-class.Rd:134:1: Warning: trimming empty <dt>
ExClust-class.Rd:115:1: Warning: trimming empty <dt>
ExClust-class.Rd:119:1: Warning: trimming empty <dt>
Flavors: r-devel-linux-x86_64-debian-clang, r-devel-linux-x86_64-debian-gcc