CRAN Package Check Results for Package apcluster

Last updated on 2018-05-26 21:46:20 CEST.

Flavor Version Tinstall Tcheck Ttotal Status Flags
r-devel-linux-x86_64-debian-clang 1.4.5 41.92 120.18 162.10 OK
r-devel-linux-x86_64-debian-gcc 1.4.5 36.82 97.93 134.75 OK
r-devel-linux-x86_64-fedora-clang 1.4.5 236.97 OK
r-devel-linux-x86_64-fedora-gcc 1.4.5 215.85 OK
r-devel-windows-ix86+x86_64 1.4.5 83.00 240.00 323.00 OK
r-patched-linux-x86_64 1.4.5 51.81 112.08 163.89 OK
r-patched-solaris-x86 1.4.5 215.40 WARN
r-release-linux-x86_64 1.4.5 49.57 112.43 162.00 OK
r-release-windows-ix86+x86_64 1.4.5 120.00 162.00 282.00 OK
r-release-osx-x86_64 1.4.5 WARN
r-oldrel-windows-ix86+x86_64 1.4.5 109.00 162.00 271.00 OK
r-oldrel-osx-x86_64 1.4.5 WARN

Check Details

Version: 1.4.5
Check: package dependencies
Result: NOTE
    Package suggested but not available for checking: ‘kebabs’
Flavors: r-patched-solaris-x86, r-release-osx-x86_64

Version: 1.4.5
Check: re-building of vignette outputs
Result: WARN
    Error in re-building vignettes:
     ...
    
    Attaching package: 'apcluster'
    
    The following object is masked from 'package:stats':
    
     heatmap
    
    Quitting from lines 293-307 (apcluster.Rnw)
    Error: processing vignette 'apcluster.Rnw' failed with diagnostics:
    object 'apres1b' not found
    Execution halted
Flavors: r-patched-solaris-x86, r-release-osx-x86_64, r-oldrel-osx-x86_64

Version: 1.4.5
Check: package dependencies
Result: NOTE
    Packages suggested but not available for checking: ‘Biostrings’ ‘kebabs’
Flavor: r-oldrel-osx-x86_64