CRAN Package Check Results for Package apcluster

Last updated on 2019-02-23 22:55:58 CET.

Flavor Version Tinstall Tcheck Ttotal Status Flags
r-devel-linux-x86_64-debian-clang 1.4.7 54.57 111.12 165.69 OK
r-devel-linux-x86_64-debian-gcc 1.4.7 45.92 85.45 131.37 OK
r-devel-linux-x86_64-fedora-clang 1.4.7 230.97 OK
r-devel-linux-x86_64-fedora-gcc 1.4.7 211.11 OK
r-devel-windows-ix86+x86_64 1.4.7 135.00 152.00 287.00 OK
r-patched-linux-x86_64 1.4.7 51.04 105.15 156.19 OK
r-patched-solaris-x86 1.4.7 218.40 WARN
r-release-linux-x86_64 1.4.7 52.78 104.83 157.61 OK
r-release-windows-ix86+x86_64 1.4.7 135.00 207.00 342.00 OK
r-release-osx-x86_64 1.4.7 WARN
r-oldrel-windows-ix86+x86_64 1.4.7 107.00 170.00 277.00 OK
r-oldrel-osx-x86_64 1.4.7 WARN

Check Details

Version: 1.4.7
Check: package dependencies
Result: NOTE
    Package suggested but not available for checking: ‘kebabs’
Flavors: r-patched-solaris-x86, r-release-osx-x86_64, r-oldrel-osx-x86_64

Version: 1.4.7
Check: re-building of vignette outputs
Result: WARN
    Error in re-building vignettes:
     ...
    
    Attaching package: 'apcluster'
    
    The following object is masked from 'package:stats':
    
     heatmap
    
    Quitting from lines 387-408 (apcluster.Rnw)
    Error: processing vignette 'apcluster.Rnw' failed with diagnostics:
    object 'apres2c' not found
    Execution halted
Flavors: r-patched-solaris-x86, r-release-osx-x86_64, r-oldrel-osx-x86_64