CRAN Package Check Results for Package apcluster

Last updated on 2018-10-24 03:55:11 CEST.

Flavor Version Tinstall Tcheck Ttotal Status Flags
r-devel-linux-x86_64-debian-clang 1.4.7 55.54 121.79 177.33 OK
r-devel-linux-x86_64-debian-gcc 1.4.7 51.32 95.71 147.03 OK
r-devel-linux-x86_64-fedora-clang 1.4.7 233.84 OK
r-devel-linux-x86_64-fedora-gcc 1.4.7 221.08 OK
r-devel-windows-ix86+x86_64 1.4.7 136.00 168.00 304.00 OK
r-patched-linux-x86_64 1.4.7 59.01 104.52 163.53 OK
r-patched-solaris-x86 1.4.7 219.40 WARN
r-release-linux-x86_64 1.4.7 59.81 105.66 165.47 OK
r-release-windows-ix86+x86_64 1.4.7 138.00 144.00 282.00 OK
r-release-osx-x86_64 1.4.7 WARN
r-oldrel-windows-ix86+x86_64 1.4.7 104.00 188.00 292.00 OK
r-oldrel-osx-x86_64 1.4.7 WARN

Check Details

Version: 1.4.7
Check: package dependencies
Result: NOTE
    Package suggested but not available for checking: ‘kebabs’
Flavors: r-patched-solaris-x86, r-release-osx-x86_64, r-oldrel-osx-x86_64

Version: 1.4.7
Check: re-building of vignette outputs
Result: WARN
    Error in re-building vignettes:
     ...
    
    Attaching package: 'apcluster'
    
    The following object is masked from 'package:stats':
    
     heatmap
    
    Quitting from lines 387-408 (apcluster.Rnw)
    Error: processing vignette 'apcluster.Rnw' failed with diagnostics:
    object 'apres2c' not found
    Execution halted
Flavors: r-patched-solaris-x86, r-release-osx-x86_64, r-oldrel-osx-x86_64