CRAN Package Check Results for Package apcluster

Last updated on 2018-08-17 21:47:57 CEST.

Flavor Version Tinstall Tcheck Ttotal Status Flags
r-devel-linux-x86_64-debian-clang 1.4.7 53.15 118.78 171.93 OK
r-devel-linux-x86_64-debian-gcc 1.4.7 49.93 95.35 145.28 OK
r-devel-linux-x86_64-fedora-clang 1.4.7 226.02 OK
r-devel-linux-x86_64-fedora-gcc 1.4.7 223.11 OK
r-devel-windows-ix86+x86_64 1.4.7 145.00 220.00 365.00 OK
r-patched-linux-x86_64 1.4.7 65.76 106.18 171.94 OK
r-patched-solaris-x86 1.4.7 222.40 WARN
r-release-linux-x86_64 1.4.7 61.65 104.49 166.14 OK
r-release-windows-ix86+x86_64 1.4.7 133.00 193.00 326.00 OK
r-release-osx-x86_64 1.4.7 WARN
r-oldrel-windows-ix86+x86_64 1.4.7 106.00 197.00 303.00 OK
r-oldrel-osx-x86_64 1.4.7 WARN

Check Details

Version: 1.4.7
Check: package dependencies
Result: NOTE
    Package suggested but not available for checking: ‘kebabs’
Flavors: r-patched-solaris-x86, r-release-osx-x86_64, r-oldrel-osx-x86_64

Version: 1.4.7
Check: re-building of vignette outputs
Result: WARN
    Error in re-building vignettes:
     ...
    
    Attaching package: 'apcluster'
    
    The following object is masked from 'package:stats':
    
     heatmap
    
    Quitting from lines 387-408 (apcluster.Rnw)
    Error: processing vignette 'apcluster.Rnw' failed with diagnostics:
    object 'apres2c' not found
    Execution halted
Flavors: r-patched-solaris-x86, r-release-osx-x86_64, r-oldrel-osx-x86_64