CRAN Package Check Results for Package ape

Last updated on 2018-08-22 06:46:37 CEST.

Flavor Version Tinstall Tcheck Ttotal Status Flags
r-devel-linux-x86_64-debian-clang 5.1 53.40 151.19 204.59 OK
r-devel-linux-x86_64-debian-gcc 5.1 44.15 118.81 162.96 WARN
r-devel-linux-x86_64-fedora-clang 5.1 249.15 OK
r-devel-linux-x86_64-fedora-gcc 5.1 251.45 WARN
r-devel-windows-ix86+x86_64 5.1 113.00 195.00 308.00 OK
r-patched-linux-x86_64 5.1 50.66 149.40 200.06 WARN
r-patched-solaris-x86 5.1 290.50 OK
r-release-linux-x86_64 5.1 55.74 149.12 204.86 WARN
r-release-windows-ix86+x86_64 5.1 144.00 188.00 332.00 OK
r-release-osx-x86_64 5.1 OK
r-oldrel-windows-ix86+x86_64 5.1 89.00 282.00 371.00 OK
r-oldrel-osx-x86_64 5.1 OK

Check Details

Version: 5.1
Check: whether package can be installed
Result: WARN
    Found the following significant warnings:
     me.c:226:3: warning: ‘strncpy’ specified bound 30 equals destination size [-Wstringop-truncation]
Flavors: r-devel-linux-x86_64-debian-gcc, r-devel-linux-x86_64-fedora-gcc, r-patched-linux-x86_64, r-release-linux-x86_64