CRAN Package Check Results for Package apercu

Last updated on 2019-09-19 13:46:04 CEST.

Flavor Version Tinstall Tcheck Ttotal Status Flags
r-devel-linux-x86_64-debian-clang 0.2.3 1.74 17.67 19.41 OK
r-devel-linux-x86_64-debian-gcc 0.2.3 1.43 14.74 16.17 OK
r-devel-linux-x86_64-fedora-clang 0.2.3 25.47 NOTE
r-devel-linux-x86_64-fedora-gcc 0.2.3 24.75 NOTE
r-devel-windows-ix86+x86_64 0.2.3 8.00 32.00 40.00 OK
r-patched-linux-x86_64 0.2.3 1.47 17.97 19.44 OK
r-patched-solaris-x86 0.2.3 40.40 NOTE
r-release-linux-x86_64 0.2.3 1.52 17.97 19.49 OK
r-release-windows-ix86+x86_64 0.2.3 4.00 33.00 37.00 OK
r-release-osx-x86_64 0.2.3 NOTE
r-oldrel-windows-ix86+x86_64 0.2.3 2.00 30.00 32.00 OK
r-oldrel-osx-x86_64 0.2.3 NOTE

Check Details

Version: 0.2.3
Check: dependencies in R code
Result: NOTE
    Namespace in Imports field not imported from: ‘pls’
     All declared Imports should be used.
Flavors: r-devel-linux-x86_64-fedora-clang, r-devel-linux-x86_64-fedora-gcc, r-patched-solaris-x86, r-release-osx-x86_64, r-oldrel-osx-x86_64