CRAN Package Check Results for Package aplot

Last updated on 2021-05-08 05:56:58 CEST.

Flavor Version Tinstall Tcheck Ttotal Status Flags
r-devel-linux-x86_64-debian-clang 0.0.6 4.37 46.84 51.21 NOTE
r-devel-linux-x86_64-debian-gcc 0.0.6 3.31 35.19 38.50 NOTE
r-devel-linux-x86_64-fedora-clang 0.0.6 75.02 NOTE
r-devel-linux-x86_64-fedora-gcc 0.0.6 61.63 NOTE
r-devel-windows-ix86+x86_64 0.0.6 12.00 63.00 75.00 NOTE
r-devel-windows-x86_64-gcc10-UCRT 0.0.6 NOTE
r-patched-linux-x86_64 0.0.6 3.41 43.64 47.05 NOTE
r-patched-solaris-x86 0.0.6 87.90 OK
r-release-linux-x86_64 0.0.6 3.78 43.80 47.58 OK
r-release-macos-x86_64 0.0.6 ERROR
r-release-windows-ix86+x86_64 0.0.6 10.00 50.00 60.00 OK
r-oldrel-macos-x86_64 0.0.6 ERROR
r-oldrel-windows-ix86+x86_64 0.0.6 10.00 66.00 76.00 OK

Check Details

Version: 0.0.6
Check: LazyData
Result: NOTE
     'LazyData' is specified without a 'data' directory
Flavors: r-devel-linux-x86_64-debian-clang, r-devel-linux-x86_64-debian-gcc, r-devel-linux-x86_64-fedora-clang, r-devel-linux-x86_64-fedora-gcc, r-devel-windows-ix86+x86_64, r-devel-windows-x86_64-gcc10-UCRT, r-patched-linux-x86_64

Version: 0.0.6
Check: package dependencies
Result: NOTE
    Package suggested but not available for checking: ‘ggtree’
Flavor: r-release-macos-x86_64

Version: 0.0.6
Check: examples
Result: ERROR
    Running examples in ‘aplot-Ex.R’ failed
    The error most likely occurred in:
    
    > ### Name: insert_left
    > ### Title: plot-insertion
    > ### Aliases: insert_left insert_right insert_top insert_bottom
    >
    > ### ** Examples
    >
    > library(ggplot2)
    > library(aplot)
    >
    > p <- ggplot(mtcars, aes(mpg, disp)) + geom_point()
    > p2 <- ggplot(mtcars, aes(mpg)) +
    + geom_density(fill='steelblue', alpha=.5) +
    + ggtree::theme_dendrogram()
    Error in loadNamespace(name) : there is no package called ‘ggtree’
    Calls: :: ... loadNamespace -> withRestarts -> withOneRestart -> doWithOneRestart
    Execution halted
Flavor: r-release-macos-x86_64

Version: 0.0.6
Check: examples
Result: ERROR
    Running examples in ‘aplot-Ex.R’ failed
    The error most likely occurred in:
    
    > ### Name: insert_left
    > ### Title: plot-insertion
    > ### Aliases: insert_left insert_right insert_top insert_bottom
    >
    > ### ** Examples
    >
    > library(ggplot2)
    > library(aplot)
    >
    > p <- ggplot(mtcars, aes(mpg, disp)) + geom_point()
    > p2 <- ggplot(mtcars, aes(mpg)) +
    + geom_density(fill='steelblue', alpha=.5) +
    + ggtree::theme_dendrogram()
    Bioconductor version '3.10' is out-of-date; the current release version '3.12'
     is available with R version '4.0'; see https://bioconductor.org/install
    Error: 'theme_dendrogram' is not an exported object from 'namespace:ggtree'
    Execution halted
Flavor: r-oldrel-macos-x86_64