CRAN Package Check Results for Package apollo

Last updated on 2021-01-26 18:50:36 CET.

Flavor Version Tinstall Tcheck Ttotal Status Flags
r-devel-linux-x86_64-debian-clang 0.2.3 67.71 174.41 242.12 NOTE
r-devel-linux-x86_64-debian-gcc 0.2.3 47.28 130.18 177.46 NOTE
r-devel-linux-x86_64-fedora-clang 0.2.3 305.11 OK
r-devel-linux-x86_64-fedora-gcc 0.2.3 305.22 OK
r-devel-windows-ix86+x86_64 0.2.3 142.00 233.00 375.00 OK
r-patched-linux-x86_64 0.2.3 58.40 157.03 215.43 NOTE
r-patched-solaris-x86 0.2.3 345.20 OK
r-release-linux-x86_64 0.2.3 55.69 159.02 214.71 NOTE
r-release-macos-x86_64 0.2.3 OK
r-release-windows-ix86+x86_64 0.2.3 143.00 162.00 305.00 OK
r-oldrel-macos-x86_64 0.2.3 ERROR
r-oldrel-windows-ix86+x86_64 0.1.0 116.00 215.00 331.00 OK

Check Details

Version: 0.2.3
Check: R code for possible problems
Result: NOTE
    Found the following calls to attach():
    File 'apollo/R/apollo_attach.R':
     attach(as.list(apollo_beta))
     attach(database)
     attach(draws)
     attach(randcoeff)
     attach(lcpars)
    See section 'Good practice' in '?attach'.
Flavors: r-devel-linux-x86_64-debian-clang, r-devel-linux-x86_64-debian-gcc, r-patched-linux-x86_64, r-release-linux-x86_64

Version: 0.2.3
Check: whether package can be installed
Result: ERROR
    Installation failed.
Flavor: r-oldrel-macos-x86_64