CRAN Package Check Results for Package apollo

Last updated on 2020-01-21 23:50:45 CET.

Flavor Version Tinstall Tcheck Ttotal Status Flags
r-devel-linux-x86_64-debian-clang 0.0.9 58.26 141.38 199.64 NOTE
r-devel-linux-x86_64-debian-gcc 0.0.9 44.51 110.00 154.51 NOTE
r-devel-linux-x86_64-fedora-clang 0.0.9 272.84 OK
r-devel-linux-x86_64-fedora-gcc 0.0.9 263.00 OK
r-devel-windows-ix86+x86_64 0.0.9 138.00 244.00 382.00 OK
r-devel-windows-ix86+x86_64-gcc8 0.0.9 159.00 248.00 407.00 OK
r-patched-linux-x86_64 0.0.9 48.38 125.46 173.84 NOTE
r-patched-solaris-x86 0.0.9 292.40 OK
r-release-linux-x86_64 0.0.9 45.23 125.17 170.40 NOTE
r-release-windows-ix86+x86_64 0.0.9 104.00 152.00 256.00 OK
r-release-osx-x86_64 0.0.9 OK
r-oldrel-windows-ix86+x86_64 0.0.9 78.00 156.00 234.00 OK
r-oldrel-osx-x86_64 0.0.9 OK

Check Details

Version: 0.0.9
Check: R code for possible problems
Result: NOTE
    Found the following calls to attach():
    File 'apollo/R/apollo_attach.R':
     attach(as.list(apollo_beta))
     attach(database)
     attach(draws)
     attach(randcoeff)
     attach(lcpars)
    See section 'Good practice' in '?attach'.
Flavors: r-devel-linux-x86_64-debian-clang, r-devel-linux-x86_64-debian-gcc, r-patched-linux-x86_64, r-release-linux-x86_64