CRAN Package Check Results for Package apollo

Last updated on 2019-08-23 15:46:51 CEST.

Flavor Version Tinstall Tcheck Ttotal Status Flags
r-devel-linux-x86_64-debian-clang 0.0.7 53.78 134.13 187.91 NOTE
r-devel-linux-x86_64-debian-gcc 0.0.7 NOTE
r-devel-linux-x86_64-fedora-clang 0.0.7 234.46 OK
r-devel-linux-x86_64-fedora-gcc 0.0.7 230.87 OK
r-devel-windows-ix86+x86_64 0.0.7 88.00 256.00 344.00 OK
r-patched-linux-x86_64 0.0.7 51.29 133.33 184.62 NOTE
r-patched-solaris-x86 0.0.7 512.80 OK
r-release-linux-x86_64 0.0.7 47.70 134.65 182.35 NOTE
r-release-windows-ix86+x86_64 0.0.7 134.00 347.00 481.00 OK
r-release-osx-x86_64 0.0.7 OK
r-oldrel-windows-ix86+x86_64 0.0.7 120.00 336.00 456.00 OK
r-oldrel-osx-x86_64 0.0.7 OK

Check Details

Version: 0.0.7
Check: R code for possible problems
Result: NOTE
    Found the following calls to attach():
    File 'apollo/R/apollo_attach.R':
     attach(as.list(apollo_beta))
     attach(database)
     attach(draws)
     attach(randcoeff)
     attach(lcpars)
    See section 'Good practice' in '?attach'.
Flavors: r-devel-linux-x86_64-debian-clang, r-devel-linux-x86_64-debian-gcc, r-patched-linux-x86_64, r-release-linux-x86_64