CRAN Package Check Results for Package apricom

Last updated on 2018-05-23 20:48:11 CEST.

Flavor Version Tinstall Tcheck Ttotal Status Flags
r-devel-linux-x86_64-debian-clang 1.0.0 8.14 89.56 97.70 OK
r-devel-linux-x86_64-debian-gcc 1.0.0 0.25 1.33 1.58 ERROR
r-devel-linux-x86_64-fedora-clang 1.0.0 135.11 OK
r-devel-linux-x86_64-fedora-gcc 1.0.0 132.79 OK
r-devel-windows-ix86+x86_64 1.0.0 16.00 152.00 168.00 OK
r-patched-linux-x86_64 1.0.0 7.26 83.13 90.39 OK
r-patched-solaris-x86 1.0.0 167.00 OK
r-release-linux-x86_64 1.0.0 5.32 81.78 87.10 OK
r-release-windows-ix86+x86_64 1.0.0 22.00 135.00 157.00 OK
r-release-osx-x86_64 1.0.0 OK
r-oldrel-windows-ix86+x86_64 1.0.0 23.00 135.00 158.00 OK
r-oldrel-osx-x86_64 1.0.0 OK

Check Details

Version: 1.0.0
Check: package dependencies
Result: ERROR
    Packages required but not available: ‘rms’ ‘shrink’
    
    See section ‘The DESCRIPTION file’ in the ‘Writing R Extensions’
    manual.
Flavor: r-devel-linux-x86_64-debian-gcc