CRAN Package Check Results for Package apsimr

Last updated on 2018-08-21 12:50:18 CEST.

Flavor Version Tinstall Tcheck Ttotal Status Flags
r-devel-linux-x86_64-debian-clang 1.2 6.62 96.85 103.47 OK
r-devel-linux-x86_64-debian-gcc 1.2 6.34 75.76 82.10 OK
r-devel-linux-x86_64-fedora-clang 1.2 123.42 OK
r-devel-linux-x86_64-fedora-gcc 1.2 121.70 OK
r-devel-windows-ix86+x86_64 1.2 20.00 110.00 130.00 OK
r-patched-linux-x86_64 1.2 5.51 79.22 84.73 OK
r-patched-solaris-x86 1.2 160.10 OK
r-release-linux-x86_64 1.2 6.57 79.15 85.72 OK
r-release-windows-ix86+x86_64 1.2 16.00 133.00 149.00 OK
r-release-osx-x86_64 1.2 OK
r-oldrel-windows-ix86+x86_64 1.2 11.00 113.00 124.00 OK
r-oldrel-osx-x86_64 1.2 WARN

Check Details

Version: 1.2
Check: re-building of vignette outputs
Result: WARN
    Error in re-building vignettes:
     ...
    Warning: running command 'kpsewhich framed.sty' had status 1
    Warning in test_latex_pkg("framed", system.file("misc", "framed.sty", package = "knitr")) :
     unable to find LaTeX package 'framed'; will use a copy from knitr
    Error in texi2dvi(file = file, pdf = TRUE, clean = clean, quiet = quiet, :
     Running 'texi2dvi' on 'apsimr-basics.tex' failed.
    LaTeX errors:
    ! LaTeX Error: File `titlesec.sty' not found.
    
    Type X to quit or <RETURN> to proceed,
    or enter new name. (Default extension: sty)
    
    ! Emergency stop.
    <read *>
    
    l.99 \usepackage
     {titletoc}^^M
    ! ==> Fatal error occurred, no output PDF file produced!
    Calls: buildVignettes -> texi2pdf -> texi2dvi
    Execution halted
Flavor: r-oldrel-osx-x86_64