CRAN Package Check Results for Package apsimx

Last updated on 2024-02-28 07:53:36 CET.

Flavor Version Tinstall Tcheck Ttotal Status Flags
r-devel-linux-x86_64-debian-clang 2.6.2 24.65 224.24 248.89 OK
r-devel-linux-x86_64-debian-gcc 2.6.2 19.60 166.77 186.37 OK
r-devel-linux-x86_64-fedora-clang 2.6.2 299.02 NOTE
r-devel-linux-x86_64-fedora-gcc 2.6.2 315.03 OK
r-devel-windows-x86_64 2.6.2 21.00 198.00 219.00 NOTE
r-patched-linux-x86_64 2.6.2 25.86 218.13 243.99 OK
r-release-linux-x86_64 2.6.2 22.46 218.19 240.65 OK
r-release-macos-arm64 2.6.2 100.00 NOTE
r-release-macos-x86_64 2.6.2 223.00 NOTE
r-release-windows-x86_64 2.6.2 26.00 233.00 259.00 NOTE
r-oldrel-macos-arm64 2.6.2 103.00 NOTE
r-oldrel-windows-x86_64 2.6.2 26.00 218.00 244.00 NOTE

Check Details

Version: 2.6.2
Check: installed package size
Result: NOTE installed size is 6.9Mb sub-directories of 1Mb or more: extdata 5.4Mb Flavors: r-devel-linux-x86_64-fedora-clang, r-devel-windows-x86_64, r-release-macos-arm64, r-release-macos-x86_64, r-release-windows-x86_64, r-oldrel-macos-arm64, r-oldrel-windows-x86_64