CRAN Package Check Results for Package aptg

Last updated on 2018-02-20 15:48:26 CET.

Flavor Version Tinstall Tcheck Ttotal Status Flags
r-devel-linux-x86_64-debian-clang 0.1.0 5.78 62.20 67.98 OK --no-vignettes
r-devel-linux-x86_64-debian-gcc 0.1.0 4.50 49.85 54.35 OK --no-vignettes
r-devel-linux-x86_64-fedora-clang 0.1.0 1873.95 WARN
r-devel-linux-x86_64-fedora-gcc 0.1.0 1872.14 WARN
r-devel-windows-ix86+x86_64 0.1.0 8.00 72.00 80.00 OK --no-vignettes
r-patched-linux-x86_64 0.1.0 5.14 62.17 67.31 OK --no-vignettes
r-patched-solaris-x86 0.1.0 2154.50 WARN
r-release-linux-x86_64 0.1.0 5.07 61.53 66.60 OK --no-vignettes
r-release-windows-ix86+x86_64 0.1.0 20.00 67.00 87.00 OK --no-vignettes
r-release-osx-x86_64 0.1.0 OK
r-oldrel-windows-ix86+x86_64 0.1.0 23.00 87.00 110.00 OK --no-vignettes
r-oldrel-osx-x86_64 0.1.0 OK

Check Details

Version: 0.1.0
Check: re-building of vignette outputs
Result: WARN
    Error in re-building vignettes:
     ...
    
    
    
    
    More than one TSN found for taxon 'Canis lupus'!
    
     Enter rownumber of taxon (other inputs will return 'NA'):
    
    
    
    
    
    More than one TSN found for taxon 'Canis latrans'!
    
     Enter rownumber of taxon (other inputs will return 'NA'):
    
    
    
    
    
    More than one TSN found for taxon 'Acer saccharum'!
    
     Enter rownumber of taxon (other inputs will return 'NA'):
    
    
    
    
    
    More than one TSN found for taxon 'Castor canadensis'!
    
     Enter rownumber of taxon (other inputs will return 'NA'):
    
    
    
    
    
    More than one TSN found for taxon 'Alces alces'!
    
     Enter rownumber of taxon (other inputs will return 'NA'):
    
    
    
    
    
    More than one TSN found for taxon 'Acer rubrum'!
    
     Enter rownumber of taxon (other inputs will return 'NA'):
    
    
    
    
    
    More than one TSN found for taxon 'Vulpes vulpes'!
    
     Enter rownumber of taxon (other inputs will return 'NA'):
    
    
    
    
    
    More than one TSN found for taxon 'Salix babylonica'!
    
     Enter rownumber of taxon (other inputs will return 'NA'):
    
    
    
    
    
    More than one TSN found for taxon 'Odocoileus virginianus'!
    
     Enter rownumber of taxon (other inputs will return 'NA'):
    
    
    
    
    
    More than one TSN found for taxon 'Betula alleghaniensis'!
    
     Enter rownumber of taxon (other inputs will return 'NA'):
    
    
    
    
    
    More than one TSN found for taxon 'Rangifer tarandus'!
    
     Enter rownumber of taxon (other inputs will return 'NA'):
    
    
    
    
    
    More than one TSN found for taxon 'Juniperus occidentalis'!
    
     Enter rownumber of taxon (other inputs will return 'NA'):
    
    
    
    
    
    More than one TSN found for taxon 'Pinus strobus'!
    
     Enter rownumber of taxon (other inputs will return 'NA'):
Flavors: r-devel-linux-x86_64-fedora-clang, r-devel-linux-x86_64-fedora-gcc

Version: 0.1.0
Check: re-building of vignette outputs
Result: WARN
    Error in re-building vignettes:
     ...
    Warning in engine$weave(file, quiet = quiet, encoding = enc) :
     Pandoc (>= 1.12.3) and/or pandoc-citeproc not available. Falling back to R Markdown v1.
    
    
    
    
    More than one TSN found for taxon 'Canis lupus'!
    
     Enter rownumber of taxon (other inputs will return 'NA'):
    
    
    
    
    
    More than one TSN found for taxon 'Canis latrans'!
    
     Enter rownumber of taxon (other inputs will return 'NA'):
    
    
    
    
    
    More than one TSN found for taxon 'Acer saccharum'!
    
     Enter rownumber of taxon (other inputs will return 'NA'):
    
    
    
    
    
    More than one TSN found for taxon 'Castor canadensis'!
    
     Enter rownumber of taxon (other inputs will return 'NA'):
    
    
    
    
    
    More than one TSN found for taxon 'Alces alces'!
    
     Enter rownumber of taxon (other inputs will return 'NA'):
    
    
    
    
    
    More than one TSN found for taxon 'Acer rubrum'!
    
     Enter rownumber of taxon (other inputs will return 'NA'):
    
    
    
    
    
    More than one TSN found for taxon 'Vulpes vulpes'!
    
     Enter rownumber of taxon (other inputs will return 'NA'):
    
    
    
    
    
    More than one TSN found for taxon 'Salix babylonica'!
    
     Enter rownumber of taxon (other inputs will return 'NA'):
    
    
    
    
    
    More than one TSN found for taxon 'Odocoileus virginianus'!
    
     Enter rownumber of taxon (other inputs will return 'NA'):
    
    
    
    
    
    More than one TSN found for taxon 'Betula alleghaniensis'!
    
     Enter rownumber of taxon (other inputs will return 'NA'):
    
    
    
    
    
    More than one TSN found for taxon 'Rangifer tarandus'!
    
     Enter rownumber of taxon (other inputs will return 'NA'):
    
    
    
    
    
    More than one TSN found for taxon 'Juniperus occidentalis'!
    
     Enter rownumber of taxon (other inputs will return 'NA'):
    
    
    
    
    
    More than one TSN found for taxon 'Pinus strobus'!
    
     Enter rownumber of taxon (other inputs will return 'NA'):
Flavor: r-patched-solaris-x86