CRAN Package Check Results for Package aptg

Last updated on 2018-05-26 17:50:04 CEST.

Flavor Version Tinstall Tcheck Ttotal Status Flags
r-devel-linux-x86_64-debian-clang 0.1.0 6.23 72.91 79.14 OK --no-vignettes
r-devel-linux-x86_64-debian-gcc 0.1.0 5.32 59.40 64.72 OK --no-vignettes
r-devel-linux-x86_64-fedora-clang 0.1.0 1898.40 WARN
r-devel-linux-x86_64-fedora-gcc 0.1.0 1894.09 WARN
r-devel-windows-ix86+x86_64 0.1.0 12.00 126.00 138.00 OK --no-vignettes
r-patched-linux-x86_64 0.1.0 4.68 62.15 66.83 OK --no-vignettes
r-patched-solaris-x86 0.1.0 1985.90 WARN
r-release-linux-x86_64 0.1.0 4.79 61.52 66.31 OK --no-vignettes
r-release-windows-ix86+x86_64 0.1.0 17.00 89.00 106.00 OK --no-vignettes
r-release-osx-x86_64 0.1.0 FAIL
r-oldrel-windows-ix86+x86_64 0.1.0 18.00 96.00 114.00 OK --no-vignettes
r-oldrel-osx-x86_64 0.1.0 OK

Check Details

Version: 0.1.0
Check: re-building of vignette outputs
Result: WARN
    Error in re-building vignettes:
     ...
    
    Retrieving data for taxon 'Canis lupus'
    
    
    
    
    
    More than one TSN found for taxon 'Canis lupus'!
    
     Enter rownumber of taxon (other inputs will return 'NA'):
    
    
    Returned 'NA'!
    
    
    No TSN found for species 'Canis lupus'!
    
    
    Retrieving data for taxon 'Canis latrans'
    
    
    
    
    
    More than one TSN found for taxon 'Canis latrans'!
    
     Enter rownumber of taxon (other inputs will return 'NA'):
    
    
    Returned 'NA'!
    
    
    No TSN found for species 'Canis latrans'!
    
    
    Retrieving data for taxon 'Acer saccharum'
    
    
    
    
    
    More than one TSN found for taxon 'Acer saccharum'!
    
     Enter rownumber of taxon (other inputs will return 'NA'):
    
    
    Returned 'NA'!
    
    
    No TSN found for species 'Acer saccharum'!
    
    
    Retrieving data for taxon 'Castor canadensis'
    
    
    
    
    
    More than one TSN found for taxon 'Castor canadensis'!
    
     Enter rownumber of taxon (other inputs will return 'NA'):
    
    
    Returned 'NA'!
    
    
    No TSN found for species 'Castor canadensis'!
    
    
    Retrieving data for taxon 'Alces alces'
    
    
    
    
    
    More than one TSN found for taxon 'Alces alces'!
    
     Enter rownumber of taxon (other inputs will return 'NA'):
    
    
    Returned 'NA'!
    
    
    No TSN found for species 'Alces alces'!
    
    
    Retrieving data for taxon 'Acer rubrum'
    
    
    
    
    
    More than one TSN found for taxon 'Acer rubrum'!
    
     Enter rownumber of taxon (other inputs will return 'NA'):
    
    
    Returned 'NA'!
    
    
    No TSN found for species 'Acer rubrum'!
    
    
    Retrieving data for taxon 'Vulpes vulpes'
    
    
    
    
    
    More than one TSN found for taxon 'Vulpes vulpes'!
    
     Enter rownumber of taxon (other inputs will return 'NA'):
    
    
    Returned 'NA'!
    
    
    No TSN found for species 'Vulpes vulpes'!
    
    
    Retrieving data for taxon 'Salix babylonica'
    
    
    
    
    
    More than one TSN found for taxon 'Salix babylonica'!
    
     Enter rownumber of taxon (other inputs will return 'NA'):
    
    
    Returned 'NA'!
    
    
    No TSN found for species 'Salix babylonica'!
    
    
    Retrieving data for taxon 'Odocoileus virginianus'
    
    
    
    
    
    More than one TSN found for taxon 'Odocoileus virginianus'!
    
     Enter rownumber of taxon (other inputs will return 'NA'):
    
    
    Returned 'NA'!
    
    
    No TSN found for species 'Odocoileus virginianus'!
    
    
    Retrieving data for taxon 'Betula alleghaniensis'
    
    
    
    
    
    More than one TSN found for taxon 'Betula alleghaniensis'!
    
     Enter rownumber of taxon (other inputs will return 'NA'):
    
    
    Returned 'NA'!
    
    
    No TSN found for species 'Betula alleghaniensis'!
    
    
    Retrieving data for taxon 'Rangifer tarandus'
    
    
    
    
    
    More than one TSN found for taxon 'Rangifer tarandus'!
    
     Enter rownumber of taxon (other inputs will return 'NA'):
    
    
    Returned 'NA'!
    
    
    No TSN found for species 'Rangifer tarandus'!
    
    
    Retrieving data for taxon 'Juniperus occidentalis'
    
    
    
    
    
    More than one TSN found for taxon 'Juniperus occidentalis'!
    
     Enter rownumber of taxon (other inputs will return 'NA'):
    
    
    Returned 'NA'!
    
    
    No TSN found for species 'Juniperus occidentalis'!
    
    
    Retrieving data for taxon 'Pinus strobus'
    
    
    
    
    
    More than one TSN found for taxon 'Pinus strobus'!
    
     Enter rownumber of taxon (other inputs will return 'NA'):
    
    
    Returned 'NA'!
    
    
    No TSN found for species 'Pinus strobus'!
Flavors: r-devel-linux-x86_64-fedora-clang, r-devel-linux-x86_64-fedora-gcc

Version: 0.1.0
Check: re-building of vignette outputs
Result: WARN
    Error in re-building vignettes:
     ...
    Warning in engine$weave(file, quiet = quiet, encoding = enc) :
     Pandoc (>= 1.12.3) and/or pandoc-citeproc not available. Falling back to R Markdown v1.
    
    Retrieving data for taxon 'Canis lupus'
    
    
    
    
    
    More than one TSN found for taxon 'Canis lupus'!
    
     Enter rownumber of taxon (other inputs will return 'NA'):
    
    
    Returned 'NA'!
    
    
    No TSN found for species 'Canis lupus'!
    
    
    Retrieving data for taxon 'Canis latrans'
    
    
    
    
    
    More than one TSN found for taxon 'Canis latrans'!
    
     Enter rownumber of taxon (other inputs will return 'NA'):
    
    
    Returned 'NA'!
    
    
    No TSN found for species 'Canis latrans'!
    
    
    Retrieving data for taxon 'Acer saccharum'
    
    
    
    
    
    More than one TSN found for taxon 'Acer saccharum'!
    
     Enter rownumber of taxon (other inputs will return 'NA'):
    
    
    Returned 'NA'!
    
    
    No TSN found for species 'Acer saccharum'!
    
    
    Retrieving data for taxon 'Castor canadensis'
    
    
    
    
    
    More than one TSN found for taxon 'Castor canadensis'!
    
     Enter rownumber of taxon (other inputs will return 'NA'):
    
    
    Returned 'NA'!
    
    
    No TSN found for species 'Castor canadensis'!
    
    
    Retrieving data for taxon 'Alces alces'
    
    
    
    
    
    More than one TSN found for taxon 'Alces alces'!
    
     Enter rownumber of taxon (other inputs will return 'NA'):
    
    
    Returned 'NA'!
    
    
    No TSN found for species 'Alces alces'!
    
    
    Retrieving data for taxon 'Acer rubrum'
    
    
    
    
    
    More than one TSN found for taxon 'Acer rubrum'!
    
     Enter rownumber of taxon (other inputs will return 'NA'):
    
    
    Returned 'NA'!
    
    
    No TSN found for species 'Acer rubrum'!
    
    
    Retrieving data for taxon 'Vulpes vulpes'
    
    
    
    
    
    More than one TSN found for taxon 'Vulpes vulpes'!
    
     Enter rownumber of taxon (other inputs will return 'NA'):
    
    
    Returned 'NA'!
    
    
    No TSN found for species 'Vulpes vulpes'!
    
    
    Retrieving data for taxon 'Salix babylonica'
    
    
    
    
    
    More than one TSN found for taxon 'Salix babylonica'!
    
     Enter rownumber of taxon (other inputs will return 'NA'):
    
    
    Returned 'NA'!
    
    
    No TSN found for species 'Salix babylonica'!
    
    
    Retrieving data for taxon 'Odocoileus virginianus'
    
    
    
    
    
    More than one TSN found for taxon 'Odocoileus virginianus'!
    
     Enter rownumber of taxon (other inputs will return 'NA'):
    
    
    Returned 'NA'!
    
    
    No TSN found for species 'Odocoileus virginianus'!
    
    
    Retrieving data for taxon 'Betula alleghaniensis'
    
    
    
    
    
    More than one TSN found for taxon 'Betula alleghaniensis'!
    
     Enter rownumber of taxon (other inputs will return 'NA'):
    
    
    Returned 'NA'!
    
    
    No TSN found for species 'Betula alleghaniensis'!
    
    
    Retrieving data for taxon 'Rangifer tarandus'
    
    
    
    
    
    More than one TSN found for taxon 'Rangifer tarandus'!
    
     Enter rownumber of taxon (other inputs will return 'NA'):
    
    
    Returned 'NA'!
    
    
    No TSN found for species 'Rangifer tarandus'!
    
    
    Retrieving data for taxon 'Juniperus occidentalis'
    
    
    
    
    
    More than one TSN found for taxon 'Juniperus occidentalis'!
    
     Enter rownumber of taxon (other inputs will return 'NA'):
    
    
    Returned 'NA'!
    
    
    No TSN found for species 'Juniperus occidentalis'!
    
    
    Retrieving data for taxon 'Pinus strobus'
    
    
    
    
    
    More than one TSN found for taxon 'Pinus strobus'!
    
     Enter rownumber of taxon (other inputs will return 'NA'):
    
    
    Returned 'NA'!
    
    
    No TSN found for species 'Pinus strobus'!
Flavor: r-patched-solaris-x86

Version: 0.1.0
Check: re-building of vignette outputs
Result: WARN
    Error in re-building vignettes:
     ...
    
    Returned 'NA'!
    
    
    No TSN found for species 'Juniperus occidentalis'!
    
    
    Retrieving data for taxon 'Pinus strobus'
    
    
    
    
    
    More than one TSN found for taxon 'Pinus strobus'!
    
     Enter rownumber of taxon (other inputs will return 'NA'):
    
    
    Returned 'NA'!
    
    
    No TSN found for species 'Pinus strobus'!
    
    
    Execution halted
Flavor: r-release-osx-x86_64

Version: 0.1.0
Check: PDF version of manual
Result: FAIL
    
Flavor: r-release-osx-x86_64