Last updated on 2019-02-21 01:50:34 CET.
Flavor | Version | Tinstall | Tcheck | Ttotal | Status | Flags |
---|---|---|---|---|---|---|
r-devel-linux-x86_64-debian-clang | 1.17 | 13.64 | 161.54 | 175.18 | OK | |
r-devel-linux-x86_64-debian-gcc | 1.17 | 11.44 | 122.08 | 133.52 | OK | |
r-devel-linux-x86_64-fedora-clang | 1.17 | 216.84 | NOTE | |||
r-devel-linux-x86_64-fedora-gcc | 1.17 | 201.61 | NOTE | |||
r-devel-windows-ix86+x86_64 | 1.17 | 29.00 | 221.00 | 250.00 | OK | |
r-patched-linux-x86_64 | 1.17 | OK | ||||
r-patched-solaris-x86 | 1.17 | 291.30 | NOTE | |||
r-release-linux-x86_64 | 1.17 | OK | ||||
r-release-windows-ix86+x86_64 | 1.17 | 19.00 | 222.00 | 241.00 | OK | |
r-release-osx-x86_64 | 1.17 | NOTE | ||||
r-oldrel-windows-ix86+x86_64 | 1.17 | 16.00 | 174.00 | 190.00 | OK | |
r-oldrel-osx-x86_64 | 1.17 | NOTE |
Version: 1.17
Check: data for non-ASCII characters
Result: NOTE
Note: found 1 marked Latin-1 string
Flavors: r-devel-linux-x86_64-fedora-clang, r-devel-linux-x86_64-fedora-gcc, r-patched-solaris-x86, r-release-osx-x86_64, r-oldrel-osx-x86_64