CRAN Package Check Results for Package aqp

Last updated on 2018-05-23 09:46:50 CEST.

Flavor Version Tinstall Tcheck Ttotal Status Flags
r-devel-linux-x86_64-debian-clang 1.16 11.08 112.48 123.56 OK
r-devel-linux-x86_64-debian-gcc 1.16 0.37 1.31 1.68 ERROR
r-devel-linux-x86_64-fedora-clang 1.16 187.72 OK
r-devel-linux-x86_64-fedora-gcc 1.16 184.15 OK
r-devel-windows-ix86+x86_64 1.16 23.00 199.00 222.00 OK
r-patched-linux-x86_64 1.16 11.00 123.25 134.25 OK
r-patched-solaris-x86 1.16 231.20 OK
r-release-linux-x86_64 1.16 9.79 127.34 137.13 OK
r-release-windows-ix86+x86_64 1.16 27.00 181.00 208.00 OK
r-release-osx-x86_64 1.16 OK
r-oldrel-windows-ix86+x86_64 1.16 20.00 185.00 205.00 OK
r-oldrel-osx-x86_64 1.16 OK

Check Details

Version: 1.16
Check: package dependencies
Result: ERROR
    Package required but not available: ‘Hmisc’
    
    Packages suggested but not available for checking: ‘soilDB’ ‘sharpshootR’
    
    See section ‘The DESCRIPTION file’ in the ‘Writing R Extensions’
    manual.
Flavor: r-devel-linux-x86_64-debian-gcc