CRAN Package Check Results for Package aqp

Last updated on 2021-05-16 09:47:48 CEST.

Flavor Version Tinstall Tcheck Ttotal Status Flags
r-devel-linux-x86_64-debian-clang 1.29 21.00 263.43 284.43 OK
r-devel-linux-x86_64-debian-gcc 1.29 17.92 180.98 198.90 OK
r-devel-linux-x86_64-fedora-clang 1.29 320.14 NOTE
r-devel-linux-x86_64-fedora-gcc 1.29 302.78 NOTE
r-devel-windows-ix86+x86_64 1.29 37.00 286.00 323.00 OK
r-devel-windows-x86_64-gcc10-UCRT 1.29 NOTE
r-patched-linux-x86_64 1.29 25.13 233.87 259.00 OK
r-patched-solaris-x86 1.29 382.40 NOTE
r-release-linux-x86_64 1.29 20.26 230.52 250.78 OK
r-release-macos-x86_64 1.29 NOTE
r-release-windows-ix86+x86_64 1.29 26.00 256.00 282.00 OK
r-oldrel-macos-x86_64 1.29 ERROR
r-oldrel-windows-ix86+x86_64 1.29 23.00 290.00 313.00 ERROR

Check Details

Version: 1.29
Check: data for non-ASCII characters
Result: NOTE
     Note: found 1 marked Latin-1 string
Flavors: r-devel-linux-x86_64-fedora-clang, r-devel-linux-x86_64-fedora-gcc, r-devel-windows-x86_64-gcc10-UCRT, r-patched-solaris-x86, r-release-macos-x86_64, r-oldrel-macos-x86_64

Version: 1.29
Check: package dependencies
Result: NOTE
    Package suggested but not available for checking: ‘Gmedian’
Flavor: r-release-macos-x86_64

Version: 1.29
Check: dependencies in R code
Result: NOTE
    No protocol specified
    No protocol specified
Flavor: r-oldrel-macos-x86_64

Version: 1.29
Check: tests
Result: ERROR
     Running ‘testthat.R’ [55s/37s]
    Running the tests in ‘tests/testthat.R’ failed.
    Last 13 lines of output:
     `base.awc` not equal to c(0.21, 0.18, 0.17).
     1/3 mismatches
     [3] 0.18 - 0.17 == 0.01
     ── Failure (test-awc.R:11:3): basic functionality ──────────────────────────────
     `corrected.awc` not equal to c(0.18, 0.15, 0.14).
     1/3 mismatches
     [3] 0.15 - 0.14 == 0.01
     ── Failure (test-awc.R:15:3): basic functionality ──────────────────────────────
     `corrected.awc2` not equal to c(0.16, 0.15, 0.14).
     1/3 mismatches
     [3] 0.15 - 0.14 == 0.01
    
     [ FAIL 3 | WARN 1 | SKIP 4 | PASS 1089 ]
     Error: Test failures
     Execution halted
Flavor: r-oldrel-macos-x86_64

Version: 1.29
Check: tests
Result: ERROR
     Running 'testthat.R' [59s]
    Running the tests in 'tests/testthat.R' failed.
    Complete output:
     > library(testthat)
     > library(aqp)
     This is aqp 1.29
    
     Attaching package: 'aqp'
    
     The following object is masked from 'package:stats':
    
     filter
    
     >
     > test_check("aqp")
     == Skipped tests ===============================================================
     * On CRAN (4)
     * rgdal cannot be loaded (1)
    
     == Failed tests ================================================================
     -- Failure (test-awc.R:7:3): basic functionality -------------------------------
     `base.awc` not equal to c(0.21, 0.18, 0.17).
     1/3 mismatches
     [3] 0.18 - 0.17 == 0.01
     -- Failure (test-awc.R:11:3): basic functionality ------------------------------
     `corrected.awc` not equal to c(0.18, 0.15, 0.14).
     1/3 mismatches
     [3] 0.15 - 0.14 == 0.01
     -- Failure (test-awc.R:15:3): basic functionality ------------------------------
     `corrected.awc2` not equal to c(0.16, 0.15, 0.14).
     1/3 mismatches
     [3] 0.15 - 0.14 == 0.01
    
     [ FAIL 3 | WARN 0 | SKIP 5 | PASS 1083 ]
     Error: Test failures
     Execution halted
Flavor: r-oldrel-windows-ix86+x86_64