CRAN Package Check Results for Package aqp

Last updated on 2018-08-19 04:46:44 CEST.

Flavor Version Tinstall Tcheck Ttotal Status Flags
r-devel-linux-x86_64-debian-clang 1.16 13.29 144.75 158.04 OK
r-devel-linux-x86_64-debian-gcc 1.16 10.36 116.85 127.21 OK
r-devel-linux-x86_64-fedora-clang 1.16 187.27 OK
r-devel-linux-x86_64-fedora-gcc 1.16 188.26 OK
r-devel-windows-ix86+x86_64 1.16 34.00 203.00 237.00 OK
r-patched-linux-x86_64 1.16 10.91 125.69 136.60 OK
r-patched-solaris-x86 1.16 244.30 OK
r-release-linux-x86_64 1.16 10.00 127.49 137.49 OK
r-release-windows-ix86+x86_64 1.16 28.00 176.00 204.00 WARN
r-release-osx-x86_64 1.16 OK
r-oldrel-windows-ix86+x86_64 1.16 14.00 148.00 162.00 WARN
r-oldrel-osx-x86_64 1.16 OK

Check Details

Version: 1.16
Check: whether package can be installed
Result: WARN
    Found the following significant warnings:
     Warning: S3 methods '[.fun_list', '[.grouped_df', 'all.equal.tbl_df', 'anti_join.data.frame', 'anti_join.tbl_df', 'arrange.data.frame', 'arrange.default', 'arrange.grouped_df', 'arrange.tbl_df', 'arrange_.data.frame', 'arrange_.tbl_df', 'as.data.frame.grouped_df', 'as.data.frame.rowwise_df', 'as.data.frame.tbl_cube', 'as.data.frame.tbl_df', 'as.table.tbl_cube', 'as.tbl.data.frame', 'as.tbl.tbl', 'as.tbl_cube.array', 'as.tbl_cube.data.frame', 'as.tbl_cube.matrix', 'as.tbl_cube.table', 'as_data_frame.grouped_df', 'as_data_frame.tbl_cube', 'auto_copy.tbl_cube', 'auto_copy.tbl_df', 'cbind.grouped_df', 'collapse.data.frame', 'collect.data.frame', 'common_by.NULL', 'common_by.character', 'common_by.default', 'common_by.list', 'compute.data.frame', 'copy_to.DBIConnection', 'copy_to.src_local', 'default_missing.data.frame', 'default_missing.default', 'dim.tbl_cube', 'distinct.data.frame', 'distinct.default', 'distinct.grouped_df', 'distinct.tbl_df', 'distinct_.data.frame', 'distinct_.grouped_df', 'dist [... truncated]
Flavors: r-release-windows-ix86+x86_64, r-oldrel-windows-ix86+x86_64